104.22.56.166 - - [30/Jun/2026:17:52:52 +0000] "GET /items/R471936683/ HTTP/1.1" 301 4154 "-" "meta-externalagent/1.1 (+https://developers.facebook.com/docs/sharing/webmasters/crawler)"
104.22.56.166 - - [30/Jun/2026:17:52:52 +0000] "GET /products/5751646295112 HTTP/1.1" 301 4159 "-" "meta-externalagent/1.1 (+https://developers.facebook.com/docs/sharing/webmasters/crawler)"
104.22.24.101 - - [30/Jun/2026:17:52:54 +0000] "GET /products/4491776390887 HTTP/1.1" 301 4159 "-" "meta-externalagent/1.1 (+https://developers.facebook.com/docs/sharing/webmasters/crawler)"
104.22.1.17 - - [30/Jun/2026:17:52:55 +0000] "GET /products/4713983078245 HTTP/1.1" 301 4159 "-" "meta-externalagent/1.1 (+https://developers.facebook.com/docs/sharing/webmasters/crawler)"
104.22.56.166 - - [30/Jun/2026:17:52:59 +0000] "GET /products/3775492239189 HTTP/1.1" 301 4159 "-" "meta-externalagent/1.1 (+https://developers.facebook.com/docs/sharing/webmasters/crawler)"
104.22.56.206 - - [30/Jun/2026:17:53:00 +0000] "GET /products/3943428812503 HTTP/1.1" 404 99757 "-" "meta-externalagent/1.1 (+https://developers.facebook.com/docs/sharing/webmasters/crawler)"
172.69.70.65 - - [30/Jun/2026:17:53:00 +0000] "GET /products/2241547886059 HTTP/1.1" 301 4159 "-" "meta-externalagent/1.1 (+https://developers.facebook.com/docs/sharing/webmasters/crawler)"
172.71.81.81 - - [30/Jun/2026:17:53:13 +0000] "POST /wp-cron.php?doing_wp_cron=1782841993.6232509613037109375000 HTTP/1.1" 200 4035 "-" "WordPress/7.0; https://www.simottodesign.com"
104.22.56.166 - - [30/Jun/2026:17:53:13 +0000] "GET /products/3060752190793 HTTP/1.1" 301 4159 "-" "meta-externalagent/1.1 (+https://developers.facebook.com/docs/sharing/webmasters/crawler)"
172.71.22.225 - - [30/Jun/2026:17:53:20 +0000] "GET /products/2638753152499 HTTP/1.1" 301 4159 "-" "meta-externalagent/1.1 (+https://developers.facebook.com/docs/sharing/webmasters/crawler)"
104.22.24.101 - - [30/Jun/2026:17:53:23 +0000] "GET /items/R475997418/ HTTP/1.1" 301 4154 "-" "meta-externalagent/1.1 (+https://developers.facebook.com/docs/sharing/webmasters/crawler)"
104.22.56.166 - - [30/Jun/2026:17:53:23 +0000] "GET /products/5467736277792 HTTP/1.1" 301 4159 "-" "meta-externalagent/1.1 (+https://developers.facebook.com/docs/sharing/webmasters/crawler)"
104.22.56.166 - - [30/Jun/2026:17:53:29 +0000] "GET /products/1758660996324 HTTP/1.1" 301 4159 "-" "meta-externalagent/1.1 (+https://developers.facebook.com/docs/sharing/webmasters/crawler)"
104.22.24.211 - - [30/Jun/2026:17:53:35 +0000] "GET /items/R471716448/ HTTP/1.1" 404 99825 "-" "meta-externalagent/1.1 (+https://developers.facebook.com/docs/sharing/webmasters/crawler)"
108.162.238.59 - - [30/Jun/2026:17:53:35 +0000] "GET /products/3213117345818 HTTP/1.1" 301 4159 "-" "meta-externalagent/1.1 (+https://developers.facebook.com/docs/sharing/webmasters/crawler)"
104.23.245.187 - - [30/Jun/2026:17:53:43 +0000] "GET /products/1515540859575 HTTP/1.1" 301 4159 "-" "meta-externalagent/1.1 (+https://developers.facebook.com/docs/sharing/webmasters/crawler)"
104.22.1.17 - - [30/Jun/2026:17:53:46 +0000] "GET /products/2867122201256 HTTP/1.1" 301 4159 "-" "meta-externalagent/1.1 (+https://developers.facebook.com/docs/sharing/webmasters/crawler)"
172.71.30.40 - - [30/Jun/2026:17:53:47 +0000] "GET /products/958631353068 HTTP/1.1" 301 4158 "-" "meta-externalagent/1.1 (+https://developers.facebook.com/docs/sharing/webmasters/crawler)"
104.22.56.166 - - [30/Jun/2026:17:53:52 +0000] "GET /items/R476165634/ HTTP/1.1" 301 4154 "-" "meta-externalagent/1.1 (+https://developers.facebook.com/docs/sharing/webmasters/crawler)"
104.22.56.206 - - [30/Jun/2026:17:53:56 +0000] "GET /products/576942793755 HTTP/1.1" 404 99829 "-" "meta-externalagent/1.1 (+https://developers.facebook.com/docs/sharing/webmasters/crawler)"
104.22.24.101 - - [30/Jun/2026:17:54:00 +0000] "GET /products/612539843555 HTTP/1.1" 301 4158 "-" "meta-externalagent/1.1 (+https://developers.facebook.com/docs/sharing/webmasters/crawler)"
108.162.238.59 - - [30/Jun/2026:17:54:03 +0000] "GET /products/1389366902886 HTTP/1.1" 301 4159 "-" "meta-externalagent/1.1 (+https://developers.facebook.com/docs/sharing/webmasters/crawler)"
104.22.56.166 - - [30/Jun/2026:17:54:07 +0000] "GET /products/240067352164 HTTP/1.1" 301 4158 "-" "meta-externalagent/1.1 (+https://developers.facebook.com/docs/sharing/webmasters/crawler)"
172.71.124.201 - - [30/Jun/2026:17:54:09 +0000] "POST /wp-cron.php?doing_wp_cron=1782842049.2394509315490722656250 HTTP/1.1" 200 4035 "-" "WordPress/7.0; https://www.simottodesign.com"
172.71.30.40 - - [30/Jun/2026:17:54:08 +0000] "GET /items/R472835743/ HTTP/1.1" 301 4154 "-" "meta-externalagent/1.1 (+https://developers.facebook.com/docs/sharing/webmasters/crawler)"
104.23.245.187 - - [30/Jun/2026:17:54:15 +0000] "GET /products/5109807449860 HTTP/1.1" 301 4159 "-" "meta-externalagent/1.1 (+https://developers.facebook.com/docs/sharing/webmasters/crawler)"
172.71.30.40 - - [30/Jun/2026:17:54:18 +0000] "GET /products/3731637403264 HTTP/1.1" 301 4159 "-" "meta-externalagent/1.1 (+https://developers.facebook.com/docs/sharing/webmasters/crawler)"
104.22.24.101 - - [30/Jun/2026:17:54:18 +0000] "GET /products/5365245304111 HTTP/1.1" 301 4159 "-" "meta-externalagent/1.1 (+https://developers.facebook.com/docs/sharing/webmasters/crawler)"
104.22.56.166 - - [30/Jun/2026:17:54:19 +0000] "GET /products/5134654478888 HTTP/1.1" 301 4159 "-" "meta-externalagent/1.1 (+https://developers.facebook.com/docs/sharing/webmasters/crawler)"
104.22.56.166 - - [30/Jun/2026:17:54:22 +0000] "GET /items/R473247364/ HTTP/1.1" 301 4154 "-" "meta-externalagent/1.1 (+https://developers.facebook.com/docs/sharing/webmasters/crawler)"
104.22.1.17 - - [30/Jun/2026:17:54:22 +0000] "GET /products/3348273379273 HTTP/1.1" 301 4159 "-" "meta-externalagent/1.1 (+https://developers.facebook.com/docs/sharing/webmasters/crawler)"
104.23.245.33 - - [30/Jun/2026:17:54:24 +0000] "GET /products/5456622214385 HTTP/1.1" 404 99757 "-" "meta-externalagent/1.1 (+https://developers.facebook.com/docs/sharing/webmasters/crawler)"
172.71.22.225 - - [30/Jun/2026:17:54:28 +0000] "GET /products/4596496190290 HTTP/1.1" 301 4159 "-" "meta-externalagent/1.1 (+https://developers.facebook.com/docs/sharing/webmasters/crawler)"
104.23.245.33 - - [30/Jun/2026:17:54:28 +0000] "GET /products/1747717817983 HTTP/1.1" 404 99830 "-" "meta-externalagent/1.1 (+https://developers.facebook.com/docs/sharing/webmasters/crawler)"
108.162.237.97 - - [30/Jun/2026:17:54:40 +0000] "GET /products/5305804445658 HTTP/1.1" 404 99757 "-" "meta-externalagent/1.1 (+https://developers.facebook.com/docs/sharing/webmasters/crawler)"
104.22.56.166 - - [30/Jun/2026:17:54:43 +0000] "GET /items/R471081461/ HTTP/1.1" 301 4154 "-" "meta-externalagent/1.1 (+https://developers.facebook.com/docs/sharing/webmasters/crawler)"
104.22.1.17 - - [30/Jun/2026:17:54:46 +0000] "GET /products/1864640431684 HTTP/1.1" 301 4159 "-" "meta-externalagent/1.1 (+https://developers.facebook.com/docs/sharing/webmasters/crawler)"
104.22.56.206 - - [30/Jun/2026:17:54:49 +0000] "GET /products/1728393286591 HTTP/1.1" 404 99830 "-" "meta-externalagent/1.1 (+https://developers.facebook.com/docs/sharing/webmasters/crawler)"
104.22.56.166 - - [30/Jun/2026:17:55:04 +0000] "GET /products/2571860420073 HTTP/1.1" 301 4159 "-" "meta-externalagent/1.1 (+https://developers.facebook.com/docs/sharing/webmasters/crawler)"
104.22.56.166 - - [30/Jun/2026:17:55:06 +0000] "GET /items/R471189713/ HTTP/1.1" 301 4154 "-" "meta-externalagent/1.1 (+https://developers.facebook.com/docs/sharing/webmasters/crawler)"
172.69.165.82 - - [30/Jun/2026:17:55:09 +0000] "POST /wp-cron.php?doing_wp_cron=1782842109.7580358982086181640625 HTTP/1.1" 200 4035 "-" "WordPress/7.0; https://www.simottodesign.com"
104.23.245.187 - - [30/Jun/2026:17:55:09 +0000] "GET /products/5186973208917 HTTP/1.1" 301 4159 "-" "meta-externalagent/1.1 (+https://developers.facebook.com/docs/sharing/webmasters/crawler)"
172.71.30.40 - - [30/Jun/2026:17:55:09 +0000] "GET /items/R476842199/ HTTP/1.1" 301 4154 "-" "meta-externalagent/1.1 (+https://developers.facebook.com/docs/sharing/webmasters/crawler)"
104.22.1.17 - - [30/Jun/2026:17:55:09 +0000] "GET /items/R475547004/ HTTP/1.1" 301 4154 "-" "meta-externalagent/1.1 (+https://developers.facebook.com/docs/sharing/webmasters/crawler)"
104.22.56.206 - - [30/Jun/2026:17:55:10 +0000] "GET /products/5560112900407 HTTP/1.1" 404 99757 "-" "meta-externalagent/1.1 (+https://developers.facebook.com/docs/sharing/webmasters/crawler)"
104.23.245.187 - - [30/Jun/2026:17:55:15 +0000] "GET /items/R473452419/ HTTP/1.1" 301 4154 "-" "meta-externalagent/1.1 (+https://developers.facebook.com/docs/sharing/webmasters/crawler)"
104.22.24.101 - - [30/Jun/2026:17:55:20 +0000] "GET /products/2796444219499 HTTP/1.1" 301 4159 "-" "meta-externalagent/1.1 (+https://developers.facebook.com/docs/sharing/webmasters/crawler)"
104.22.24.101 - - [30/Jun/2026:17:55:20 +0000] "GET /products/1316019214078 HTTP/1.1" 301 4159 "-" "meta-externalagent/1.1 (+https://developers.facebook.com/docs/sharing/webmasters/crawler)"
172.71.30.40 - - [30/Jun/2026:17:55:29 +0000] "GET /products/1005130831816 HTTP/1.1" 301 4159 "-" "meta-externalagent/1.1 (+https://developers.facebook.com/docs/sharing/webmasters/crawler)"
104.22.24.101 - - [30/Jun/2026:17:55:34 +0000] "GET /products/1802145864271 HTTP/1.1" 301 4159 "-" "meta-externalagent/1.1 (+https://developers.facebook.com/docs/sharing/webmasters/crawler)"
172.71.30.40 - - [30/Jun/2026:17:55:36 +0000] "GET /products/170650128040 HTTP/1.1" 301 4158 "-" "meta-externalagent/1.1 (+https://developers.facebook.com/docs/sharing/webmasters/crawler)"
104.22.100.60 - - [30/Jun/2026:17:55:37 +0000] "GET /?p=28 HTTP/1.1" 301 4146 "-" "Mozilla/5.0 AppleWebKit/537.36 (KHTML, like Gecko; compatible; Amazonbot/0.1; +https://developer.amazon.com/support/amazonbot) Chrome/119.0.6045.214 Safari/537.36"
172.71.22.225 - - [30/Jun/2026:17:55:41 +0000] "GET /items/R474592467/ HTTP/1.1" 301 4154 "-" "meta-externalagent/1.1 (+https://developers.facebook.com/docs/sharing/webmasters/crawler)"
104.23.245.187 - - [30/Jun/2026:17:55:42 +0000] "GET /products/633516778637 HTTP/1.1" 301 4158 "-" "meta-externalagent/1.1 (+https://developers.facebook.com/docs/sharing/webmasters/crawler)"
172.71.30.40 - - [30/Jun/2026:17:55:45 +0000] "GET /items/R474925886/ HTTP/1.1" 301 4154 "-" "meta-externalagent/1.1 (+https://developers.facebook.com/docs/sharing/webmasters/crawler)"
104.22.56.166 - - [30/Jun/2026:17:55:46 +0000] "GET /items/R476767478/ HTTP/1.1" 301 4154 "-" "meta-externalagent/1.1 (+https://developers.facebook.com/docs/sharing/webmasters/crawler)"
108.162.238.60 - - [30/Jun/2026:17:55:46 +0000] "GET /products/1036362088619 HTTP/1.1" 301 4159 "-" "meta-externalagent/1.1 (+https://developers.facebook.com/docs/sharing/webmasters/crawler)"
172.71.218.196 - - [30/Jun/2026:17:55:46 +0000] "GET /wp-content/plugins/hellopress/wp_filemanager.php HTTP/1.1" 301 4185 "-" "-"
162.158.178.132 - - [30/Jun/2026:17:55:48 +0000] "GET /wp-content/plugins/hellopress/wp_filemanager.php HTTP/1.1" 404 99783 "-" "-"
172.71.218.206 - - [30/Jun/2026:17:55:48 +0000] "GET /this_is_a_new_hello_world.php HTTP/1.1" 403 4800 "-" "-"
172.71.218.196 - - [30/Jun/2026:17:55:49 +0000] "GET /inputs.php HTTP/1.1" 301 4147 "-" "-"
104.22.1.17 - - [30/Jun/2026:17:55:49 +0000] "GET /products/4037951729544 HTTP/1.1" 301 4159 "-" "meta-externalagent/1.1 (+https://developers.facebook.com/docs/sharing/webmasters/crawler)"
162.158.179.29 - - [30/Jun/2026:17:55:49 +0000] "GET /inputs.php HTTP/1.1" 404 99745 "-" "-"
172.71.218.196 - - [30/Jun/2026:17:55:50 +0000] "GET /admin.php HTTP/1.1" 301 4146 "-" "-"
162.158.178.132 - - [30/Jun/2026:17:55:50 +0000] "GET /admin.php HTTP/1.1" 404 99744 "-" "-"
172.71.218.196 - - [30/Jun/2026:17:55:51 +0000] "GET /goods.php HTTP/1.1" 403 4800 "-" "-"
172.71.218.196 - - [30/Jun/2026:17:55:51 +0000] "GET /file.php HTTP/1.1" 403 4800 "-" "-"
172.71.218.196 - - [30/Jun/2026:17:55:51 +0000] "GET /adminfuns.php HTTP/1.1" 301 4150 "-" "-"
162.158.179.29 - - [30/Jun/2026:17:55:52 +0000] "GET /adminfuns.php HTTP/1.1" 404 99748 "-" "-"
172.71.218.196 - - [30/Jun/2026:17:55:54 +0000] "GET /404.php HTTP/1.1" 403 4800 "-" "-"
172.71.218.196 - - [30/Jun/2026:17:55:54 +0000] "GET /wk/index.php HTTP/1.1" 301 4140 "-" "-"
162.158.178.132 - - [30/Jun/2026:17:55:54 +0000] "GET /wk/ HTTP/1.1" 404 99733 "-" "-"
172.71.218.196 - - [30/Jun/2026:17:55:55 +0000] "GET /about.php HTTP/1.1" 403 4800 "-" "-"
172.71.218.196 - - [30/Jun/2026:17:55:55 +0000] "GET /term.php HTTP/1.1" 301 4145 "-" "-"
162.158.178.132 - - [30/Jun/2026:17:55:56 +0000] "GET /term.php HTTP/1.1" 404 99743 "-" "-"
172.71.218.196 - - [30/Jun/2026:17:55:56 +0000] "GET /ioxi-o.php HTTP/1.1" 403 4800 "-" "-"
172.71.218.196 - - [30/Jun/2026:17:55:57 +0000] "GET /1.php HTTP/1.1" 403 4800 "-" "-"
172.71.218.196 - - [30/Jun/2026:17:55:57 +0000] "GET /alfa.php HTTP/1.1" 403 4800 "-" "-"
172.71.218.196 - - [30/Jun/2026:17:55:57 +0000] "GET /edit.php HTTP/1.1" 301 4145 "-" "-"
172.71.22.225 - - [30/Jun/2026:17:55:57 +0000] "GET /products/395590697455 HTTP/1.1" 301 4158 "-" "meta-externalagent/1.1 (+https://developers.facebook.com/docs/sharing/webmasters/crawler)"
162.158.178.132 - - [30/Jun/2026:17:55:57 +0000] "GET /edit.php HTTP/1.1" 404 99743 "-" "-"
108.162.237.97 - - [30/Jun/2026:17:56:06 +0000] "GET /products/223886553788 HTTP/1.1" 404 99756 "-" "meta-externalagent/1.1 (+https://developers.facebook.com/docs/sharing/webmasters/crawler)"
172.70.143.213 - - [30/Jun/2026:17:56:12 +0000] "POST /wp-cron.php?doing_wp_cron=1782842172.0026440620422363281250 HTTP/1.1" 200 4035 "-" "WordPress/7.0; https://www.simottodesign.com"
108.162.238.60 - - [30/Jun/2026:17:56:11 +0000] "GET /items/R473695064/ HTTP/1.1" 301 4154 "-" "meta-externalagent/1.1 (+https://developers.facebook.com/docs/sharing/webmasters/crawler)"
104.22.24.101 - - [30/Jun/2026:17:56:12 +0000] "GET /items/R474113890/ HTTP/1.1" 301 4154 "-" "meta-externalagent/1.1 (+https://developers.facebook.com/docs/sharing/webmasters/crawler)"
104.22.24.101 - - [30/Jun/2026:17:56:14 +0000] "GET /products/2392857294783 HTTP/1.1" 301 4159 "-" "meta-externalagent/1.1 (+https://developers.facebook.com/docs/sharing/webmasters/crawler)"
104.22.1.17 - - [30/Jun/2026:17:56:14 +0000] "GET /products/3950637318400 HTTP/1.1" 301 4159 "-" "meta-externalagent/1.1 (+https://developers.facebook.com/docs/sharing/webmasters/crawler)"
104.22.56.166 - - [30/Jun/2026:17:56:14 +0000] "GET /items/R472174354/ HTTP/1.1" 301 4154 "-" "meta-externalagent/1.1 (+https://developers.facebook.com/docs/sharing/webmasters/crawler)"
104.22.1.201 - - [30/Jun/2026:17:56:21 +0000] "GET /products/3190581764482 HTTP/1.1" 404 99757 "-" "meta-externalagent/1.1 (+https://developers.facebook.com/docs/sharing/webmasters/crawler)"
104.23.245.187 - - [30/Jun/2026:17:56:22 +0000] "GET /items/R473887968/ HTTP/1.1" 301 4154 "-" "meta-externalagent/1.1 (+https://developers.facebook.com/docs/sharing/webmasters/crawler)"
172.71.30.40 - - [30/Jun/2026:17:56:23 +0000] "GET /products/550524641982 HTTP/1.1" 301 4158 "-" "meta-externalagent/1.1 (+https://developers.facebook.com/docs/sharing/webmasters/crawler)"
172.68.71.114 - - [30/Jun/2026:17:56:25 +0000] "GET /products/5490527198860 HTTP/1.1" 301 4159 "-" "meta-externalagent/1.1 (+https://developers.facebook.com/docs/sharing/webmasters/crawler)"
104.22.56.166 - - [30/Jun/2026:17:56:25 +0000] "GET /items/R474844938/ HTTP/1.1" 301 4154 "-" "meta-externalagent/1.1 (+https://developers.facebook.com/docs/sharing/webmasters/crawler)"
104.22.56.206 - - [30/Jun/2026:17:56:32 +0000] "GET /products/2131803300805 HTTP/1.1" 404 99757 "-" "meta-externalagent/1.1 (+https://developers.facebook.com/docs/sharing/webmasters/crawler)"
104.22.1.17 - - [30/Jun/2026:17:56:36 +0000] "GET /items/R472562781/ HTTP/1.1" 301 4154 "-" "meta-externalagent/1.1 (+https://developers.facebook.com/docs/sharing/webmasters/crawler)"
104.22.24.101 - - [30/Jun/2026:17:56:41 +0000] "GET /products/172683923302 HTTP/1.1" 301 4158 "-" "meta-externalagent/1.1 (+https://developers.facebook.com/docs/sharing/webmasters/crawler)"
172.69.71.203 - - [30/Jun/2026:17:56:42 +0000] "GET /products/2791929120837 HTTP/1.1" 404 99830 "-" "meta-externalagent/1.1 (+https://developers.facebook.com/docs/sharing/webmasters/crawler)"
104.23.245.187 - - [30/Jun/2026:17:56:46 +0000] "GET /products/1624687912832 HTTP/1.1" 301 4159 "-" "meta-externalagent/1.1 (+https://developers.facebook.com/docs/sharing/webmasters/crawler)"
104.22.24.101 - - [30/Jun/2026:17:56:51 +0000] "GET /products/3243669152099 HTTP/1.1" 301 4159 "-" "meta-externalagent/1.1 (+https://developers.facebook.com/docs/sharing/webmasters/crawler)"
108.162.237.97 - - [30/Jun/2026:17:56:56 +0000] "GET /products/74105638900 HTTP/1.1" 404 99755 "-" "meta-externalagent/1.1 (+https://developers.facebook.com/docs/sharing/webmasters/crawler)"
104.22.24.101 - - [30/Jun/2026:17:56:56 +0000] "GET /items/R471253520/ HTTP/1.1" 301 4154 "-" "meta-externalagent/1.1 (+https://developers.facebook.com/docs/sharing/webmasters/crawler)"
104.22.56.206 - - [30/Jun/2026:17:56:57 +0000] "GET /products/3326299775102 HTTP/1.1" 404 99830 "-" "meta-externalagent/1.1 (+https://developers.facebook.com/docs/sharing/webmasters/crawler)"
104.22.1.17 - - [30/Jun/2026:17:56:57 +0000] "GET /products/2850126868632 HTTP/1.1" 301 4159 "-" "meta-externalagent/1.1 (+https://developers.facebook.com/docs/sharing/webmasters/crawler)"
104.23.245.187 - - [30/Jun/2026:17:56:57 +0000] "GET /items/R472349405/ HTTP/1.1" 301 4154 "-" "meta-externalagent/1.1 (+https://developers.facebook.com/docs/sharing/webmasters/crawler)"
172.71.214.168 - - [30/Jun/2026:17:57:00 +0000] "GET /ws54.php HTTP/1.1" 403 4800 "-" "-"
172.71.214.87 - - [30/Jun/2026:17:57:00 +0000] "GET /deepseek_d.php HTTP/1.1" 403 4800 "-" "-"
172.71.214.168 - - [30/Jun/2026:17:57:00 +0000] "GET /function/function.php HTTP/1.1" 301 4158 "-" "-"
162.158.178.132 - - [30/Jun/2026:17:57:01 +0000] "GET /function/function.php HTTP/1.1" 404 99756 "-" "-"
172.71.214.87 - - [30/Jun/2026:17:57:02 +0000] "GET /nw.php HTTP/1.1" 403 4800 "-" "-"
172.71.214.168 - - [30/Jun/2026:17:57:02 +0000] "GET /xleet.php HTTP/1.1" 403 4800 "-" "-"
172.71.214.87 - - [30/Jun/2026:17:57:02 +0000] "GET /wp.php HTTP/1.1" 403 4800 "-" "-"
172.71.214.168 - - [30/Jun/2026:17:57:02 +0000] "GET /155.php HTTP/1.1" 403 4800 "-" "-"
172.71.214.87 - - [30/Jun/2026:17:57:02 +0000] "GET /96i.php HTTP/1.1" 403 4800 "-" "-"
104.22.56.166 - - [30/Jun/2026:17:57:02 +0000] "GET /items/R476787730/ HTTP/1.1" 301 4154 "-" "meta-externalagent/1.1 (+https://developers.facebook.com/docs/sharing/webmasters/crawler)"
172.71.214.168 - - [30/Jun/2026:17:57:02 +0000] "GET /as.php HTTP/1.1" 403 4800 "-" "-"
172.71.214.87 - - [30/Jun/2026:17:57:02 +0000] "GET /min.php HTTP/1.1" 403 4800 "-" "-"
172.71.214.168 - - [30/Jun/2026:17:57:02 +0000] "GET /.well-known/ HTTP/1.1" 301 4149 "-" "-"
162.158.178.132 - - [30/Jun/2026:17:57:03 +0000] "GET /.well-known/ HTTP/1.1" 404 99747 "-" "-"
172.71.214.168 - - [30/Jun/2026:17:57:04 +0000] "GET /php8.php HTTP/1.1" 403 4800 "-" "-"
172.71.214.168 - - [30/Jun/2026:17:57:04 +0000] "GET /wp-content/admin.php HTTP/1.1" 301 4157 "-" "-"
162.158.178.132 - - [30/Jun/2026:17:57:04 +0000] "GET /wp-content/admin.php HTTP/1.1" 404 99755 "-" "-"
172.71.214.168 - - [30/Jun/2026:17:57:05 +0000] "GET /222.php HTTP/1.1" 403 4800 "-" "-"
172.71.214.168 - - [30/Jun/2026:17:57:05 +0000] "GET /wp-content/themes/pridmag/il.php HTTP/1.1" 301 4169 "-" "-"
172.71.30.40 - - [30/Jun/2026:17:57:05 +0000] "GET /items/R472784903/ HTTP/1.1" 301 4154 "-" "meta-externalagent/1.1 (+https://developers.facebook.com/docs/sharing/webmasters/crawler)"
162.158.178.132 - - [30/Jun/2026:17:57:06 +0000] "GET /wp-content/themes/pridmag/il.php HTTP/1.1" 404 99767 "-" "-"
162.158.189.202 - - [30/Jun/2026:17:57:10 +0000] "POST /wp-cron.php?doing_wp_cron=1782842230.0825169086456298828125 HTTP/1.1" 200 4035 "-" "WordPress/7.0; https://www.simottodesign.com"
108.162.238.60 - - [30/Jun/2026:17:57:09 +0000] "GET /products/4825799800775 HTTP/1.1" 301 4159 "-" "meta-externalagent/1.1 (+https://developers.facebook.com/docs/sharing/webmasters/crawler)"
172.71.30.40 - - [30/Jun/2026:17:57:12 +0000] "GET /products/422435592434 HTTP/1.1" 301 4158 "-" "meta-externalagent/1.1 (+https://developers.facebook.com/docs/sharing/webmasters/crawler)"
104.23.245.187 - - [30/Jun/2026:17:57:13 +0000] "GET /products/2040710171400 HTTP/1.1" 301 4159 "-" "meta-externalagent/1.1 (+https://developers.facebook.com/docs/sharing/webmasters/crawler)"
104.22.56.166 - - [30/Jun/2026:17:57:23 +0000] "GET /items/R473188711/ HTTP/1.1" 301 4154 "-" "meta-externalagent/1.1 (+https://developers.facebook.com/docs/sharing/webmasters/crawler)"
172.71.124.60 - - [30/Jun/2026:17:57:27 +0000] "GET /a.php HTTP/1.1" 403 4800 "-" "-"
172.71.124.60 - - [30/Jun/2026:17:57:27 +0000] "GET /chosen.php HTTP/1.1" 403 4800 "-" "-"
172.71.124.60 - - [30/Jun/2026:17:57:27 +0000] "GET /wp-content/index.php HTTP/1.1" 200 3942 "-" "-"
172.71.124.60 - - [30/Jun/2026:17:57:27 +0000] "GET /vx.php HTTP/1.1" 403 4800 "-" "-"
172.71.218.197 - - [30/Jun/2026:17:57:28 +0000] "GET /admin/controller/extension/ HTTP/1.1" 301 4164 "-" "-"
162.158.178.132 - - [30/Jun/2026:17:57:28 +0000] "GET /admin/controller/extension/ HTTP/1.1" 404 99757 "-" "-"
172.71.218.197 - - [30/Jun/2026:17:57:29 +0000] "GET /wap.php HTTP/1.1" 403 4800 "-" "-"
172.71.218.197 - - [30/Jun/2026:17:57:30 +0000] "GET /wp-admin/wp.php HTTP/1.1" 403 4800 "-" "-"
172.71.218.197 - - [30/Jun/2026:17:57:30 +0000] "GET /bgymj.php HTTP/1.1" 403 4800 "-" "-"
172.71.218.197 - - [30/Jun/2026:17:57:30 +0000] "GET /aa.php HTTP/1.1" 403 4800 "-" "-"
172.71.218.197 - - [30/Jun/2026:17:57:31 +0000] "GET /wp-mail.php HTTP/1.1" 403 6719 "-" "-"
172.71.218.197 - - [30/Jun/2026:17:57:32 +0000] "GET /bolt.php HTTP/1.1" 403 4800 "-" "-"
172.71.218.197 - - [30/Jun/2026:17:57:32 +0000] "GET /bthil.php HTTP/1.1" 403 4800 "-" "-"
172.71.218.197 - - [30/Jun/2026:17:57:33 +0000] "GET /cgi-bin/ HTTP/1.1" 403 4800 "-" "-"
104.23.245.187 - - [30/Jun/2026:17:57:35 +0000] "GET /products/3332773818885 HTTP/1.1" 301 4159 "-" "meta-externalagent/1.1 (+https://developers.facebook.com/docs/sharing/webmasters/crawler)"
172.71.22.224 - - [30/Jun/2026:17:57:39 +0000] "GET /products/3121033774018 HTTP/1.1" 301 4159 "-" "meta-externalagent/1.1 (+https://developers.facebook.com/docs/sharing/webmasters/crawler)"
172.68.70.34 - - [30/Jun/2026:17:57:42 +0000] "GET /items/R475601920/ HTTP/1.1" 404 99752 "-" "meta-externalagent/1.1 (+https://developers.facebook.com/docs/sharing/webmasters/crawler)"
162.158.193.99 - - [30/Jun/2026:17:57:50 +0000] "GET /index/function.php HTTP/1.1" 301 4155 "-" "-"
162.158.178.132 - - [30/Jun/2026:17:57:50 +0000] "GET /index/function.php HTTP/1.1" 404 99753 "-" "-"
172.68.71.114 - - [30/Jun/2026:17:57:55 +0000] "GET /products/563749961875 HTTP/1.1" 301 4158 "-" "meta-externalagent/1.1 (+https://developers.facebook.com/docs/sharing/webmasters/crawler)"
104.23.245.187 - - [30/Jun/2026:17:57:55 +0000] "GET /items/R476801865/ HTTP/1.1" 301 4154 "-" "meta-externalagent/1.1 (+https://developers.facebook.com/docs/sharing/webmasters/crawler)"
104.23.209.186 - - [30/Jun/2026:17:57:56 +0000] "GET / HTTP/1.1" 200 29817 "-" "Mozilla/5.0 (Windows NT 10.0; Win64; x64; rv:140.0) Gecko/20100101 Firefox/140.0"
172.69.70.65 - - [30/Jun/2026:17:57:57 +0000] "GET /products/1185971266986 HTTP/1.1" 301 4159 "-" "meta-externalagent/1.1 (+https://developers.facebook.com/docs/sharing/webmasters/crawler)"
104.22.1.17 - - [30/Jun/2026:17:58:03 +0000] "GET /products/3443047975508 HTTP/1.1" 301 4159 "-" "meta-externalagent/1.1 (+https://developers.facebook.com/docs/sharing/webmasters/crawler)"
104.22.1.17 - - [30/Jun/2026:17:58:05 +0000] "GET /products/2581440376239 HTTP/1.1" 301 4159 "-" "meta-externalagent/1.1 (+https://developers.facebook.com/docs/sharing/webmasters/crawler)"
172.71.22.225 - - [30/Jun/2026:17:58:08 +0000] "GET /items/R474112555/ HTTP/1.1" 301 4154 "-" "meta-externalagent/1.1 (+https://developers.facebook.com/docs/sharing/webmasters/crawler)"
104.23.175.204 - - [30/Jun/2026:17:58:14 +0000] "POST /wp-cron.php?doing_wp_cron=1782842294.2590160369873046875000 HTTP/1.1" 200 4035 "-" "WordPress/7.0; https://www.simottodesign.com"
104.22.56.166 - - [30/Jun/2026:17:58:13 +0000] "GET /products/3144810197117 HTTP/1.1" 301 4159 "-" "meta-externalagent/1.1 (+https://developers.facebook.com/docs/sharing/webmasters/crawler)"
162.158.193.99 - - [30/Jun/2026:17:58:20 +0000] "GET /abcd.php HTTP/1.1" 403 4800 "-" "-"
162.158.193.99 - - [30/Jun/2026:17:58:20 +0000] "GET /wp-good.php HTTP/1.1" 403 4800 "-" "-"
162.158.193.99 - - [30/Jun/2026:17:58:20 +0000] "GET /simple.php HTTP/1.1" 403 4800 "-" "-"
104.22.1.17 - - [30/Jun/2026:17:58:20 +0000] "GET /items/R476892804/ HTTP/1.1" 301 4154 "-" "meta-externalagent/1.1 (+https://developers.facebook.com/docs/sharing/webmasters/crawler)"
162.158.193.99 - - [30/Jun/2026:17:58:20 +0000] "GET /edit-tags.php HTTP/1.1" 301 4150 "-" "-"
162.158.178.132 - - [30/Jun/2026:17:58:21 +0000] "GET /edit-tags.php HTTP/1.1" 404 99748 "-" "-"
172.69.70.65 - - [30/Jun/2026:17:58:21 +0000] "GET /items/R476411281/ HTTP/1.1" 301 4154 "-" "meta-externalagent/1.1 (+https://developers.facebook.com/docs/sharing/webmasters/crawler)"
162.158.193.99 - - [30/Jun/2026:17:58:22 +0000] "GET /u.php HTTP/1.1" 403 4800 "-" "-"
162.158.193.99 - - [30/Jun/2026:17:58:22 +0000] "GET /wp-content/themes/admin.php HTTP/1.1" 301 4164 "-" "-"
162.158.178.132 - - [30/Jun/2026:17:58:22 +0000] "GET /wp-content/themes/admin.php HTTP/1.1" 404 99757 "-" "-"
162.158.193.99 - - [30/Jun/2026:17:58:23 +0000] "GET /h.php HTTP/1.1" 403 4800 "-" "-"
162.158.193.99 - - [30/Jun/2026:17:58:23 +0000] "GET /ms-edit.php HTTP/1.1" 301 4148 "-" "-"
162.158.178.132 - - [30/Jun/2026:17:58:23 +0000] "GET /ms-edit.php HTTP/1.1" 404 99741 "-" "-"
162.158.193.99 - - [30/Jun/2026:17:58:24 +0000] "GET /a7.php HTTP/1.1" 403 4800 "-" "-"
162.158.193.99 - - [30/Jun/2026:17:58:24 +0000] "GET /manager.php HTTP/1.1" 403 4800 "-" "-"
162.158.193.99 - - [30/Jun/2026:17:58:24 +0000] "GET /w1.php HTTP/1.1" 403 4800 "-" "-"
162.158.193.99 - - [30/Jun/2026:17:58:24 +0000] "GET /wp-includes/fonts/ HTTP/1.1" 403 4800 "-" "-"
162.158.193.99 - - [30/Jun/2026:17:58:25 +0000] "GET /wp-login.php HTTP/1.1" 200 6261 "-" "-"
104.23.245.187 - - [30/Jun/2026:17:58:30 +0000] "GET /products/449275391933 HTTP/1.1" 301 4158 "-" "meta-externalagent/1.1 (+https://developers.facebook.com/docs/sharing/webmasters/crawler)"
172.68.211.65 - - [30/Jun/2026:17:58:42 +0000] "GET /i.php HTTP/1.1" 403 4800 "-" "-"
172.68.211.27 - - [30/Jun/2026:17:58:42 +0000] "GET /wp-content/uploads/ HTTP/1.1" 403 4800 "-" "-"
172.68.211.65 - - [30/Jun/2026:17:58:42 +0000] "GET /wp-includes/Requests/library/index.php HTTP/1.1" 301 4166 "-" "-"
162.158.178.132 - - [30/Jun/2026:17:58:43 +0000] "GET /wp-includes/Requests/library/ HTTP/1.1" 403 4800 "-" "-"
172.68.211.27 - - [30/Jun/2026:17:58:43 +0000] "GET /wp-content/themes/index.php HTTP/1.1" 200 3942 "-" "-"
172.68.211.65 - - [30/Jun/2026:17:58:43 +0000] "GET /gecko-new.php HTTP/1.1" 403 4800 "-" "-"
172.68.211.27 - - [30/Jun/2026:17:58:44 +0000] "GET /NewFile.php HTTP/1.1" 403 4800 "-" "-"
172.68.211.65 - - [30/Jun/2026:17:58:44 +0000] "GET /wp-Blogs.php HTTP/1.1" 403 4800 "-" "-"
172.68.211.27 - - [30/Jun/2026:17:58:44 +0000] "GET /wp-includes/fonts/index.php HTTP/1.1" 301 4155 "-" "-"
162.158.178.132 - - [30/Jun/2026:17:58:44 +0000] "GET /wp-includes/fonts/ HTTP/1.1" 403 4800 "-" "-"
172.68.211.65 - - [30/Jun/2026:17:58:45 +0000] "GET /themes.php HTTP/1.1" 301 4147 "-" "-"
162.158.178.132 - - [30/Jun/2026:17:58:45 +0000] "GET /themes.php HTTP/1.1" 404 99745 "-" "-"
172.68.211.65 - - [30/Jun/2026:17:58:46 +0000] "GET /cv.php HTTP/1.1" 403 4800 "-" "-"
172.68.211.65 - - [30/Jun/2026:17:58:46 +0000] "GET /wp-admin/js/ HTTP/1.1" 403 4800 "-" "-"
172.68.211.65 - - [30/Jun/2026:17:58:46 +0000] "GET /wp-content/uploads/index.php HTTP/1.1" 301 4156 "-" "-"
162.158.178.132 - - [30/Jun/2026:17:58:47 +0000] "GET /wp-content/uploads/ HTTP/1.1" 403 4800 "-" "-"
172.68.211.65 - - [30/Jun/2026:17:58:47 +0000] "GET /ws83.php HTTP/1.1" 403 4800 "-" "-"
172.68.211.65 - - [30/Jun/2026:17:58:47 +0000] "GET /atex1.php HTTP/1.1" 403 4800 "-" "-"
172.68.211.65 - - [30/Jun/2026:17:58:47 +0000] "GET /class-t.api.php HTTP/1.1" 403 4800 "-" "-"
172.68.211.65 - - [30/Jun/2026:17:58:47 +0000] "GET /w.php HTTP/1.1" 403 4800 "-" "-"
104.22.1.17 - - [30/Jun/2026:17:58:47 +0000] "GET /products/3372890493179 HTTP/1.1" 301 4159 "-" "meta-externalagent/1.1 (+https://developers.facebook.com/docs/sharing/webmasters/crawler)"
104.22.56.166 - - [30/Jun/2026:17:58:57 +0000] "GET /products/3530817349975 HTTP/1.1" 301 4159 "-" "meta-externalagent/1.1 (+https://developers.facebook.com/docs/sharing/webmasters/crawler)"
104.22.56.166 - - [30/Jun/2026:17:58:58 +0000] "GET /items/R474487157/ HTTP/1.1" 301 4154 "-" "meta-externalagent/1.1 (+https://developers.facebook.com/docs/sharing/webmasters/crawler)"
172.71.210.67 - - [30/Jun/2026:17:59:05 +0000] "GET /bless.php HTTP/1.1" 403 4800 "-" "-"
172.71.210.67 - - [30/Jun/2026:17:59:05 +0000] "GET /sagax1.php HTTP/1.1" 403 4800 "-" "-"
172.71.210.67 - - [30/Jun/2026:17:59:05 +0000] "GET /wpc.php HTTP/1.1" 403 4800 "-" "-"
172.71.210.67 - - [30/Jun/2026:17:59:06 +0000] "GET /fone1.php HTTP/1.1" 403 4800 "-" "-"
172.71.210.67 - - [30/Jun/2026:17:59:06 +0000] "GET /ncx.php HTTP/1.1" 403 4800 "-" "-"
172.71.210.67 - - [30/Jun/2026:17:59:06 +0000] "GET /wp-admin/js/index.php HTTP/1.1" 301 4149 "-" "-"
162.158.178.132 - - [30/Jun/2026:17:59:06 +0000] "GET /wp-admin/js/ HTTP/1.1" 403 4800 "-" "-"
172.71.210.67 - - [30/Jun/2026:17:59:06 +0000] "GET /wso.php HTTP/1.1" 403 4800 "-" "-"
172.71.210.67 - - [30/Jun/2026:17:59:07 +0000] "GET /zup.php73 HTTP/1.1" 301 4146 "-" "-"
162.158.178.132 - - [30/Jun/2026:17:59:07 +0000] "GET /zup.php73 HTTP/1.1" 404 99817 "-" "-"
172.69.176.126 - - [30/Jun/2026:17:59:09 +0000] "POST /wp-cron.php?doing_wp_cron=1782842349.3000309467315673828125 HTTP/1.1" 200 4035 "-" "WordPress/7.0; https://www.simottodesign.com"
172.68.71.113 - - [30/Jun/2026:17:59:08 +0000] "GET /products/4427869617344 HTTP/1.1" 301 4159 "-" "meta-externalagent/1.1 (+https://developers.facebook.com/docs/sharing/webmasters/crawler)"
172.71.22.225 - - [30/Jun/2026:17:59:09 +0000] "GET /items/R473243462/ HTTP/1.1" 301 4154 "-" "meta-externalagent/1.1 (+https://developers.facebook.com/docs/sharing/webmasters/crawler)"
172.71.30.135 - - [30/Jun/2026:17:59:16 +0000] "GET /products/4810898411051 HTTP/1.1" 404 99757 "-" "meta-externalagent/1.1 (+https://developers.facebook.com/docs/sharing/webmasters/crawler)"
172.71.22.225 - - [30/Jun/2026:17:59:17 +0000] "GET /products/1362311643836 HTTP/1.1" 301 4159 "-" "meta-externalagent/1.1 (+https://developers.facebook.com/docs/sharing/webmasters/crawler)"
172.70.208.90 - - [30/Jun/2026:17:59:18 +0000] "POST /xmlrpc.php HTTP/1.1" 200 4217 "-" "Jetpack by WordPress.com (Jetpack 12.5; WordPress 6.3)"
104.22.24.100 - - [30/Jun/2026:17:59:24 +0000] "GET /products/678990882877 HTTP/1.1" 301 4158 "-" "meta-externalagent/1.1 (+https://developers.facebook.com/docs/sharing/webmasters/crawler)"
104.22.1.200 - - [30/Jun/2026:17:59:26 +0000] "GET /products/1333806940412 HTTP/1.1" 404 99757 "-" "meta-externalagent/1.1 (+https://developers.facebook.com/docs/sharing/webmasters/crawler)"
104.22.56.206 - - [30/Jun/2026:17:59:26 +0000] "GET /products/5452979495015 HTTP/1.1" 404 99757 "-" "meta-externalagent/1.1 (+https://developers.facebook.com/docs/sharing/webmasters/crawler)"
162.159.98.100 - - [30/Jun/2026:17:59:29 +0000] "GET /wp-blink.php HTTP/1.1" 403 4800 "-" "-"
104.22.24.100 - - [30/Jun/2026:17:59:28 +0000] "GET /products/830779718501 HTTP/1.1" 301 4158 "-" "meta-externalagent/1.1 (+https://developers.facebook.com/docs/sharing/webmasters/crawler)"
172.70.208.90 - - [30/Jun/2026:17:59:29 +0000] "POST /xmlrpc.php HTTP/1.1" 200 4217 "-" "Jetpack by WordPress.com"
162.159.98.22 - - [30/Jun/2026:17:59:32 +0000] "GET /randkeyword.PhP7 HTTP/1.1" 301 4153 "-" "-"
162.158.178.132 - - [30/Jun/2026:17:59:32 +0000] "GET /randkeyword.PhP7 HTTP/1.1" 404 99751 "-" "-"
162.159.98.100 - - [30/Jun/2026:17:59:33 +0000] "GET /wp-admin/css/colors/ectoplasm/ HTTP/1.1" 403 4800 "-" "-"
162.159.98.22 - - [30/Jun/2026:17:59:33 +0000] "GET /wp-content/ HTTP/1.1" 200 3942 "-" "-"
162.159.98.100 - - [30/Jun/2026:17:59:33 +0000] "GET /ww5.php HTTP/1.1" 403 4800 "-" "-"
162.159.98.22 - - [30/Jun/2026:17:59:33 +0000] "GET /2.php HTTP/1.1" 403 4800 "-" "-"
162.159.98.22 - - [30/Jun/2026:17:59:34 +0000] "GET /wp-admin/classwithtostring.php HTTP/1.1" 403 4800 "-" "-"
162.159.98.100 - - [30/Jun/2026:17:59:34 +0000] "GET /atomlib.php HTTP/1.1" 403 4800 "-" "-"
162.159.98.22 - - [30/Jun/2026:17:59:34 +0000] "GET /rip.php HTTP/1.1" 403 4800 "-" "-"
162.159.98.100 - - [30/Jun/2026:17:59:34 +0000] "GET /p.php HTTP/1.1" 403 4800 "-" "-"
162.159.98.22 - - [30/Jun/2026:17:59:34 +0000] "GET /php.php HTTP/1.1" 403 4800 "-" "-"
162.159.98.100 - - [30/Jun/2026:17:59:34 +0000] "GET /test1.php HTTP/1.1" 403 4800 "-" "-"
104.22.56.206 - - [30/Jun/2026:17:59:35 +0000] "GET /items/R471448374/ HTTP/1.1" 404 99752 "-" "meta-externalagent/1.1 (+https://developers.facebook.com/docs/sharing/webmasters/crawler)"
162.159.98.22 - - [30/Jun/2026:17:59:35 +0000] "GET /wp-admin/maint/index.php HTTP/1.1" 301 4152 "-" "-"
162.158.178.132 - - [30/Jun/2026:17:59:36 +0000] "GET /wp-admin/maint/ HTTP/1.1" 403 4800 "-" "-"
162.159.98.100 - - [30/Jun/2026:17:59:36 +0000] "GET /wp-content/uploads/min.php HTTP/1.1" 403 4800 "-" "-"
172.69.70.64 - - [30/Jun/2026:17:59:36 +0000] "GET /products/1203798804803 HTTP/1.1" 301 4159 "-" "meta-externalagent/1.1 (+https://developers.facebook.com/docs/sharing/webmasters/crawler)"
104.22.72.11 - - [30/Jun/2026:17:59:36 +0000] "GET /wp-sitemap-users-1.xml HTTP/1.1" 200 4185 "-" "Mozilla/5.0 AppleWebKit/537.36 (KHTML, like Gecko; compatible; bingbot/2.0; +http://www.bing.com/bingbot.htm) Chrome/116.0.1938.76 Safari/537.36"
172.70.208.90 - - [30/Jun/2026:17:59:40 +0000] "POST /xmlrpc.php HTTP/1.1" 200 4217 "-" "WordPress.com; https://wordpress.com"
172.68.23.163 - - [30/Jun/2026:17:59:40 +0000] "GET /products/5704167966538 HTTP/1.1" 301 4159 "-" "Mozilla/5.0 (Linux; Android 6.0.1; Nexus 5X Build/MMB29P) AppleWebKit/537.36 (KHTML, like Gecko) Chrome/149.0.7827.200 Mobile Safari/537.36 (compatible; Googlebot/2.1; +http://www.google.com/bot.html)"
104.22.72.11 - - [30/Jun/2026:17:59:41 +0000] "GET /products/5704167966538 HTTP/1.1" 404 99757 "-" "Mozilla/5.0 (Linux; Android 6.0.1; Nexus 5X Build/MMB29P) AppleWebKit/537.36 (KHTML, like Gecko) Chrome/149.0.7827.200 Mobile Safari/537.36 (compatible; Googlebot/2.1; +http://www.google.com/bot.html)"
172.68.159.202 - - [30/Jun/2026:17:59:42 +0000] "GET /wp-login.php HTTP/1.1" 200 6261 "-" "Mozilla/5.0 (Macintosh; Intel Mac OS X 14_7_4) AppleWebKit/537.36 (KHTML, like Gecko) Chrome/133.0.0.0 Safari/537.36"
172.71.22.224 - - [30/Jun/2026:17:59:43 +0000] "GET /items/R474039617/ HTTP/1.1" 301 4154 "-" "meta-externalagent/1.1 (+https://developers.facebook.com/docs/sharing/webmasters/crawler)"
172.68.159.202 - - [30/Jun/2026:17:59:44 +0000] "POST /wp-login.php HTTP/1.1" 200 6421 "https://www.simottodesign.com/wp-login.php" "Mozilla/5.0 (Macintosh; Intel Mac OS X 14_7_4) AppleWebKit/537.36 (KHTML, like Gecko) Chrome/133.0.0.0 Safari/537.36"
172.70.208.90 - - [30/Jun/2026:17:59:51 +0000] "POST /xmlrpc.php HTTP/1.1" 200 4217 "-" "WordPress.com; https://wordpress.com"
104.22.56.166 - - [30/Jun/2026:17:59:54 +0000] "GET /products/1187406181251 HTTP/1.1" 301 4159 "-" "meta-externalagent/1.1 (+https://developers.facebook.com/docs/sharing/webmasters/crawler)"
172.71.124.61 - - [30/Jun/2026:17:59:55 +0000] "GET /lock360.php HTTP/1.1" 403 4800 "-" "-"
172.71.124.61 - - [30/Jun/2026:17:59:55 +0000] "GET /r.php HTTP/1.1" 403 4800 "-" "-"
172.71.124.61 - - [30/Jun/2026:17:59:55 +0000] "GET /sf.php HTTP/1.1" 403 4800 "-" "-"
172.71.124.61 - - [30/Jun/2026:17:59:55 +0000] "GET /t.php HTTP/1.1" 403 4800 "-" "-"
172.71.124.61 - - [30/Jun/2026:17:59:55 +0000] "GET /7.php HTTP/1.1" 403 4800 "-" "-"
104.22.56.206 - - [30/Jun/2026:17:59:55 +0000] "GET /products/3161037089690 HTTP/1.1" 404 99830 "-" "meta-externalagent/1.1 (+https://developers.facebook.com/docs/sharing/webmasters/crawler)"
172.71.124.61 - - [30/Jun/2026:17:59:55 +0000] "GET /b.php HTTP/1.1" 403 4800 "-" "-"
172.71.124.61 - - [30/Jun/2026:17:59:56 +0000] "GET /buy.php HTTP/1.1" 403 4800 "-" "-"
172.71.124.61 - - [30/Jun/2026:17:59:56 +0000] "GET /config.php HTTP/1.1" 403 4800 "-" "-"
172.71.124.61 - - [30/Jun/2026:17:59:56 +0000] "GET /num.php HTTP/1.1" 403 4800 "-" "-"
172.71.30.41 - - [30/Jun/2026:17:59:57 +0000] "GET /products/1886020366548 HTTP/1.1" 301 4159 "-" "meta-externalagent/1.1 (+https://developers.facebook.com/docs/sharing/webmasters/crawler)"
172.70.208.90 - - [30/Jun/2026:18:00:02 +0000] "POST /xmlrpc.php HTTP/1.1" 200 4217 "-" "Jetpack/12.0; WordPress/6.3; http://site80413498.com"
172.71.30.41 - - [30/Jun/2026:18:00:10 +0000] "GET /items/R476816509/ HTTP/1.1" 301 4154 "-" "meta-externalagent/1.1 (+https://developers.facebook.com/docs/sharing/webmasters/crawler)"
104.22.66.99 - - [30/Jun/2026:18:00:10 +0000] "POST /wp-cron.php?doing_wp_cron=1782842410.7693109512329101562500 HTTP/1.1" 200 4035 "-" "WordPress/7.0; https://www.simottodesign.com"
18.138.114.204 - - [30/Jun/2026:18:00:09 +0000] "GET / HTTP/1.1" 301 4025 "https://simottodesign.com/" "Mozilla/5.0 (Macintosh; Intel Mac OS X 14_4) AppleWebKit/537.36 (KHTML, like Gecko) Chrome/124.0.0.0 Safari/537.36"
172.71.30.41 - - [30/Jun/2026:18:00:10 +0000] "GET /products/477471969381 HTTP/1.1" 301 4158 "-" "meta-externalagent/1.1 (+https://developers.facebook.com/docs/sharing/webmasters/crawler)"
18.138.114.204 - - [30/Jun/2026:18:00:10 +0000] "GET / HTTP/1.1" 200 29817 "https://www.simottodesign.com/" "Mozilla/5.0 (Macintosh; Intel Mac OS X 14_4) AppleWebKit/605.1.15 (KHTML, like Gecko) Version/17.4 Safari/605.1.15"
172.70.208.90 - - [30/Jun/2026:18:00:12 +0000] "POST /xmlrpc.php HTTP/1.1" 200 4217 "-" "Jetpack by WordPress.com (Jetpack 12.0; WordPress 6.2)"
172.69.165.82 - - [30/Jun/2026:18:00:23 +0000] "POST /wp-cron.php?doing_wp_cron=1782842423.4042289257049560546875 HTTP/1.1" 200 4035 "-" "WordPress/7.0; https://www.simottodesign.com"
172.71.22.224 - - [30/Jun/2026:18:00:22 +0000] "GET /items/R476319323/ HTTP/1.1" 301 4154 "-" "meta-externalagent/1.1 (+https://developers.facebook.com/docs/sharing/webmasters/crawler)"
172.70.208.90 - - [30/Jun/2026:18:00:23 +0000] "POST /xmlrpc.php HTTP/1.1" 200 4217 "-" "WordPress.com; https://wordpress.com"
104.22.56.166 - - [30/Jun/2026:18:00:23 +0000] "GET /products/5828810060814 HTTP/1.1" 301 4159 "-" "meta-externalagent/1.1 (+https://developers.facebook.com/docs/sharing/webmasters/crawler)"
104.22.56.166 - - [30/Jun/2026:18:00:25 +0000] "GET /products/2174825195175 HTTP/1.1" 301 4159 "-" "meta-externalagent/1.1 (+https://developers.facebook.com/docs/sharing/webmasters/crawler)"
172.70.208.90 - - [30/Jun/2026:18:00:34 +0000] "POST /xmlrpc.php HTTP/1.1" 200 4217 "-" "Jetpack/12.5; WordPress/6.2; http://site20392005.com"
104.22.56.166 - - [30/Jun/2026:18:00:34 +0000] "GET /products/4916758036148 HTTP/1.1" 301 4159 "-" "meta-externalagent/1.1 (+https://developers.facebook.com/docs/sharing/webmasters/crawler)"
104.23.245.187 - - [30/Jun/2026:18:00:35 +0000] "GET /products/3126890458298 HTTP/1.1" 301 4159 "-" "meta-externalagent/1.1 (+https://developers.facebook.com/docs/sharing/webmasters/crawler)"
162.158.193.98 - - [30/Jun/2026:18:00:37 +0000] "GET /il.php HTTP/1.1" 403 4800 "-" "-"
162.158.193.98 - - [30/Jun/2026:18:00:38 +0000] "GET /images/index.php HTTP/1.1" 301 4144 "-" "-"
104.22.24.101 - - [30/Jun/2026:18:00:40 +0000] "GET /items/R473203642/ HTTP/1.1" 301 4154 "-" "meta-externalagent/1.1 (+https://developers.facebook.com/docs/sharing/webmasters/crawler)"
162.158.178.132 - - [30/Jun/2026:18:00:40 +0000] "GET /images/ HTTP/1.1" 404 99815 "-" "-"
162.158.193.98 - - [30/Jun/2026:18:00:42 +0000] "GET /lite.php HTTP/1.1" 403 4800 "-" "-"
162.158.193.98 - - [30/Jun/2026:18:00:42 +0000] "GET /load.php HTTP/1.1" 403 4800 "-" "-"
172.70.208.90 - - [30/Jun/2026:18:00:45 +0000] "POST /xmlrpc.php HTTP/1.1" 200 4217 "-" "Jetpack by WordPress.com (Jetpack 13.0; WordPress 6.4)"
104.22.24.101 - - [30/Jun/2026:18:00:52 +0000] "GET /products/504852436859 HTTP/1.1" 301 4158 "-" "meta-externalagent/1.1 (+https://developers.facebook.com/docs/sharing/webmasters/crawler)"
172.70.208.90 - - [30/Jun/2026:18:00:56 +0000] "POST /xmlrpc.php HTTP/1.1" 200 4217 "-" "Jetpack by WordPress.com"
104.23.245.187 - - [30/Jun/2026:18:00:57 +0000] "GET /items/R471783911/ HTTP/1.1" 301 4154 "-" "meta-externalagent/1.1 (+https://developers.facebook.com/docs/sharing/webmasters/crawler)"
172.70.208.90 - - [30/Jun/2026:18:01:06 +0000] "POST /xmlrpc.php HTTP/1.1" 200 4217 "-" "Jetpack by WordPress.com (Jetpack 12.0; WordPress 6.2)"
172.68.164.126 - - [30/Jun/2026:18:01:15 +0000] "POST /wp-cron.php?doing_wp_cron=1782842475.6110920906066894531250 HTTP/1.1" 200 4035 "-" "WordPress/7.0; https://www.simottodesign.com"
172.71.30.135 - - [30/Jun/2026:18:01:15 +0000] "GET /products/4537436925549 HTTP/1.1" 404 99757 "-" "meta-externalagent/1.1 (+https://developers.facebook.com/docs/sharing/webmasters/crawler)"
172.70.208.90 - - [30/Jun/2026:18:01:17 +0000] "POST /xmlrpc.php HTTP/1.1" 200 4217 "-" "Jetpack by WordPress.com (Jetpack 12.1; WordPress 6.3)"
104.22.1.17 - - [30/Jun/2026:18:01:22 +0000] "GET /products/1346683721263 HTTP/1.1" 301 4159 "-" "meta-externalagent/1.1 (+https://developers.facebook.com/docs/sharing/webmasters/crawler)"
172.70.208.90 - - [30/Jun/2026:18:01:28 +0000] "POST /xmlrpc.php HTTP/1.1" 200 4217 "-" "Jetpack by WordPress.com"
172.71.30.40 - - [30/Jun/2026:18:01:30 +0000] "GET /items/R474496894/ HTTP/1.1" 301 4154 "-" "meta-externalagent/1.1 (+https://developers.facebook.com/docs/sharing/webmasters/crawler)"
172.71.22.225 - - [30/Jun/2026:18:01:32 +0000] "GET /items/R471019111/ HTTP/1.1" 301 4154 "-" "meta-externalagent/1.1 (+https://developers.facebook.com/docs/sharing/webmasters/crawler)"
104.22.56.166 - - [30/Jun/2026:18:01:37 +0000] "GET /products/319430579813 HTTP/1.1" 301 4158 "-" "meta-externalagent/1.1 (+https://developers.facebook.com/docs/sharing/webmasters/crawler)"
172.70.208.90 - - [30/Jun/2026:18:01:39 +0000] "POST /xmlrpc.php HTTP/1.1" 200 4217 "-" "Jetpack by WordPress.com"
104.22.56.166 - - [30/Jun/2026:18:01:44 +0000] "GET /items/R471850701/ HTTP/1.1" 301 4154 "-" "meta-externalagent/1.1 (+https://developers.facebook.com/docs/sharing/webmasters/crawler)"
172.70.208.90 - - [30/Jun/2026:18:01:50 +0000] "POST /xmlrpc.php HTTP/1.1" 200 4217 "-" "Jetpack by WordPress.com (Jetpack 12.5; WordPress 6.3)"
104.22.24.101 - - [30/Jun/2026:18:01:54 +0000] "GET /items/R475344611/ HTTP/1.1" 301 4154 "-" "meta-externalagent/1.1 (+https://developers.facebook.com/docs/sharing/webmasters/crawler)"
104.22.1.17 - - [30/Jun/2026:18:01:56 +0000] "GET /items/R473636400/ HTTP/1.1" 301 4154 "-" "meta-externalagent/1.1 (+https://developers.facebook.com/docs/sharing/webmasters/crawler)"
104.22.1.17 - - [30/Jun/2026:18:01:58 +0000] "GET /products/4040417738291 HTTP/1.1" 301 4159 "-" "meta-externalagent/1.1 (+https://developers.facebook.com/docs/sharing/webmasters/crawler)"
104.22.24.101 - - [30/Jun/2026:18:01:58 +0000] "GET /products/2318290578869 HTTP/1.1" 301 4159 "-" "meta-externalagent/1.1 (+https://developers.facebook.com/docs/sharing/webmasters/crawler)"
108.162.238.59 - - [30/Jun/2026:18:02:00 +0000] "GET /products/1500313779684 HTTP/1.1" 301 4159 "-" "meta-externalagent/1.1 (+https://developers.facebook.com/docs/sharing/webmasters/crawler)"
172.70.208.90 - - [30/Jun/2026:18:02:01 +0000] "POST /xmlrpc.php HTTP/1.1" 200 4217 "-" "Jetpack by WordPress.com (Jetpack 12.1; WordPress 6.3)"
104.23.245.32 - - [30/Jun/2026:18:02:05 +0000] "GET /products/4961813495379 HTTP/1.1" 404 99757 "-" "meta-externalagent/1.1 (+https://developers.facebook.com/docs/sharing/webmasters/crawler)"
104.22.56.206 - - [30/Jun/2026:18:02:06 +0000] "GET /products/5028365167998 HTTP/1.1" 404 99757 "-" "meta-externalagent/1.1 (+https://developers.facebook.com/docs/sharing/webmasters/crawler)"
104.22.66.99 - - [30/Jun/2026:18:02:12 +0000] "POST /wp-cron.php?doing_wp_cron=1782842532.8184330463409423828125 HTTP/1.1" 200 4035 "-" "WordPress/7.0; https://www.simottodesign.com"
172.70.208.90 - - [30/Jun/2026:18:02:12 +0000] "POST /xmlrpc.php HTTP/1.1" 200 4217 "-" "Jetpack/12.0; WordPress/6.3; http://site86084131.com"
104.22.24.210 - - [30/Jun/2026:18:02:13 +0000] "GET /items/R471890478/ HTTP/1.1" 404 99752 "-" "meta-externalagent/1.1 (+https://developers.facebook.com/docs/sharing/webmasters/crawler)"
172.71.30.40 - - [30/Jun/2026:18:02:14 +0000] "GET /products/721255838822 HTTP/1.1" 301 4158 "-" "meta-externalagent/1.1 (+https://developers.facebook.com/docs/sharing/webmasters/crawler)"
104.22.24.101 - - [30/Jun/2026:18:02:21 +0000] "GET /products/5437109658665 HTTP/1.1" 301 4159 "-" "meta-externalagent/1.1 (+https://developers.facebook.com/docs/sharing/webmasters/crawler)"
172.70.208.90 - - [30/Jun/2026:18:02:23 +0000] "POST /xmlrpc.php HTTP/1.1" 200 4217 "-" "Jetpack/12.5; WordPress/6.2; http://site48356268.com"
172.70.208.90 - - [30/Jun/2026:18:02:33 +0000] "POST /xmlrpc.php HTTP/1.1" 200 4217 "-" "Jetpack by WordPress.com"
104.22.56.206 - - [30/Jun/2026:18:02:35 +0000] "GET /products/875378002192 HTTP/1.1" 404 99756 "-" "meta-externalagent/1.1 (+https://developers.facebook.com/docs/sharing/webmasters/crawler)"
172.68.71.113 - - [30/Jun/2026:18:02:38 +0000] "GET /products/3405789139419 HTTP/1.1" 301 4159 "-" "meta-externalagent/1.1 (+https://developers.facebook.com/docs/sharing/webmasters/crawler)"
172.70.208.90 - - [30/Jun/2026:18:02:44 +0000] "POST /xmlrpc.php HTTP/1.1" 403 4800 "-" "Jetpack by WordPress.com"
104.22.56.166 - - [30/Jun/2026:18:02:47 +0000] "GET /products/5445356131596 HTTP/1.1" 301 4159 "-" "meta-externalagent/1.1 (+https://developers.facebook.com/docs/sharing/webmasters/crawler)"
172.70.208.90 - - [30/Jun/2026:18:02:55 +0000] "POST /xmlrpc.php HTTP/1.1" 200 4217 "-" "Jetpack by WordPress.com (Jetpack 12.0; WordPress 6.3)"
172.68.71.113 - - [30/Jun/2026:18:02:59 +0000] "GET /products/2023889884837 HTTP/1.1" 301 4159 "-" "meta-externalagent/1.1 (+https://developers.facebook.com/docs/sharing/webmasters/crawler)"
108.162.238.59 - - [30/Jun/2026:18:02:59 +0000] "GET /products/3903939735667 HTTP/1.1" 301 4159 "-" "meta-externalagent/1.1 (+https://developers.facebook.com/docs/sharing/webmasters/crawler)"
104.23.245.187 - - [30/Jun/2026:18:03:00 +0000] "GET /items/R475359370/ HTTP/1.1" 301 4154 "-" "meta-externalagent/1.1 (+https://developers.facebook.com/docs/sharing/webmasters/crawler)"
172.70.208.90 - - [30/Jun/2026:18:03:06 +0000] "POST /xmlrpc.php HTTP/1.1" 403 4800 "-" "Jetpack by WordPress.com"
172.71.124.201 - - [30/Jun/2026:18:03:09 +0000] "POST /wp-cron.php?doing_wp_cron=1782842589.2920520305633544921875 HTTP/1.1" 200 4035 "-" "WordPress/7.0; https://www.simottodesign.com"
104.22.24.101 - - [30/Jun/2026:18:03:08 +0000] "GET /products/1828700256168 HTTP/1.1" 301 4159 "-" "meta-externalagent/1.1 (+https://developers.facebook.com/docs/sharing/webmasters/crawler)"
172.71.30.135 - - [30/Jun/2026:18:03:12 +0000] "GET /products/3080798141772 HTTP/1.1" 404 99757 "-" "meta-externalagent/1.1 (+https://developers.facebook.com/docs/sharing/webmasters/crawler)"
172.70.208.90 - - [30/Jun/2026:18:03:17 +0000] "POST /xmlrpc.php HTTP/1.1" 200 4217 "-" "WordPress.com; https://wordpress.com"
108.162.238.59 - - [30/Jun/2026:18:03:20 +0000] "GET /products/3985985425534 HTTP/1.1" 301 4159 "-" "meta-externalagent/1.1 (+https://developers.facebook.com/docs/sharing/webmasters/crawler)"
172.70.208.90 - - [30/Jun/2026:18:03:28 +0000] "POST /xmlrpc.php HTTP/1.1" 403 4800 "-" "Jetpack by WordPress.com"
104.22.56.166 - - [30/Jun/2026:18:03:30 +0000] "GET /items/R474065107/ HTTP/1.1" 301 4154 "-" "meta-externalagent/1.1 (+https://developers.facebook.com/docs/sharing/webmasters/crawler)"
162.158.123.5 - - [30/Jun/2026:18:03:32 +0000] "GET /wp-login.php HTTP/1.1" 200 6261 "-" "Mozilla/5.0 (Macintosh; Intel Mac OS X 10_15_7) AppleWebKit/605.1.15 (KHTML, like Gecko) Version/18.3 Safari/605.1.15"
162.158.123.158 - - [30/Jun/2026:18:03:33 +0000] "POST /wp-login.php HTTP/1.1" 200 6421 "https://simottodesign.com/wp-login.php" "Mozilla/5.0 (Macintosh; Intel Mac OS X 10_15_7) AppleWebKit/605.1.15 (KHTML, like Gecko) Version/18.3 Safari/605.1.15"
104.22.1.17 - - [30/Jun/2026:18:03:34 +0000] "GET /products/569166038185 HTTP/1.1" 301 4158 "-" "meta-externalagent/1.1 (+https://developers.facebook.com/docs/sharing/webmasters/crawler)"
172.71.222.221 - - [30/Jun/2026:18:03:36 +0000] "GET /robots.txt HTTP/1.1" 200 4182 "-" "Mozilla/5.0 AppleWebKit/537.36 (KHTML, like Gecko; compatible; bingbot/2.0; +http://www.bing.com/bingbot.htm) Chrome/116.0.1938.76 Safari/537.36"
104.22.72.11 - - [30/Jun/2026:18:03:37 +0000] "GET /wp-sitemap-posts-portfolio-1.xml HTTP/1.1" 200 4311 "-" "Mozilla/5.0 AppleWebKit/537.36 (KHTML, like Gecko; compatible; bingbot/2.0; +http://www.bing.com/bingbot.htm) Chrome/116.0.1938.76 Safari/537.36"
172.70.208.90 - - [30/Jun/2026:18:03:39 +0000] "POST /xmlrpc.php HTTP/1.1" 200 4217 "-" "WordPress.com; https://wordpress.com"
104.22.56.206 - - [30/Jun/2026:18:03:41 +0000] "GET /products/2201249644800 HTTP/1.1" 404 99757 "-" "meta-externalagent/1.1 (+https://developers.facebook.com/docs/sharing/webmasters/crawler)"
104.22.24.101 - - [30/Jun/2026:18:03:46 +0000] "GET /products/4460605114277 HTTP/1.1" 301 4159 "-" "meta-externalagent/1.1 (+https://developers.facebook.com/docs/sharing/webmasters/crawler)"
