162.159.120.160 - - [30/Jun/2026:20:10:41 +0000] "GET /products/379553910141 HTTP/1.1" 404 96995 "-" "Mozilla/5.0 (Linux; Android 6.0.1; Nexus 5X Build/MMB29P) AppleWebKit/537.36 (KHTML, like Gecko) Chrome/149.0.7827.200 Mobile Safari/537.36 (compatible; Googlebot/2.1; +http://www.google.com/bot.html)"
108.162.238.59 - - [30/Jun/2026:20:10:42 +0000] "GET /products/2929037055425 HTTP/1.1" 301 4560 "-" "meta-externalagent/1.1 (+https://developers.facebook.com/docs/sharing/webmasters/crawler)"
104.22.24.100 - - [30/Jun/2026:20:10:55 +0000] "GET /items/R474161550/ HTTP/1.1" 301 4555 "-" "meta-externalagent/1.1 (+https://developers.facebook.com/docs/sharing/webmasters/crawler)"
172.71.22.224 - - [30/Jun/2026:20:11:02 +0000] "GET /products/1479935322021 HTTP/1.1" 301 4560 "-" "meta-externalagent/1.1 (+https://developers.facebook.com/docs/sharing/webmasters/crawler)"
104.23.245.187 - - [30/Jun/2026:20:11:03 +0000] "GET /products/1758139722264 HTTP/1.1" 301 4560 "-" "meta-externalagent/1.1 (+https://developers.facebook.com/docs/sharing/webmasters/crawler)"
172.70.143.213 - - [30/Jun/2026:20:11:13 +0000] "POST /wp-cron.php?doing_wp_cron=1782850273.3451790809631347656250 HTTP/1.1" 200 4035 "-" "WordPress/7.0; https://www.simottodesign.com"
172.71.22.224 - - [30/Jun/2026:20:11:12 +0000] "GET /products/227201585571 HTTP/1.1" 301 4559 "-" "meta-externalagent/1.1 (+https://developers.facebook.com/docs/sharing/webmasters/crawler)"
162.158.103.17 - - [30/Jun/2026:20:11:14 +0000] "GET /wp-login.php HTTP/1.1" 200 6481 "-" "Mozilla/5.0 (X11; Linux i686) AppleWebKit/537.36 (KHTML, like Gecko) Chrome/133.0.0.0 Safari/537.36"
162.158.103.58 - - [30/Jun/2026:20:11:15 +0000] "POST /wp-login.php HTTP/1.1" 200 6576 "https://www.simottodesign.com/wp-login.php" "Mozilla/5.0 (X11; Linux i686) AppleWebKit/537.36 (KHTML, like Gecko) Chrome/133.0.0.0 Safari/537.36"
104.23.245.187 - - [30/Jun/2026:20:11:27 +0000] "GET /products/262748387382 HTTP/1.1" 301 4559 "-" "meta-externalagent/1.1 (+https://developers.facebook.com/docs/sharing/webmasters/crawler)"
172.68.71.114 - - [30/Jun/2026:20:11:31 +0000] "GET /products/2537588840223 HTTP/1.1" 301 4560 "-" "meta-externalagent/1.1 (+https://developers.facebook.com/docs/sharing/webmasters/crawler)"
172.68.164.43 - - [30/Jun/2026:20:11:31 +0000] "POST /wp-login.php HTTP/1.1" 200 6632 "-" "Mozilla/5.0 (Windows NT 10.0; Win64; rv:143.0) Gecko/20100101 Firefox/143.0"
104.22.1.200 - - [30/Jun/2026:20:11:32 +0000] "GET /products/4053796838453 HTTP/1.1" 404 96928 "-" "meta-externalagent/1.1 (+https://developers.facebook.com/docs/sharing/webmasters/crawler)"
104.22.56.167 - - [30/Jun/2026:20:11:34 +0000] "GET /items/R476449640/ HTTP/1.1" 301 4555 "-" "meta-externalagent/1.1 (+https://developers.facebook.com/docs/sharing/webmasters/crawler)"
104.22.56.167 - - [30/Jun/2026:20:11:36 +0000] "GET /products/2858815658585 HTTP/1.1" 301 4560 "-" "meta-externalagent/1.1 (+https://developers.facebook.com/docs/sharing/webmasters/crawler)"
172.69.70.64 - - [30/Jun/2026:20:11:41 +0000] "GET /products/1534110614547 HTTP/1.1" 301 4560 "-" "meta-externalagent/1.1 (+https://developers.facebook.com/docs/sharing/webmasters/crawler)"
172.71.30.41 - - [30/Jun/2026:20:11:41 +0000] "GET /products/863476580424 HTTP/1.1" 301 4559 "-" "meta-externalagent/1.1 (+https://developers.facebook.com/docs/sharing/webmasters/crawler)"
172.68.71.114 - - [30/Jun/2026:20:12:00 +0000] "GET /items/R472021654/ HTTP/1.1" 301 4555 "-" "meta-externalagent/1.1 (+https://developers.facebook.com/docs/sharing/webmasters/crawler)"
104.22.24.101 - - [30/Jun/2026:20:12:04 +0000] "GET /products/1434130301967 HTTP/1.1" 301 4560 "-" "meta-externalagent/1.1 (+https://developers.facebook.com/docs/sharing/webmasters/crawler)"
172.69.176.127 - - [30/Jun/2026:20:12:12 +0000] "POST /wp-cron.php?doing_wp_cron=1782850332.6262030601501464843750 HTTP/1.1" 200 4035 "-" "WordPress/7.0; https://www.simottodesign.com"
104.22.56.207 - - [30/Jun/2026:20:12:12 +0000] "GET /products/2627488345601 HTTP/1.1" 404 96928 "-" "meta-externalagent/1.1 (+https://developers.facebook.com/docs/sharing/webmasters/crawler)"
104.22.1.17 - - [30/Jun/2026:20:12:14 +0000] "GET /products/1148392441024 HTTP/1.1" 301 4560 "-" "meta-externalagent/1.1 (+https://developers.facebook.com/docs/sharing/webmasters/crawler)"
172.71.23.122 - - [30/Jun/2026:20:12:18 +0000] "GET /products/2201331116226 HTTP/1.1" 404 96928 "-" "meta-externalagent/1.1 (+https://developers.facebook.com/docs/sharing/webmasters/crawler)"
172.71.22.224 - - [30/Jun/2026:20:12:29 +0000] "GET /products/2137643152518 HTTP/1.1" 301 4560 "-" "meta-externalagent/1.1 (+https://developers.facebook.com/docs/sharing/webmasters/crawler)"
104.22.56.207 - - [30/Jun/2026:20:12:33 +0000] "GET /products/5552534260430 HTTP/1.1" 404 96928 "-" "meta-externalagent/1.1 (+https://developers.facebook.com/docs/sharing/webmasters/crawler)"
104.22.1.17 - - [30/Jun/2026:20:12:35 +0000] "GET /products/1441626647036 HTTP/1.1" 301 4560 "-" "meta-externalagent/1.1 (+https://developers.facebook.com/docs/sharing/webmasters/crawler)"
172.71.22.224 - - [30/Jun/2026:20:12:39 +0000] "GET /items/R472724644/ HTTP/1.1" 301 4555 "-" "meta-externalagent/1.1 (+https://developers.facebook.com/docs/sharing/webmasters/crawler)"
108.162.237.97 - - [30/Jun/2026:20:12:42 +0000] "GET /items/R472595124/ HTTP/1.1" 404 96923 "-" "meta-externalagent/1.1 (+https://developers.facebook.com/docs/sharing/webmasters/crawler)"
104.22.24.101 - - [30/Jun/2026:20:12:48 +0000] "GET /items/R472848432/ HTTP/1.1" 301 4555 "-" "meta-externalagent/1.1 (+https://developers.facebook.com/docs/sharing/webmasters/crawler)"
104.22.56.167 - - [30/Jun/2026:20:12:49 +0000] "GET /products/5770498136830 HTTP/1.1" 301 4560 "-" "meta-externalagent/1.1 (+https://developers.facebook.com/docs/sharing/webmasters/crawler)"
172.68.71.114 - - [30/Jun/2026:20:12:54 +0000] "GET /products/5492039225418 HTTP/1.1" 301 4560 "-" "meta-externalagent/1.1 (+https://developers.facebook.com/docs/sharing/webmasters/crawler)"
172.69.70.65 - - [30/Jun/2026:20:12:56 +0000] "GET /products/3476136503372 HTTP/1.1" 301 4560 "-" "meta-externalagent/1.1 (+https://developers.facebook.com/docs/sharing/webmasters/crawler)"
172.71.22.224 - - [30/Jun/2026:20:12:56 +0000] "GET /items/R472379218/ HTTP/1.1" 301 4555 "-" "meta-externalagent/1.1 (+https://developers.facebook.com/docs/sharing/webmasters/crawler)"
104.22.1.17 - - [30/Jun/2026:20:13:01 +0000] "GET /products/2769597416192 HTTP/1.1" 301 4560 "-" "meta-externalagent/1.1 (+https://developers.facebook.com/docs/sharing/webmasters/crawler)"
108.162.238.59 - - [30/Jun/2026:20:13:05 +0000] "GET /products/2664478445523 HTTP/1.1" 301 4560 "-" "meta-externalagent/1.1 (+https://developers.facebook.com/docs/sharing/webmasters/crawler)"
104.22.66.98 - - [30/Jun/2026:20:13:20 +0000] "POST /wp-cron.php?doing_wp_cron=1782850400.7176079750061035156250 HTTP/1.1" 200 4035 "-" "WordPress/7.0; https://www.simottodesign.com"
104.23.245.186 - - [30/Jun/2026:20:13:20 +0000] "GET /items/R471436084/ HTTP/1.1" 301 4555 "-" "meta-externalagent/1.1 (+https://developers.facebook.com/docs/sharing/webmasters/crawler)"
104.22.56.167 - - [30/Jun/2026:20:13:21 +0000] "GET /products/3329583807527 HTTP/1.1" 301 4560 "-" "meta-externalagent/1.1 (+https://developers.facebook.com/docs/sharing/webmasters/crawler)"
104.22.56.167 - - [30/Jun/2026:20:13:26 +0000] "GET /products/2580594762115 HTTP/1.1" 301 4560 "-" "meta-externalagent/1.1 (+https://developers.facebook.com/docs/sharing/webmasters/crawler)"
104.22.56.167 - - [30/Jun/2026:20:13:41 +0000] "GET /items/R474937884/ HTTP/1.1" 301 4555 "-" "meta-externalagent/1.1 (+https://developers.facebook.com/docs/sharing/webmasters/crawler)"
104.22.24.101 - - [30/Jun/2026:20:13:46 +0000] "GET /products/2734008551909 HTTP/1.1" 301 4560 "-" "meta-externalagent/1.1 (+https://developers.facebook.com/docs/sharing/webmasters/crawler)"
104.22.56.167 - - [30/Jun/2026:20:13:50 +0000] "GET /products/3035817212807 HTTP/1.1" 301 4560 "-" "meta-externalagent/1.1 (+https://developers.facebook.com/docs/sharing/webmasters/crawler)"
108.162.238.59 - - [30/Jun/2026:20:13:58 +0000] "GET /products/1940764170300 HTTP/1.1" 301 4560 "-" "meta-externalagent/1.1 (+https://developers.facebook.com/docs/sharing/webmasters/crawler)"
172.69.176.126 - - [30/Jun/2026:20:14:15 +0000] "POST /wp-cron.php?doing_wp_cron=1782850455.5324900150299072265625 HTTP/1.1" 200 4035 "-" "WordPress/7.0; https://www.simottodesign.com"
108.162.238.59 - - [30/Jun/2026:20:14:14 +0000] "GET /items/R472612299/ HTTP/1.1" 301 4555 "-" "meta-externalagent/1.1 (+https://developers.facebook.com/docs/sharing/webmasters/crawler)"
172.71.22.225 - - [30/Jun/2026:20:14:25 +0000] "GET /products/4670073308624 HTTP/1.1" 301 4560 "-" "meta-externalagent/1.1 (+https://developers.facebook.com/docs/sharing/webmasters/crawler)"
172.71.30.134 - - [30/Jun/2026:20:14:36 +0000] "GET /products/2019075512521 HTTP/1.1" 404 96928 "-" "meta-externalagent/1.1 (+https://developers.facebook.com/docs/sharing/webmasters/crawler)"
104.22.24.210 - - [30/Jun/2026:20:14:47 +0000] "GET /products/526549584510 HTTP/1.1" 404 96922 "-" "meta-externalagent/1.1 (+https://developers.facebook.com/docs/sharing/webmasters/crawler)"
172.71.30.41 - - [30/Jun/2026:20:14:54 +0000] "GET /items/R472435778/ HTTP/1.1" 301 4555 "-" "meta-externalagent/1.1 (+https://developers.facebook.com/docs/sharing/webmasters/crawler)"
172.71.124.201 - - [30/Jun/2026:20:15:17 +0000] "POST /wp-cron.php?doing_wp_cron=1782850517.8365130424499511718750 HTTP/1.1" 200 4035 "-" "WordPress/7.0; https://www.simottodesign.com"
104.22.56.206 - - [30/Jun/2026:20:15:17 +0000] "GET /products/2369691463384 HTTP/1.1" 404 96928 "-" "meta-externalagent/1.1 (+https://developers.facebook.com/docs/sharing/webmasters/crawler)"
172.69.70.65 - - [30/Jun/2026:20:15:20 +0000] "GET /items/R473684097/ HTTP/1.1" 301 4555 "-" "meta-externalagent/1.1 (+https://developers.facebook.com/docs/sharing/webmasters/crawler)"
104.22.100.60 - - [30/Jun/2026:20:15:28 +0000] "GET /items/H835082067/ HTTP/1.1" 404 96923 "-" "Mozilla/5.0 AppleWebKit/537.36 (KHTML, like Gecko; compatible; bingbot/2.0; +http://www.bing.com/bingbot.htm) Chrome/116.0.1938.76 Safari/537.36"
172.71.30.41 - - [30/Jun/2026:20:15:28 +0000] "GET /items/R476306149/ HTTP/1.1" 301 4555 "-" "meta-externalagent/1.1 (+https://developers.facebook.com/docs/sharing/webmasters/crawler)"
104.22.24.100 - - [30/Jun/2026:20:15:33 +0000] "GET /items/R474090573/ HTTP/1.1" 301 4555 "-" "meta-externalagent/1.1 (+https://developers.facebook.com/docs/sharing/webmasters/crawler)"
172.71.126.191 - - [30/Jun/2026:20:15:35 +0000] "GET /wp-login.php HTTP/1.1" 200 6481 "-" "Mozilla/5.0 (X11; Ubuntu; Linux x86_64) AppleWebKit/537.36 (KHTML, like Gecko) Chrome/133.0.0.0 Safari/537.36"
172.71.126.230 - - [30/Jun/2026:20:15:36 +0000] "POST /wp-login.php HTTP/1.1" 200 6576 "https://simottodesign.com/wp-login.php" "Mozilla/5.0 (X11; Ubuntu; Linux x86_64) AppleWebKit/537.36 (KHTML, like Gecko) Chrome/133.0.0.0 Safari/537.36"
172.68.71.114 - - [30/Jun/2026:20:15:38 +0000] "GET /products/5654776826793 HTTP/1.1" 301 4560 "-" "meta-externalagent/1.1 (+https://developers.facebook.com/docs/sharing/webmasters/crawler)"
172.68.71.114 - - [30/Jun/2026:20:15:51 +0000] "GET /products/5140481115315 HTTP/1.1" 301 4560 "-" "meta-externalagent/1.1 (+https://developers.facebook.com/docs/sharing/webmasters/crawler)"
104.22.24.100 - - [30/Jun/2026:20:15:52 +0000] "GET /items/R471835833/ HTTP/1.1" 301 4555 "-" "meta-externalagent/1.1 (+https://developers.facebook.com/docs/sharing/webmasters/crawler)"
162.158.107.13 - - [30/Jun/2026:20:16:44 +0000] "POST /wp-cron.php?doing_wp_cron=1782850604.3063080310821533203125 HTTP/1.1" 200 4035 "-" "WordPress/7.0; https://www.simottodesign.com"
172.69.166.124 - - [30/Jun/2026:20:16:43 +0000] "GET /wp-content/plugins/hellopress/wp_filemanager.php HTTP/1.1" 301 4586 "-" "-"
162.158.170.241 - - [30/Jun/2026:20:16:44 +0000] "GET /wp-content/plugins/hellopress/wp_filemanager.php HTTP/1.1" 404 96954 "-" "-"
172.69.166.124 - - [30/Jun/2026:20:16:45 +0000] "GET /this_is_a_new_hello_world.php HTTP/1.1" 403 4800 "-" "-"
172.69.166.124 - - [30/Jun/2026:20:16:45 +0000] "GET /.well-known/file.php HTTP/1.1" 301 4558 "-" "-"
162.158.170.241 - - [30/Jun/2026:20:16:46 +0000] "GET /.well-known/file.php HTTP/1.1" 404 96926 "-" "-"
172.69.166.124 - - [30/Jun/2026:20:16:46 +0000] "GET /settings.php HTTP/1.1" 403 4800 "-" "-"
172.69.166.124 - - [30/Jun/2026:20:16:46 +0000] "GET /file_browser.php HTTP/1.1" 403 4800 "-" "-"
172.69.166.124 - - [30/Jun/2026:20:16:46 +0000] "GET /backup.php HTTP/1.1" 403 4800 "-" "-"
172.69.166.124 - - [30/Jun/2026:20:16:46 +0000] "GET /.well-known/text.php HTTP/1.1" 301 4558 "-" "-"
162.158.170.241 - - [30/Jun/2026:20:16:47 +0000] "GET /.well-known/text.php HTTP/1.1" 404 96926 "-" "-"
172.69.166.124 - - [30/Jun/2026:20:16:47 +0000] "GET /wp-signup.php HTTP/1.1" 302 4554 "-" "-"
162.158.170.241 - - [30/Jun/2026:20:16:48 +0000] "GET /wp-login.php?action=register HTTP/1.1" 302 4770 "-" "-"
162.158.170.241 - - [30/Jun/2026:20:16:49 +0000] "GET /wp-login.php?registration=disabled HTTP/1.1" 200 6549 "-" "-"
104.23.175.204 - - [30/Jun/2026:20:17:22 +0000] "POST /wp-cron.php?doing_wp_cron=1782850642.0328559875488281250000 HTTP/1.1" 200 4035 "-" "WordPress/7.0; https://www.simottodesign.com"
104.22.24.101 - - [30/Jun/2026:20:17:21 +0000] "GET /products/1297340588868 HTTP/1.1" 301 4560 "-" "meta-externalagent/1.1 (+https://developers.facebook.com/docs/sharing/webmasters/crawler)"
104.23.245.187 - - [30/Jun/2026:20:17:23 +0000] "GET /items/R472011802/ HTTP/1.1" 301 4555 "-" "meta-externalagent/1.1 (+https://developers.facebook.com/docs/sharing/webmasters/crawler)"
172.71.22.224 - - [30/Jun/2026:20:17:23 +0000] "GET /products/4542159123138 HTTP/1.1" 301 4560 "-" "meta-externalagent/1.1 (+https://developers.facebook.com/docs/sharing/webmasters/crawler)"
104.23.245.187 - - [30/Jun/2026:20:17:36 +0000] "GET /items/R473326093/ HTTP/1.1" 301 4555 "-" "meta-externalagent/1.1 (+https://developers.facebook.com/docs/sharing/webmasters/crawler)"
104.23.245.187 - - [30/Jun/2026:20:17:36 +0000] "GET /products/3418026541199 HTTP/1.1" 301 4560 "-" "meta-externalagent/1.1 (+https://developers.facebook.com/docs/sharing/webmasters/crawler)"
104.23.245.187 - - [30/Jun/2026:20:17:39 +0000] "GET /products/690275438022 HTTP/1.1" 301 4559 "-" "meta-externalagent/1.1 (+https://developers.facebook.com/docs/sharing/webmasters/crawler)"
172.68.71.113 - - [30/Jun/2026:20:17:46 +0000] "GET /items/R472306070/ HTTP/1.1" 301 4555 "-" "meta-externalagent/1.1 (+https://developers.facebook.com/docs/sharing/webmasters/crawler)"
162.159.120.161 - - [30/Jun/2026:20:17:58 +0000] "GET /products/706015796133 HTTP/1.1" 404 96922 "-" "Mozilla/5.0 (Linux; Android 6.0.1; Nexus 5X Build/MMB29P) AppleWebKit/537.36 (KHTML, like Gecko) Chrome/149.0.7827.200 Mobile Safari/537.36 (compatible; Googlebot/2.1; +http://www.google.com/bot.html)"
172.71.22.224 - - [30/Jun/2026:20:18:00 +0000] "GET /products/947470666341 HTTP/1.1" 301 4559 "-" "meta-externalagent/1.1 (+https://developers.facebook.com/docs/sharing/webmasters/crawler)"
104.22.24.101 - - [30/Jun/2026:20:18:04 +0000] "GET /products/3729638756865 HTTP/1.1" 301 4560 "-" "meta-externalagent/1.1 (+https://developers.facebook.com/docs/sharing/webmasters/crawler)"
104.22.102.38 - - [30/Jun/2026:20:18:05 +0000] "GET /r/item/stamp-card/8cb331437145902.html HTTP/1.1" 404 96944 "-" "Mozilla/5.0 AppleWebKit/537.36 (KHTML, like Gecko; compatible; bingbot/2.0; +http://www.bing.com/bingbot.htm) Chrome/116.0.1938.76 Safari/537.36"
104.23.245.187 - - [30/Jun/2026:20:18:06 +0000] "GET /products/2803412237847 HTTP/1.1" 301 4560 "-" "meta-externalagent/1.1 (+https://developers.facebook.com/docs/sharing/webmasters/crawler)"
172.71.124.201 - - [30/Jun/2026:20:18:17 +0000] "POST /wp-cron.php?doing_wp_cron=1782850697.8669829368591308593750 HTTP/1.1" 200 4035 "-" "WordPress/7.0; https://www.simottodesign.com"
104.22.24.101 - - [30/Jun/2026:20:18:17 +0000] "GET /products/3293659193070 HTTP/1.1" 301 4560 "-" "meta-externalagent/1.1 (+https://developers.facebook.com/docs/sharing/webmasters/crawler)"
172.71.22.224 - - [30/Jun/2026:20:18:24 +0000] "GET /products/5866502000274 HTTP/1.1" 301 4560 "-" "meta-externalagent/1.1 (+https://developers.facebook.com/docs/sharing/webmasters/crawler)"
104.22.24.210 - - [30/Jun/2026:20:18:47 +0000] "GET /products/262705355928 HTTP/1.1" 404 96995 "-" "meta-externalagent/1.1 (+https://developers.facebook.com/docs/sharing/webmasters/crawler)"
104.22.56.166 - - [30/Jun/2026:20:18:47 +0000] "GET /products/4811438494919 HTTP/1.1" 301 4560 "-" "meta-externalagent/1.1 (+https://developers.facebook.com/docs/sharing/webmasters/crawler)"
104.22.1.16 - - [30/Jun/2026:20:18:51 +0000] "GET /products/1514728574155 HTTP/1.1" 301 4560 "-" "meta-externalagent/1.1 (+https://developers.facebook.com/docs/sharing/webmasters/crawler)"
104.23.245.187 - - [30/Jun/2026:20:18:55 +0000] "GET /items/R471961287/ HTTP/1.1" 301 4555 "-" "meta-externalagent/1.1 (+https://developers.facebook.com/docs/sharing/webmasters/crawler)"
104.23.245.32 - - [30/Jun/2026:20:19:01 +0000] "GET /products/5398463426910 HTTP/1.1" 404 97001 "-" "meta-externalagent/1.1 (+https://developers.facebook.com/docs/sharing/webmasters/crawler)"
162.159.120.161 - - [30/Jun/2026:20:19:03 +0000] "GET /products/1696635059136 HTTP/1.1" 404 96928 "-" "Mozilla/5.0 (Linux; Android 6.0.1; Nexus 5X Build/MMB29P) AppleWebKit/537.36 (KHTML, like Gecko) Chrome/149.0.7827.200 Mobile Safari/537.36 (compatible; Googlebot/2.1; +http://www.google.com/bot.html)"
104.23.245.187 - - [30/Jun/2026:20:19:05 +0000] "GET /products/4161519039035 HTTP/1.1" 301 4560 "-" "meta-externalagent/1.1 (+https://developers.facebook.com/docs/sharing/webmasters/crawler)"
104.22.24.101 - - [30/Jun/2026:20:19:07 +0000] "GET /products/155868391285 HTTP/1.1" 301 4559 "-" "meta-externalagent/1.1 (+https://developers.facebook.com/docs/sharing/webmasters/crawler)"
172.70.208.126 - - [30/Jun/2026:20:19:10 +0000] "POST /wp-cron.php?doing_wp_cron=1782850750.2480459213256835937500 HTTP/1.1" 200 4035 "-" "WordPress/7.0; https://www.simottodesign.com"
104.22.56.166 - - [30/Jun/2026:20:19:09 +0000] "GET /products/1757369761579 HTTP/1.1" 301 4560 "-" "meta-externalagent/1.1 (+https://developers.facebook.com/docs/sharing/webmasters/crawler)"
104.23.245.187 - - [30/Jun/2026:20:19:10 +0000] "GET /products/4986090041978 HTTP/1.1" 301 4560 "-" "meta-externalagent/1.1 (+https://developers.facebook.com/docs/sharing/webmasters/crawler)"
104.22.1.16 - - [30/Jun/2026:20:19:10 +0000] "GET /products/710088808495 HTTP/1.1" 301 4559 "-" "meta-externalagent/1.1 (+https://developers.facebook.com/docs/sharing/webmasters/crawler)"
104.22.56.166 - - [30/Jun/2026:20:19:15 +0000] "GET /products/968395200388 HTTP/1.1" 301 4559 "-" "meta-externalagent/1.1 (+https://developers.facebook.com/docs/sharing/webmasters/crawler)"
104.23.245.32 - - [30/Jun/2026:20:19:15 +0000] "GET /items/R471203212/ HTTP/1.1" 404 96923 "-" "meta-externalagent/1.1 (+https://developers.facebook.com/docs/sharing/webmasters/crawler)"
104.22.56.166 - - [30/Jun/2026:20:19:18 +0000] "GET /products/1899701149122 HTTP/1.1" 301 4560 "-" "meta-externalagent/1.1 (+https://developers.facebook.com/docs/sharing/webmasters/crawler)"
104.22.24.101 - - [30/Jun/2026:20:19:22 +0000] "GET /products/4906635996290 HTTP/1.1" 301 4560 "-" "meta-externalagent/1.1 (+https://developers.facebook.com/docs/sharing/webmasters/crawler)"
104.23.245.187 - - [30/Jun/2026:20:19:28 +0000] "GET /products/2298977101513 HTTP/1.1" 301 4560 "-" "meta-externalagent/1.1 (+https://developers.facebook.com/docs/sharing/webmasters/crawler)"
104.22.24.210 - - [30/Jun/2026:20:19:36 +0000] "GET /products/60339336654 HTTP/1.1" 404 96926 "-" "meta-externalagent/1.1 (+https://developers.facebook.com/docs/sharing/webmasters/crawler)"
104.23.245.32 - - [30/Jun/2026:20:19:50 +0000] "GET /items/R475629772/ HTTP/1.1" 404 96923 "-" "meta-externalagent/1.1 (+https://developers.facebook.com/docs/sharing/webmasters/crawler)"
108.162.237.97 - - [30/Jun/2026:20:19:51 +0000] "GET /products/1098639486092 HTTP/1.1" 404 96928 "-" "meta-externalagent/1.1 (+https://developers.facebook.com/docs/sharing/webmasters/crawler)"
104.22.1.16 - - [30/Jun/2026:20:19:56 +0000] "GET /items/R476728116/ HTTP/1.1" 301 4555 "-" "meta-externalagent/1.1 (+https://developers.facebook.com/docs/sharing/webmasters/crawler)"
172.71.30.40 - - [30/Jun/2026:20:19:59 +0000] "GET /products/1653086922550 HTTP/1.1" 301 4560 "-" "meta-externalagent/1.1 (+https://developers.facebook.com/docs/sharing/webmasters/crawler)"
104.22.24.101 - - [30/Jun/2026:20:20:02 +0000] "GET /products/1525896411414 HTTP/1.1" 301 4560 "-" "meta-externalagent/1.1 (+https://developers.facebook.com/docs/sharing/webmasters/crawler)"
162.158.108.89 - - [30/Jun/2026:20:20:14 +0000] "POST /wp-cron.php?doing_wp_cron=1782850814.3342559337615966796875 HTTP/1.1" 200 4035 "-" "WordPress/7.0; https://www.simottodesign.com"
104.22.24.101 - - [30/Jun/2026:20:20:13 +0000] "GET /items/R474997322/ HTTP/1.1" 301 4555 "-" "meta-externalagent/1.1 (+https://developers.facebook.com/docs/sharing/webmasters/crawler)"
104.22.56.166 - - [30/Jun/2026:20:20:15 +0000] "GET /products/2792607993428 HTTP/1.1" 301 4560 "-" "meta-externalagent/1.1 (+https://developers.facebook.com/docs/sharing/webmasters/crawler)"
104.22.56.166 - - [30/Jun/2026:20:20:26 +0000] "GET /items/R475486067/ HTTP/1.1" 301 4555 "-" "meta-externalagent/1.1 (+https://developers.facebook.com/docs/sharing/webmasters/crawler)"
104.22.1.16 - - [30/Jun/2026:20:20:47 +0000] "GET /items/R476836544/ HTTP/1.1" 301 4555 "-" "meta-externalagent/1.1 (+https://developers.facebook.com/docs/sharing/webmasters/crawler)"
104.22.1.16 - - [30/Jun/2026:20:20:47 +0000] "GET /products/4038362843865 HTTP/1.1" 301 4560 "-" "meta-externalagent/1.1 (+https://developers.facebook.com/docs/sharing/webmasters/crawler)"
172.68.71.113 - - [30/Jun/2026:20:20:55 +0000] "GET /products/2391930792030 HTTP/1.1" 301 4560 "-" "meta-externalagent/1.1 (+https://developers.facebook.com/docs/sharing/webmasters/crawler)"
104.23.245.187 - - [30/Jun/2026:20:20:58 +0000] "GET /products/226453138352 HTTP/1.1" 301 4559 "-" "meta-externalagent/1.1 (+https://developers.facebook.com/docs/sharing/webmasters/crawler)"
162.158.108.89 - - [30/Jun/2026:20:21:18 +0000] "POST /wp-cron.php?doing_wp_cron=1782850878.2494559288024902343750 HTTP/1.1" 200 4035 "-" "WordPress/7.0; https://www.simottodesign.com"
172.71.30.40 - - [30/Jun/2026:20:21:17 +0000] "GET /products/1234218004238 HTTP/1.1" 301 4560 "-" "meta-externalagent/1.1 (+https://developers.facebook.com/docs/sharing/webmasters/crawler)"
172.69.70.65 - - [30/Jun/2026:20:21:18 +0000] "GET /products/4629800349923 HTTP/1.1" 301 4560 "-" "meta-externalagent/1.1 (+https://developers.facebook.com/docs/sharing/webmasters/crawler)"
104.22.56.166 - - [30/Jun/2026:20:21:21 +0000] "GET /products/1304452097163 HTTP/1.1" 301 4560 "-" "meta-externalagent/1.1 (+https://developers.facebook.com/docs/sharing/webmasters/crawler)"
172.69.70.65 - - [30/Jun/2026:20:21:31 +0000] "GET /products/5223517340320 HTTP/1.1" 301 4560 "-" "meta-externalagent/1.1 (+https://developers.facebook.com/docs/sharing/webmasters/crawler)"
172.71.146.86 - - [30/Jun/2026:20:21:32 +0000] "GET /shopdetail/influencer-promotion/df3f72256939502.html HTTP/1.1" 301 4590 "-" "Mozilla/5.0 AppleWebKit/537.36 (KHTML, like Gecko; compatible; bingbot/2.0; +http://www.bing.com/bingbot.htm) Chrome/116.0.1938.76 Safari/537.36"
104.22.56.166 - - [30/Jun/2026:20:21:42 +0000] "GET /products/54514191395 HTTP/1.1" 301 4558 "-" "meta-externalagent/1.1 (+https://developers.facebook.com/docs/sharing/webmasters/crawler)"
172.71.30.40 - - [30/Jun/2026:20:21:49 +0000] "GET /products/3795527963432 HTTP/1.1" 301 4560 "-" "meta-externalagent/1.1 (+https://developers.facebook.com/docs/sharing/webmasters/crawler)"
172.68.71.113 - - [30/Jun/2026:20:21:49 +0000] "GET /products/3515743646040 HTTP/1.1" 301 4560 "-" "meta-externalagent/1.1 (+https://developers.facebook.com/docs/sharing/webmasters/crawler)"
172.68.71.113 - - [30/Jun/2026:20:21:51 +0000] "GET /products/3048762666060 HTTP/1.1" 301 4560 "-" "meta-externalagent/1.1 (+https://developers.facebook.com/docs/sharing/webmasters/crawler)"
104.22.56.166 - - [30/Jun/2026:20:22:03 +0000] "GET /items/R476098168/ HTTP/1.1" 301 4555 "-" "meta-externalagent/1.1 (+https://developers.facebook.com/docs/sharing/webmasters/crawler)"
104.22.56.166 - - [30/Jun/2026:20:22:05 +0000] "GET /items/R471786970/ HTTP/1.1" 301 4555 "-" "meta-externalagent/1.1 (+https://developers.facebook.com/docs/sharing/webmasters/crawler)"
162.159.120.161 - - [30/Jun/2026:20:22:06 +0000] "GET /products/5074180219826 HTTP/1.1" 404 96928 "-" "Mozilla/5.0 (Linux; Android 6.0.1; Nexus 5X Build/MMB29P) AppleWebKit/537.36 (KHTML, like Gecko) Chrome/149.0.7827.200 Mobile Safari/537.36 (compatible; Googlebot/2.1; +http://www.google.com/bot.html)"
172.70.92.152 - - [30/Jun/2026:20:22:06 +0000] "GET /wp-login.php HTTP/1.1" 200 6481 "-" "Mozilla/5.0 (Windows NT 10.0) AppleWebKit/537.36 (KHTML, like Gecko) Chrome/133.0.0.0 Safari/537.36"
172.70.92.152 - - [30/Jun/2026:20:22:08 +0000] "POST /wp-login.php HTTP/1.1" 200 6553 "https://www.simottodesign.com/wp-login.php" "Mozilla/5.0 (Windows NT 10.0) AppleWebKit/537.36 (KHTML, like Gecko) Chrome/133.0.0.0 Safari/537.36"
108.162.226.185 - - [30/Jun/2026:20:22:19 +0000] "POST /wp-cron.php?doing_wp_cron=1782850939.8365240097045898437500 HTTP/1.1" 200 4035 "-" "WordPress/7.0; https://www.simottodesign.com"
172.71.22.225 - - [30/Jun/2026:20:22:19 +0000] "GET /products/4621648180895 HTTP/1.1" 301 4560 "-" "meta-externalagent/1.1 (+https://developers.facebook.com/docs/sharing/webmasters/crawler)"
104.22.1.201 - - [30/Jun/2026:20:22:21 +0000] "GET /products/3053306493024 HTTP/1.1" 404 96928 "-" "meta-externalagent/1.1 (+https://developers.facebook.com/docs/sharing/webmasters/crawler)"
104.22.56.166 - - [30/Jun/2026:20:22:24 +0000] "GET /products/3133696910124 HTTP/1.1" 301 4560 "-" "meta-externalagent/1.1 (+https://developers.facebook.com/docs/sharing/webmasters/crawler)"
104.22.56.166 - - [30/Jun/2026:20:22:26 +0000] "GET /items/R471218064/ HTTP/1.1" 301 4555 "-" "meta-externalagent/1.1 (+https://developers.facebook.com/docs/sharing/webmasters/crawler)"
104.22.24.211 - - [30/Jun/2026:20:22:31 +0000] "GET /products/1672673047421 HTTP/1.1" 404 96928 "-" "meta-externalagent/1.1 (+https://developers.facebook.com/docs/sharing/webmasters/crawler)"
104.22.56.206 - - [30/Jun/2026:20:22:43 +0000] "GET /items/R474438660/ HTTP/1.1" 404 96923 "-" "meta-externalagent/1.1 (+https://developers.facebook.com/docs/sharing/webmasters/crawler)"
104.22.24.100 - - [30/Jun/2026:20:22:51 +0000] "GET /products/1342182066741 HTTP/1.1" 301 4560 "-" "meta-externalagent/1.1 (+https://developers.facebook.com/docs/sharing/webmasters/crawler)"
162.158.107.14 - - [30/Jun/2026:20:23:11 +0000] "POST /wp-cron.php?doing_wp_cron=1782850990.9917359352111816406250 HTTP/1.1" 200 4035 "-" "WordPress/7.0; https://www.simottodesign.com"
104.22.56.166 - - [30/Jun/2026:20:23:10 +0000] "GET /products/4865337327221 HTTP/1.1" 301 4560 "-" "meta-externalagent/1.1 (+https://developers.facebook.com/docs/sharing/webmasters/crawler)"
172.68.71.113 - - [30/Jun/2026:20:23:12 +0000] "GET /products/1495986450326 HTTP/1.1" 301 4560 "-" "meta-externalagent/1.1 (+https://developers.facebook.com/docs/sharing/webmasters/crawler)"
104.22.1.16 - - [30/Jun/2026:20:23:31 +0000] "GET /products/1933639896967 HTTP/1.1" 301 4560 "-" "meta-externalagent/1.1 (+https://developers.facebook.com/docs/sharing/webmasters/crawler)"
172.71.22.225 - - [30/Jun/2026:20:23:37 +0000] "GET /products/5021064483080 HTTP/1.1" 301 4560 "-" "meta-externalagent/1.1 (+https://developers.facebook.com/docs/sharing/webmasters/crawler)"
104.23.245.186 - - [30/Jun/2026:20:23:50 +0000] "GET /products/987824267210 HTTP/1.1" 301 4559 "-" "meta-externalagent/1.1 (+https://developers.facebook.com/docs/sharing/webmasters/crawler)"
104.22.1.16 - - [30/Jun/2026:20:23:58 +0000] "GET /products/4815008632944 HTTP/1.1" 301 4560 "-" "meta-externalagent/1.1 (+https://developers.facebook.com/docs/sharing/webmasters/crawler)"
172.68.71.113 - - [30/Jun/2026:20:24:01 +0000] "GET /products/258829246320 HTTP/1.1" 301 4559 "-" "meta-externalagent/1.1 (+https://developers.facebook.com/docs/sharing/webmasters/crawler)"
172.71.30.40 - - [30/Jun/2026:20:24:02 +0000] "GET /products/1928727797629 HTTP/1.1" 301 4560 "-" "meta-externalagent/1.1 (+https://developers.facebook.com/docs/sharing/webmasters/crawler)"
104.23.175.205 - - [30/Jun/2026:20:24:09 +0000] "POST /wp-cron.php?doing_wp_cron=1782851049.4644451141357421875000 HTTP/1.1" 200 4035 "-" "WordPress/7.0; https://www.simottodesign.com"
104.23.245.186 - - [30/Jun/2026:20:24:09 +0000] "GET /products/1724465080350 HTTP/1.1" 301 4560 "-" "meta-externalagent/1.1 (+https://developers.facebook.com/docs/sharing/webmasters/crawler)"
162.159.120.161 - - [30/Jun/2026:20:24:27 +0000] "GET /products/61384516140 HTTP/1.1" 404 96999 "-" "Mozilla/5.0 AppleWebKit/537.36 (KHTML, like Gecko; compatible; bingbot/2.0; +http://www.bing.com/bingbot.htm) Chrome/116.0.1938.76 Safari/537.36"
172.71.30.40 - - [30/Jun/2026:20:24:29 +0000] "GET /items/R476070918/ HTTP/1.1" 301 4555 "-" "meta-externalagent/1.1 (+https://developers.facebook.com/docs/sharing/webmasters/crawler)"
172.71.30.40 - - [30/Jun/2026:20:24:32 +0000] "GET /items/R475742618/ HTTP/1.1" 301 4555 "-" "meta-externalagent/1.1 (+https://developers.facebook.com/docs/sharing/webmasters/crawler)"
104.22.24.101 - - [30/Jun/2026:20:24:39 +0000] "GET /items/R471720672/ HTTP/1.1" 301 4555 "-" "meta-externalagent/1.1 (+https://developers.facebook.com/docs/sharing/webmasters/crawler)"
172.71.23.122 - - [30/Jun/2026:20:24:39 +0000] "GET /items/R471085813/ HTTP/1.1" 404 96923 "-" "meta-externalagent/1.1 (+https://developers.facebook.com/docs/sharing/webmasters/crawler)"
104.22.56.206 - - [30/Jun/2026:20:24:54 +0000] "GET /items/R473542659/ HTTP/1.1" 404 96923 "-" "meta-externalagent/1.1 (+https://developers.facebook.com/docs/sharing/webmasters/crawler)"
172.68.71.113 - - [30/Jun/2026:20:24:56 +0000] "GET /products/848729691850 HTTP/1.1" 301 4559 "-" "meta-externalagent/1.1 (+https://developers.facebook.com/docs/sharing/webmasters/crawler)"
104.23.245.32 - - [30/Jun/2026:20:25:03 +0000] "GET /items/R474809992/ HTTP/1.1" 404 96923 "-" "meta-externalagent/1.1 (+https://developers.facebook.com/docs/sharing/webmasters/crawler)"
172.71.30.40 - - [30/Jun/2026:20:25:07 +0000] "GET /products/4803093115674 HTTP/1.1" 301 4560 "-" "meta-externalagent/1.1 (+https://developers.facebook.com/docs/sharing/webmasters/crawler)"
172.71.124.201 - - [30/Jun/2026:20:25:21 +0000] "POST /wp-cron.php?doing_wp_cron=1782851121.1778759956359863281250 HTTP/1.1" 200 4035 "-" "WordPress/7.0; https://www.simottodesign.com"
172.68.71.113 - - [30/Jun/2026:20:25:20 +0000] "GET /products/1050919521087 HTTP/1.1" 301 4560 "-" "meta-externalagent/1.1 (+https://developers.facebook.com/docs/sharing/webmasters/crawler)"
104.22.56.166 - - [30/Jun/2026:20:25:20 +0000] "GET /items/R473991288/ HTTP/1.1" 301 4555 "-" "meta-externalagent/1.1 (+https://developers.facebook.com/docs/sharing/webmasters/crawler)"
172.71.30.40 - - [30/Jun/2026:20:25:26 +0000] "GET /products/2570445823666 HTTP/1.1" 301 4560 "-" "meta-externalagent/1.1 (+https://developers.facebook.com/docs/sharing/webmasters/crawler)"
172.69.70.64 - - [30/Jun/2026:20:25:36 +0000] "GET /items/R473513275/ HTTP/1.1" 301 4555 "-" "meta-externalagent/1.1 (+https://developers.facebook.com/docs/sharing/webmasters/crawler)"
104.22.24.101 - - [30/Jun/2026:20:25:39 +0000] "GET /items/R471824075/ HTTP/1.1" 301 4555 "-" "meta-externalagent/1.1 (+https://developers.facebook.com/docs/sharing/webmasters/crawler)"
172.71.30.40 - - [30/Jun/2026:20:25:57 +0000] "GET /products/4782681156473 HTTP/1.1" 301 4560 "-" "meta-externalagent/1.1 (+https://developers.facebook.com/docs/sharing/webmasters/crawler)"
104.23.245.186 - - [30/Jun/2026:20:26:00 +0000] "GET /products/4524750994099 HTTP/1.1" 301 4560 "-" "meta-externalagent/1.1 (+https://developers.facebook.com/docs/sharing/webmasters/crawler)"
104.22.56.206 - - [30/Jun/2026:20:26:03 +0000] "GET /items/R474813283/ HTTP/1.1" 404 96923 "-" "meta-externalagent/1.1 (+https://developers.facebook.com/docs/sharing/webmasters/crawler)"
104.22.56.166 - - [30/Jun/2026:20:26:03 +0000] "GET /products/3122829321652 HTTP/1.1" 301 4560 "-" "meta-externalagent/1.1 (+https://developers.facebook.com/docs/sharing/webmasters/crawler)"
104.22.56.166 - - [30/Jun/2026:20:26:09 +0000] "GET /items/R471281405/ HTTP/1.1" 301 4555 "-" "meta-externalagent/1.1 (+https://developers.facebook.com/docs/sharing/webmasters/crawler)"
172.70.208.127 - - [30/Jun/2026:20:26:09 +0000] "POST /wp-cron.php?doing_wp_cron=1782851169.5805289745330810546875 HTTP/1.1" 200 4035 "-" "WordPress/7.0; https://www.simottodesign.com"
104.22.1.201 - - [30/Jun/2026:20:26:17 +0000] "GET /products/3085580698313 HTTP/1.1" 404 96928 "-" "meta-externalagent/1.1 (+https://developers.facebook.com/docs/sharing/webmasters/crawler)"
172.68.71.113 - - [30/Jun/2026:20:26:20 +0000] "GET /products/2819836323598 HTTP/1.1" 301 4560 "-" "meta-externalagent/1.1 (+https://developers.facebook.com/docs/sharing/webmasters/crawler)"
172.71.23.121 - - [30/Jun/2026:20:26:38 +0000] "GET /products/3184952551454 HTTP/1.1" 404 96928 "-" "meta-externalagent/1.1 (+https://developers.facebook.com/docs/sharing/webmasters/crawler)"
172.71.22.225 - - [30/Jun/2026:20:26:52 +0000] "GET /products/79363538814 HTTP/1.1" 301 4558 "-" "meta-externalagent/1.1 (+https://developers.facebook.com/docs/sharing/webmasters/crawler)"
104.22.56.206 - - [30/Jun/2026:20:26:53 +0000] "GET /items/R471491578/ HTTP/1.1" 404 96923 "-" "meta-externalagent/1.1 (+https://developers.facebook.com/docs/sharing/webmasters/crawler)"
104.22.24.100 - - [30/Jun/2026:20:26:59 +0000] "GET /products/2547347938024 HTTP/1.1" 301 4560 "-" "meta-externalagent/1.1 (+https://developers.facebook.com/docs/sharing/webmasters/crawler)"
104.22.56.166 - - [30/Jun/2026:20:27:03 +0000] "GET /products/2565559048137 HTTP/1.1" 301 4560 "-" "meta-externalagent/1.1 (+https://developers.facebook.com/docs/sharing/webmasters/crawler)"
172.68.164.127 - - [30/Jun/2026:20:27:13 +0000] "POST /wp-cron.php?doing_wp_cron=1782851233.4485189914703369140625 HTTP/1.1" 200 4035 "-" "WordPress/7.0; https://www.simottodesign.com"
104.22.24.100 - - [30/Jun/2026:20:27:12 +0000] "GET /items/R476671434/ HTTP/1.1" 301 4555 "-" "meta-externalagent/1.1 (+https://developers.facebook.com/docs/sharing/webmasters/crawler)"
172.71.22.225 - - [30/Jun/2026:20:27:57 +0000] "GET /products/5417054335330 HTTP/1.1" 301 4560 "-" "meta-externalagent/1.1 (+https://developers.facebook.com/docs/sharing/webmasters/crawler)"
104.22.56.166 - - [30/Jun/2026:20:27:57 +0000] "GET /products/3194387610379 HTTP/1.1" 301 4560 "-" "meta-externalagent/1.1 (+https://developers.facebook.com/docs/sharing/webmasters/crawler)"
172.68.71.114 - - [30/Jun/2026:20:28:01 +0000] "GET /products/3345967963314 HTTP/1.1" 301 4560 "-" "meta-externalagent/1.1 (+https://developers.facebook.com/docs/sharing/webmasters/crawler)"
172.68.71.114 - - [30/Jun/2026:20:28:02 +0000] "GET /products/3243039739202 HTTP/1.1" 301 4560 "-" "meta-externalagent/1.1 (+https://developers.facebook.com/docs/sharing/webmasters/crawler)"
172.68.164.127 - - [30/Jun/2026:20:28:09 +0000] "POST /wp-cron.php?doing_wp_cron=1782851289.1803190708160400390625 HTTP/1.1" 200 4035 "-" "WordPress/7.0; https://www.simottodesign.com"
172.68.22.176 - - [30/Jun/2026:20:28:08 +0000] "GET /products/3066105914128 HTTP/1.1" 404 96928 "-" "Mozilla/5.0 (Linux; Android 6.0.1; Nexus 5X Build/MMB29P) AppleWebKit/537.36 (KHTML, like Gecko) Chrome/149.0.7827.200 Mobile Safari/537.36 (compatible; Googlebot/2.1; +http://www.google.com/bot.html)"
172.69.70.64 - - [30/Jun/2026:20:28:11 +0000] "GET /items/R474891478/ HTTP/1.1" 301 4555 "-" "meta-externalagent/1.1 (+https://developers.facebook.com/docs/sharing/webmasters/crawler)"
108.162.238.59 - - [30/Jun/2026:20:28:14 +0000] "GET /products/2586346267637 HTTP/1.1" 301 4560 "-" "meta-externalagent/1.1 (+https://developers.facebook.com/docs/sharing/webmasters/crawler)"
104.22.56.166 - - [30/Jun/2026:20:28:14 +0000] "GET /products/1471179973973 HTTP/1.1" 301 4560 "-" "meta-externalagent/1.1 (+https://developers.facebook.com/docs/sharing/webmasters/crawler)"
104.23.245.32 - - [30/Jun/2026:20:28:22 +0000] "GET /products/5847933276366 HTTP/1.1" 404 96928 "-" "meta-externalagent/1.1 (+https://developers.facebook.com/docs/sharing/webmasters/crawler)"
104.23.245.187 - - [30/Jun/2026:20:28:23 +0000] "GET /products/2088291727236 HTTP/1.1" 301 4560 "-" "meta-externalagent/1.1 (+https://developers.facebook.com/docs/sharing/webmasters/crawler)"
104.22.56.166 - - [30/Jun/2026:20:28:29 +0000] "GET /products/2175956322697 HTTP/1.1" 301 4560 "-" "meta-externalagent/1.1 (+https://developers.facebook.com/docs/sharing/webmasters/crawler)"
104.22.56.166 - - [30/Jun/2026:20:28:31 +0000] "GET /items/R472177708/ HTTP/1.1" 301 4555 "-" "meta-externalagent/1.1 (+https://developers.facebook.com/docs/sharing/webmasters/crawler)"
104.22.56.166 - - [30/Jun/2026:20:28:31 +0000] "GET /products/705560920585 HTTP/1.1" 301 4559 "-" "meta-externalagent/1.1 (+https://developers.facebook.com/docs/sharing/webmasters/crawler)"
162.159.120.160 - - [30/Jun/2026:20:28:46 +0000] "GET /shopdetail/coupon/3f4094737957102.html HTTP/1.1" 404 96944 "-" "Mozilla/5.0 (Linux; Android 6.0.1; Nexus 5X Build/MMB29P) AppleWebKit/537.36 (KHTML, like Gecko) Chrome/149.0.7827.200 Mobile Safari/537.36 (compatible; Googlebot/2.1; +http://www.google.com/bot.html)"
104.22.24.100 - - [30/Jun/2026:20:28:51 +0000] "GET /products/1990686140433 HTTP/1.1" 301 4560 "-" "meta-externalagent/1.1 (+https://developers.facebook.com/docs/sharing/webmasters/crawler)"
104.22.56.166 - - [30/Jun/2026:20:28:56 +0000] "GET /products/2354060781970 HTTP/1.1" 301 4560 "-" "meta-externalagent/1.1 (+https://developers.facebook.com/docs/sharing/webmasters/crawler)"
104.22.56.166 - - [30/Jun/2026:20:29:01 +0000] "GET /products/1684637712819 HTTP/1.1" 301 4560 "-" "meta-externalagent/1.1 (+https://developers.facebook.com/docs/sharing/webmasters/crawler)"
172.71.148.147 - - [30/Jun/2026:20:29:03 +0000] "GET /wp-login.php HTTP/1.1" 200 6481 "-" "Mozilla/5.0 (Macintosh; Intel Mac OS X 10_15_7) AppleWebKit/537.36 (KHTML, like Gecko) Chrome/133.0.0.0 Safari/537.36 Edg/133.0.0.0"
162.158.107.13 - - [30/Jun/2026:20:29:07 +0000] "GET /wp-login.php HTTP/1.1" 200 6481 "-" "Mozilla/5.0 (Macintosh; Intel Mac OS X 10_15_7) AppleWebKit/537.36 (KHTML, like Gecko) Chrome/133.0.0.0 Safari/537.36"
162.158.108.88 - - [30/Jun/2026:20:29:09 +0000] "POST /wp-cron.php?doing_wp_cron=1782851349.3774399757385253906250 HTTP/1.1" 200 4035 "-" "WordPress/7.0; https://www.simottodesign.com"
172.71.148.155 - - [30/Jun/2026:20:29:08 +0000] "POST /wp-login.php HTTP/1.1" 200 6576 "https://simottodesign.com/wp-login.php" "Mozilla/5.0 (Macintosh; Intel Mac OS X 10_15_7) AppleWebKit/537.36 (KHTML, like Gecko) Chrome/133.0.0.0 Safari/537.36 Edg/133.0.0.0"
162.158.107.13 - - [30/Jun/2026:20:29:10 +0000] "POST /wp-login.php HTTP/1.1" 200 6576 "https://www.simottodesign.com/wp-login.php" "Mozilla/5.0 (Macintosh; Intel Mac OS X 10_15_7) AppleWebKit/537.36 (KHTML, like Gecko) Chrome/133.0.0.0 Safari/537.36"
104.23.245.187 - - [30/Jun/2026:20:29:13 +0000] "GET /products/803867013713 HTTP/1.1" 301 4559 "-" "meta-externalagent/1.1 (+https://developers.facebook.com/docs/sharing/webmasters/crawler)"
104.22.56.206 - - [30/Jun/2026:20:29:25 +0000] "GET /products/1757617094715 HTTP/1.1" 404 96928 "-" "meta-externalagent/1.1 (+https://developers.facebook.com/docs/sharing/webmasters/crawler)"
104.22.56.166 - - [30/Jun/2026:20:29:32 +0000] "GET /products/871237265417 HTTP/1.1" 301 4559 "-" "meta-externalagent/1.1 (+https://developers.facebook.com/docs/sharing/webmasters/crawler)"
104.22.56.166 - - [30/Jun/2026:20:29:35 +0000] "GET /items/R472703707/ HTTP/1.1" 301 4555 "-" "meta-externalagent/1.1 (+https://developers.facebook.com/docs/sharing/webmasters/crawler)"
104.22.24.100 - - [30/Jun/2026:20:29:36 +0000] "GET /items/R472322503/ HTTP/1.1" 301 4555 "-" "meta-externalagent/1.1 (+https://developers.facebook.com/docs/sharing/webmasters/crawler)"
172.71.30.41 - - [30/Jun/2026:20:29:44 +0000] "GET /products/181765334965 HTTP/1.1" 301 4559 "-" "meta-externalagent/1.1 (+https://developers.facebook.com/docs/sharing/webmasters/crawler)"
172.70.248.15 - - [30/Jun/2026:20:29:46 +0000] "GET / HTTP/1.1" 200 27172 "-" "Mozilla/5.0 (l9scan/2.0.135313e2133313e27363e2237313; +https://leakix.net)"
108.162.245.213 - - [30/Jun/2026:20:29:48 +0000] "GET /products/2653340799180 HTTP/1.1" 301 4560 "-" "Mozilla/5.0 (Linux; Android 6.0.1; Nexus 5X Build/MMB29P) AppleWebKit/537.36 (KHTML, like Gecko) Chrome/149.0.7827.200 Mobile Safari/537.36 (compatible; Googlebot/2.1; +http://www.google.com/bot.html)"
172.70.240.187 - - [30/Jun/2026:20:29:48 +0000] "GET /console/ HTTP/1.1" 404 96914 "-" "Mozilla/5.0 (l9scan/2.0.135313e2133313e27363e2237313; +https://leakix.net)"
162.158.42.196 - - [30/Jun/2026:20:29:49 +0000] "GET /products/2653340799180 HTTP/1.1" 404 96928 "-" "Mozilla/5.0 (Linux; Android 6.0.1; Nexus 5X Build/MMB29P) AppleWebKit/537.36 (KHTML, like Gecko) Chrome/149.0.7827.200 Mobile Safari/537.36 (compatible; Googlebot/2.1; +http://www.google.com/bot.html)"
162.159.120.160 - - [30/Jun/2026:20:29:50 +0000] "GET /products/2222172865069 HTTP/1.1" 404 97001 "-" "Mozilla/5.0 (Linux; Android 6.0.1; Nexus 5X Build/MMB29P) AppleWebKit/537.36 (KHTML, like Gecko) Chrome/149.0.7827.200 Mobile Safari/537.36 (compatible; Googlebot/2.1; +http://www.google.com/bot.html)"
172.71.164.146 - - [30/Jun/2026:20:29:50 +0000] "GET /server HTTP/1.1" 404 96985 "-" "Mozilla/5.0 (l9scan/2.0.135313e2133313e27363e2237313; +https://leakix.net)"
104.22.24.211 - - [30/Jun/2026:20:29:51 +0000] "GET /items/R475888552/ HTTP/1.1" 404 96923 "-" "meta-externalagent/1.1 (+https://developers.facebook.com/docs/sharing/webmasters/crawler)"
172.70.247.103 - - [30/Jun/2026:20:29:53 +0000] "GET /server-status HTTP/1.1" 404 96914 "-" "Mozilla/5.0 (l9scan/2.0.135313e2133313e27363e2237313; +https://leakix.net)"
172.71.23.122 - - [30/Jun/2026:20:29:54 +0000] "GET /items/R474433314/ HTTP/1.1" 404 96996 "-" "meta-externalagent/1.1 (+https://developers.facebook.com/docs/sharing/webmasters/crawler)"
172.69.151.24 - - [30/Jun/2026:20:29:55 +0000] "GET /about HTTP/1.1" 301 4547 "-" "Mozilla/5.0 (l9scan/2.0.135313e2133313e27363e2237313; +https://leakix.net)"
172.71.172.162 - - [30/Jun/2026:20:29:56 +0000] "GET /login.action HTTP/1.1" 404 96918 "-" "Mozilla/5.0 (l9scan/2.0.135313e2133313e27363e2237313; +https://leakix.net)"
172.70.248.15 - - [30/Jun/2026:20:29:58 +0000] "GET / HTTP/1.1" 200 27173 "-" "Mozilla/5.0 (l9scan/2.0.135313e2133313e27363e2237313; +https://leakix.net)"
172.68.71.113 - - [30/Jun/2026:20:29:58 +0000] "GET /products/2148750373415 HTTP/1.1" 301 4560 "-" "meta-externalagent/1.1 (+https://developers.facebook.com/docs/sharing/webmasters/crawler)"
162.158.94.160 - - [30/Jun/2026:20:30:00 +0000] "GET /___proxy_subdomain_whm/login HTTP/1.1" 404 96934 "-" "Mozilla/5.0 (l9scan/2.0.135313e2133313e27363e2237313; +https://leakix.net)"
172.71.148.92 - - [30/Jun/2026:20:30:02 +0000] "GET /___proxy_subdomain_cpanel HTTP/1.1" 404 96931 "-" "Mozilla/5.0 (l9scan/2.0.135313e2133313e27363e2237313; +https://leakix.net)"
172.68.192.154 - - [30/Jun/2026:20:30:06 +0000] "GET /v2/_catalog HTTP/1.1" 404 96917 "-" "Mozilla/5.0 (l9scan/2.0.135313e2133313e27363e2237313; +https://leakix.net)"
172.70.240.187 - - [30/Jun/2026:20:30:07 +0000] "GET /.DS_Store HTTP/1.1" 404 96915 "-" "Mozilla/5.0 (l9scan/2.0.135313e2133313e27363e2237313; +https://leakix.net)"
172.70.247.103 - - [30/Jun/2026:20:30:10 +0000] "GET /.env HTTP/1.1" 403 4800 "-" "Mozilla/5.0 (l9scan/2.0.135313e2133313e27363e2237313; +https://leakix.net)"
104.23.245.147 - - [30/Jun/2026:20:30:10 +0000] "GET /wp-content/uploads/2018/04/Marina_Cove-simotto-design-interior-1.jpeg HTTP/1.1" 200 4046 "-" "meta-webindexer/1.1 (+https://developers.facebook.com/docs/sharing/webmasters/crawler)"
104.23.245.147 - - [30/Jun/2026:20:30:10 +0000] "GET /wp-content/uploads/2018/04/Marina_Cove-simotto-design-interior-1.jpeg HTTP/2.0" 200 183894 "-" "meta-webindexer/1.1 (+https://developers.facebook.com/docs/sharing/webmasters/crawler)"
172.71.144.71 - - [30/Jun/2026:20:30:12 +0000] "GET /ecp/Current/exporttool/microsoft.exchange.ediscovery.exporttool.application HTTP/1.1" 404 96981 "-" "Mozilla/5.0 (l9scan/2.0.135313e2133313e27363e2237313; +https://leakix.net)"
172.69.165.82 - - [30/Jun/2026:20:30:12 +0000] "POST /wp-cron.php?doing_wp_cron=1782851412.9121289253234863281250 HTTP/1.1" 200 4035 "-" "WordPress/7.0; https://www.simottodesign.com"
172.71.172.162 - - [30/Jun/2026:20:30:15 +0000] "GET /.git/config HTTP/1.1" 403 4800 "-" "Mozilla/5.0 (l9scan/2.0.135313e2133313e27363e2237313; +https://leakix.net)"
104.23.175.204 - - [30/Jun/2026:20:30:18 +0000] "POST /wp-cron.php?doing_wp_cron=1782851418.0833590030670166015625 HTTP/1.1" 200 4035 "-" "WordPress/7.0; https://www.simottodesign.com"
172.69.151.24 - - [30/Jun/2026:20:30:17 +0000] "POST /graphql HTTP/1.1" 404 96913 "-" "Mozilla/5.0 (l9scan/2.0.135313e2133313e27363e2237313; +https://leakix.net)"
172.70.247.103 - - [30/Jun/2026:20:30:19 +0000] "POST /api HTTP/1.1" 404 96909 "-" "Mozilla/5.0 (l9scan/2.0.135313e2133313e27363e2237313; +https://leakix.net)"
104.22.24.100 - - [30/Jun/2026:20:30:20 +0000] "GET /products/3456548120803 HTTP/1.1" 301 4560 "-" "meta-externalagent/1.1 (+https://developers.facebook.com/docs/sharing/webmasters/crawler)"
104.23.239.105 - - [30/Jun/2026:20:30:21 +0000] "POST /api/graphql HTTP/1.1" 404 96917 "-" "Mozilla/5.0 (l9scan/2.0.135313e2133313e27363e2237313; +https://leakix.net)"
172.71.164.146 - - [30/Jun/2026:20:30:23 +0000] "POST /graphql/api HTTP/1.1" 404 96917 "-" "Mozilla/5.0 (l9scan/2.0.135313e2133313e27363e2237313; +https://leakix.net)"
172.71.164.146 - - [30/Jun/2026:20:30:25 +0000] "POST /api/gql HTTP/1.1" 404 96913 "-" "Mozilla/5.0 (l9scan/2.0.135313e2133313e27363e2237313; +https://leakix.net)"
104.23.239.105 - - [30/Jun/2026:20:30:27 +0000] "GET /s/135313e2133313e27363e2237313/_/;/META-INF/maven/com.atlassian.jira/jira-webapp-dist/pom.properties HTTP/1.1" 404 97006 "-" "Mozilla/5.0 (l9scan/2.0.135313e2133313e27363e2237313; +https://leakix.net)"
104.22.56.166 - - [30/Jun/2026:20:30:27 +0000] "GET /products/2572236026551 HTTP/1.1" 301 4560 "-" "meta-externalagent/1.1 (+https://developers.facebook.com/docs/sharing/webmasters/crawler)"
104.23.239.105 - - [30/Jun/2026:20:30:29 +0000] "GET /config.json HTTP/1.1" 404 96917 "-" "Mozilla/5.0 (l9scan/2.0.135313e2133313e27363e2237313; +https://leakix.net)"
172.71.148.92 - - [30/Jun/2026:20:30:31 +0000] "GET /telescope/requests HTTP/1.1" 404 96924 "-" "Mozilla/5.0 (l9scan/2.0.135313e2133313e27363e2237313; +https://leakix.net)"
172.71.164.146 - - [30/Jun/2026:20:30:33 +0000] "POST /php-cgi/php-cgi.exe?%ADd+cgi.force_redirect%3D0+%ADd+disable_functions%3D\"\"+%ADd+allow_url_include%3D1+%ADd+auto_prepend_file%3Dphp://input HTTP/1.1" 403 4800 "-" "Mozilla/5.0 (l9scan/2.0.135313e2133313e27363e2237313; +https://leakix.net)"
162.158.111.155 - - [30/Jun/2026:20:30:35 +0000] "GET /info.php HTTP/1.1" 403 4800 "-" "Mozilla/5.0 (l9scan/2.0.135313e2133313e27363e2237313; +https://leakix.net)"
172.70.240.187 - - [30/Jun/2026:20:30:36 +0000] "GET /.well-known/security.txt HTTP/1.1" 404 96930 "-" "Mozilla/5.0 (l9scan/2.0.135313e2133313e27363e2237313; +https://leakix.net)"
172.69.151.24 - - [30/Jun/2026:20:30:38 +0000] "GET /actuator/env HTTP/1.1" 404 96918 "-" "Mozilla/5.0 (l9scan/2.0.135313e2133313e27363e2237313; +https://leakix.net)"
172.70.248.15 - - [30/Jun/2026:20:30:40 +0000] "GET /trace.axd HTTP/1.1" 403 4800 "-" "Mozilla/5.0 (l9scan/2.0.135313e2133313e27363e2237313; +https://leakix.net)"
172.71.172.162 - - [30/Jun/2026:20:30:41 +0000] "GET /@vite/env HTTP/1.1" 404 96915 "-" "Mozilla/5.0 (l9scan/2.0.135313e2133313e27363e2237313; +https://leakix.net)"
172.71.144.71 - - [30/Jun/2026:20:30:43 +0000] "GET /.vscode/sftp.json HTTP/1.1" 404 96923 "-" "Mozilla/5.0 (l9scan/2.0.135313e2133313e27363e2237313; +https://leakix.net)"
104.22.123.17 - - [30/Jun/2026:20:30:45 +0000] "OPTIONS / HTTP/1.1" 200 27041 "-" "Mozilla/5.0 (l9scan/2.0.135313e2133313e27363e2237313; +https://leakix.net)"
172.71.144.71 - - [30/Jun/2026:20:30:47 +0000] "GET /?rest_route=/wp/v2/users/ HTTP/1.1" 200 6101 "-" "Mozilla/5.0 (l9scan/2.0.135313e2133313e27363e2237313; +https://leakix.net)"
104.23.239.105 - - [30/Jun/2026:20:30:49 +0000] "GET /debug/default/view?panel=config HTTP/1.1" 404 96937 "-" "Mozilla/5.0 (l9scan/2.0.135313e2133313e27363e2237313; +https://leakix.net)"
108.162.238.60 - - [30/Jun/2026:20:30:55 +0000] "GET /products/4468150417275 HTTP/1.1" 301 4560 "-" "meta-externalagent/1.1 (+https://developers.facebook.com/docs/sharing/webmasters/crawler)"
172.71.30.40 - - [30/Jun/2026:20:30:59 +0000] "GET /items/R474520466/ HTTP/1.1" 301 4555 "-" "meta-externalagent/1.1 (+https://developers.facebook.com/docs/sharing/webmasters/crawler)"
172.70.143.213 - - [30/Jun/2026:20:31:14 +0000] "POST /wp-cron.php?doing_wp_cron=1782851474.9357109069824218750000 HTTP/1.1" 200 4035 "-" "WordPress/7.0; https://www.simottodesign.com"
104.22.1.17 - - [30/Jun/2026:20:31:14 +0000] "GET /products/2245861701620 HTTP/1.1" 301 4560 "-" "meta-externalagent/1.1 (+https://developers.facebook.com/docs/sharing/webmasters/crawler)"
104.22.56.166 - - [30/Jun/2026:20:31:25 +0000] "GET /items/R473651101/ HTTP/1.1" 301 4555 "-" "meta-externalagent/1.1 (+https://developers.facebook.com/docs/sharing/webmasters/crawler)"
