104.22.56.207 - - [30/Jun/2026:21:24:47 +0000] "GET /products/5706128954574 HTTP/1.1" 404 96928 "-" "meta-externalagent/1.1 (+https://developers.facebook.com/docs/sharing/webmasters/crawler)"
162.158.23.176 - - [30/Jun/2026:21:24:48 +0000] "POST /xmlrpc.php HTTP/1.1" 403 4800 "-" "Jetpack by WordPress.com"
104.23.219.43 - - [30/Jun/2026:21:24:50 +0000] "POST /xmlrpc.php HTTP/1.1" 403 4800 "-" "Jetpack by WordPress.com"
104.22.56.166 - - [30/Jun/2026:21:24:51 +0000] "GET /products/5385487980680 HTTP/1.1" 301 4560 "-" "meta-externalagent/1.1 (+https://developers.facebook.com/docs/sharing/webmasters/crawler)"
172.69.70.64 - - [30/Jun/2026:21:24:56 +0000] "GET /products/5684636732516 HTTP/1.1" 301 4560 "-" "meta-externalagent/1.1 (+https://developers.facebook.com/docs/sharing/webmasters/crawler)"
162.158.23.176 - - [30/Jun/2026:21:24:58 +0000] "POST /xmlrpc.php HTTP/1.1" 200 4457 "-" "Jetpack by WordPress.com (Jetpack 12.1; WordPress 6.1)"
104.23.219.43 - - [30/Jun/2026:21:25:01 +0000] "POST /xmlrpc.php HTTP/1.1" 200 4457 "-" "Jetpack by WordPress.com (Jetpack 12.5; WordPress 6.1)"
172.70.208.126 - - [30/Jun/2026:21:25:10 +0000] "POST /wp-cron.php?doing_wp_cron=1782854710.0383739471435546875000 HTTP/1.1" 200 4035 "-" "WordPress/7.0; https://www.simottodesign.com"
162.158.23.176 - - [30/Jun/2026:21:25:09 +0000] "POST /xmlrpc.php HTTP/1.1" 200 4457 "-" "Jetpack/13.0; WordPress/6.3; http://site80172229.com"
104.23.219.43 - - [30/Jun/2026:21:25:11 +0000] "POST /xmlrpc.php HTTP/1.1" 403 4800 "-" "Jetpack by WordPress.com"
104.22.1.201 - - [30/Jun/2026:21:25:14 +0000] "GET /items/R472330567/ HTTP/1.1" 404 96923 "-" "meta-externalagent/1.1 (+https://developers.facebook.com/docs/sharing/webmasters/crawler)"
172.71.22.224 - - [30/Jun/2026:21:25:19 +0000] "GET /products/754494204240 HTTP/1.1" 301 4559 "-" "meta-externalagent/1.1 (+https://developers.facebook.com/docs/sharing/webmasters/crawler)"
162.158.23.176 - - [30/Jun/2026:21:25:20 +0000] "POST /xmlrpc.php HTTP/1.1" 403 4800 "-" "WordPress.com; https://wordpress.com"
104.22.24.211 - - [30/Jun/2026:21:25:21 +0000] "GET /products/4508488907987 HTTP/1.1" 404 96928 "-" "meta-externalagent/1.1 (+https://developers.facebook.com/docs/sharing/webmasters/crawler)"
104.23.219.43 - - [30/Jun/2026:21:25:21 +0000] "POST /xmlrpc.php HTTP/1.1" 403 4800 "-" "WordPress.com; https://wordpress.com"
104.22.1.201 - - [30/Jun/2026:21:25:23 +0000] "GET /products/3034523387634 HTTP/1.1" 404 96928 "-" "meta-externalagent/1.1 (+https://developers.facebook.com/docs/sharing/webmasters/crawler)"
162.158.23.176 - - [30/Jun/2026:21:25:30 +0000] "POST /xmlrpc.php HTTP/1.1" 200 4457 "-" "Jetpack by WordPress.com (Jetpack 12.1; WordPress 6.4)"
104.22.56.166 - - [30/Jun/2026:21:25:31 +0000] "GET /items/R473742009/ HTTP/1.1" 301 4555 "-" "meta-externalagent/1.1 (+https://developers.facebook.com/docs/sharing/webmasters/crawler)"
104.23.219.43 - - [30/Jun/2026:21:25:32 +0000] "POST /xmlrpc.php HTTP/1.1" 403 4800 "-" "WordPress.com; https://wordpress.com"
104.22.24.211 - - [30/Jun/2026:21:25:34 +0000] "GET /items/R473376276/ HTTP/1.1" 404 96923 "-" "meta-externalagent/1.1 (+https://developers.facebook.com/docs/sharing/webmasters/crawler)"
104.22.1.16 - - [30/Jun/2026:21:25:37 +0000] "GET /items/R471060668/ HTTP/1.1" 301 4555 "-" "meta-externalagent/1.1 (+https://developers.facebook.com/docs/sharing/webmasters/crawler)"
172.71.22.224 - - [30/Jun/2026:21:25:39 +0000] "GET /items/R475303071/ HTTP/1.1" 301 4555 "-" "meta-externalagent/1.1 (+https://developers.facebook.com/docs/sharing/webmasters/crawler)"
104.22.56.166 - - [30/Jun/2026:21:25:39 +0000] "GET /items/R476486162/ HTTP/1.1" 301 4555 "-" "meta-externalagent/1.1 (+https://developers.facebook.com/docs/sharing/webmasters/crawler)"
162.158.23.176 - - [30/Jun/2026:21:25:41 +0000] "POST /xmlrpc.php HTTP/1.1" 200 4457 "-" "Jetpack/13.0; WordPress/6.4; http://site26197717.com"
104.23.219.43 - - [30/Jun/2026:21:25:42 +0000] "POST /xmlrpc.php HTTP/1.1" 403 4800 "-" "WordPress.com; https://wordpress.com"
104.22.1.16 - - [30/Jun/2026:21:25:49 +0000] "GET /products/5662938773188 HTTP/1.1" 301 4560 "-" "meta-externalagent/1.1 (+https://developers.facebook.com/docs/sharing/webmasters/crawler)"
104.23.245.187 - - [30/Jun/2026:21:25:51 +0000] "GET /products/5044548311535 HTTP/1.1" 301 4560 "-" "meta-externalagent/1.1 (+https://developers.facebook.com/docs/sharing/webmasters/crawler)"
162.158.23.176 - - [30/Jun/2026:21:25:52 +0000] "POST /xmlrpc.php HTTP/1.1" 200 4457 "-" "Jetpack by WordPress.com (Jetpack 12.1; WordPress 6.3)"
104.23.219.43 - - [30/Jun/2026:21:25:53 +0000] "POST /xmlrpc.php HTTP/1.1" 200 4457 "-" "Jetpack/12.1; WordPress/6.4; http://site99729302.com"
172.71.30.40 - - [30/Jun/2026:21:25:53 +0000] "GET /products/2334790422796 HTTP/1.1" 301 4560 "-" "meta-externalagent/1.1 (+https://developers.facebook.com/docs/sharing/webmasters/crawler)"
172.71.22.224 - - [30/Jun/2026:21:25:54 +0000] "GET /items/R471878002/ HTTP/1.1" 301 4555 "-" "meta-externalagent/1.1 (+https://developers.facebook.com/docs/sharing/webmasters/crawler)"
162.158.23.176 - - [30/Jun/2026:21:26:02 +0000] "POST /xmlrpc.php HTTP/1.1" 403 4800 "-" "WordPress.com; https://wordpress.com"
104.23.219.43 - - [30/Jun/2026:21:26:03 +0000] "POST /xmlrpc.php HTTP/1.1" 403 4800 "-" "WordPress.com; https://wordpress.com"
162.158.108.89 - - [30/Jun/2026:21:26:13 +0000] "POST /wp-cron.php?doing_wp_cron=1782854773.8639919757843017578125 HTTP/1.1" 200 4035 "-" "WordPress/7.0; https://www.simottodesign.com"
162.158.23.176 - - [30/Jun/2026:21:26:13 +0000] "POST /xmlrpc.php HTTP/1.1" 200 4457 "-" "Jetpack/12.1; WordPress/6.1; http://site27423302.com"
104.23.219.43 - - [30/Jun/2026:21:26:14 +0000] "POST /xmlrpc.php HTTP/1.1" 403 4800 "-" "Jetpack by WordPress.com"
162.158.23.176 - - [30/Jun/2026:21:26:23 +0000] "POST /xmlrpc.php HTTP/1.1" 403 4800 "-" "WordPress.com; https://wordpress.com"
104.23.219.43 - - [30/Jun/2026:21:26:24 +0000] "POST /xmlrpc.php HTTP/1.1" 403 4800 "-" "WordPress.com; https://wordpress.com"
108.162.238.60 - - [30/Jun/2026:21:26:24 +0000] "GET /products/2893812151790 HTTP/1.1" 301 4560 "-" "meta-externalagent/1.1 (+https://developers.facebook.com/docs/sharing/webmasters/crawler)"
172.71.23.121 - - [30/Jun/2026:21:26:26 +0000] "GET /products/5530741083908 HTTP/1.1" 404 96928 "-" "meta-externalagent/1.1 (+https://developers.facebook.com/docs/sharing/webmasters/crawler)"
104.22.24.211 - - [30/Jun/2026:21:26:27 +0000] "GET /items/R473238477/ HTTP/1.1" 404 96923 "-" "meta-externalagent/1.1 (+https://developers.facebook.com/docs/sharing/webmasters/crawler)"
108.162.238.60 - - [30/Jun/2026:21:26:30 +0000] "GET /products/1763962657713 HTTP/1.1" 301 4560 "-" "meta-externalagent/1.1 (+https://developers.facebook.com/docs/sharing/webmasters/crawler)"
104.22.56.166 - - [30/Jun/2026:21:26:33 +0000] "GET /items/R474126500/ HTTP/1.1" 301 4555 "-" "meta-externalagent/1.1 (+https://developers.facebook.com/docs/sharing/webmasters/crawler)"
162.158.23.176 - - [30/Jun/2026:21:26:34 +0000] "POST /xmlrpc.php HTTP/1.1" 200 4457 "-" "Jetpack/13.0; WordPress/6.3; http://site12127903.com"
104.23.219.43 - - [30/Jun/2026:21:26:35 +0000] "POST /xmlrpc.php HTTP/1.1" 200 4457 "-" "Jetpack by WordPress.com (Jetpack 12.1; WordPress 6.2)"
104.22.1.16 - - [30/Jun/2026:21:26:41 +0000] "GET /products/447843955852 HTTP/1.1" 301 4559 "-" "meta-externalagent/1.1 (+https://developers.facebook.com/docs/sharing/webmasters/crawler)"
162.158.23.176 - - [30/Jun/2026:21:26:45 +0000] "POST /xmlrpc.php HTTP/1.1" 403 4800 "-" "Jetpack by WordPress.com"
104.23.219.43 - - [30/Jun/2026:21:26:45 +0000] "POST /xmlrpc.php HTTP/1.1" 403 4800 "-" "WordPress.com; https://wordpress.com"
104.22.1.16 - - [30/Jun/2026:21:26:46 +0000] "GET /items/R475695745/ HTTP/1.1" 301 4555 "-" "meta-externalagent/1.1 (+https://developers.facebook.com/docs/sharing/webmasters/crawler)"
104.22.56.206 - - [30/Jun/2026:21:26:49 +0000] "GET /products/2520689039212 HTTP/1.1" 404 97001 "-" "meta-externalagent/1.1 (+https://developers.facebook.com/docs/sharing/webmasters/crawler)"
172.68.71.113 - - [30/Jun/2026:21:26:49 +0000] "GET /items/R474322187/ HTTP/1.1" 301 4555 "-" "meta-externalagent/1.1 (+https://developers.facebook.com/docs/sharing/webmasters/crawler)"
104.22.56.166 - - [30/Jun/2026:21:26:51 +0000] "GET /items/R471876043/ HTTP/1.1" 301 4555 "-" "meta-externalagent/1.1 (+https://developers.facebook.com/docs/sharing/webmasters/crawler)"
162.158.23.176 - - [30/Jun/2026:21:26:55 +0000] "POST /xmlrpc.php HTTP/1.1" 403 4800 "-" "Jetpack by WordPress.com"
104.23.219.43 - - [30/Jun/2026:21:26:56 +0000] "POST /xmlrpc.php HTTP/1.1" 403 4800 "-" "Jetpack by WordPress.com"
104.22.24.100 - - [30/Jun/2026:21:26:58 +0000] "GET /products/4358635234376 HTTP/1.1" 301 4560 "-" "meta-externalagent/1.1 (+https://developers.facebook.com/docs/sharing/webmasters/crawler)"
104.23.245.186 - - [30/Jun/2026:21:27:00 +0000] "GET /items/R471496206/ HTTP/1.1" 301 4555 "-" "meta-externalagent/1.1 (+https://developers.facebook.com/docs/sharing/webmasters/crawler)"
162.158.23.176 - - [30/Jun/2026:21:27:06 +0000] "POST /xmlrpc.php HTTP/1.1" 403 4800 "-" "WordPress.com; https://wordpress.com"
104.23.219.43 - - [30/Jun/2026:21:27:06 +0000] "POST /xmlrpc.php HTTP/1.1" 200 4457 "-" "Jetpack by WordPress.com (Jetpack 12.5; WordPress 6.4)"
162.158.23.176 - - [30/Jun/2026:21:27:17 +0000] "POST /xmlrpc.php HTTP/1.1" 403 4800 "-" "WordPress.com; https://wordpress.com"
172.71.81.82 - - [30/Jun/2026:21:27:17 +0000] "POST /wp-cron.php?doing_wp_cron=1782854837.7373580932617187500000 HTTP/1.1" 200 4035 "-" "WordPress/7.0; https://www.simottodesign.com"
104.23.219.43 - - [30/Jun/2026:21:27:17 +0000] "POST /xmlrpc.php HTTP/1.1" 200 4457 "-" "Jetpack by WordPress.com (Jetpack 12.0; WordPress 6.4)"
104.22.56.206 - - [30/Jun/2026:21:27:18 +0000] "GET /products/3065766137344 HTTP/1.1" 404 96928 "-" "meta-externalagent/1.1 (+https://developers.facebook.com/docs/sharing/webmasters/crawler)"
172.71.30.134 - - [30/Jun/2026:21:27:22 +0000] "GET /products/3381018991534 HTTP/1.1" 404 96928 "-" "meta-externalagent/1.1 (+https://developers.facebook.com/docs/sharing/webmasters/crawler)"
162.158.23.176 - - [30/Jun/2026:21:27:27 +0000] "POST /xmlrpc.php HTTP/1.1" 403 4800 "-" "Jetpack by WordPress.com"
104.23.219.43 - - [30/Jun/2026:21:27:27 +0000] "POST /xmlrpc.php HTTP/1.1" 200 4457 "-" "Jetpack by WordPress.com (Jetpack 12.1; WordPress 6.3)"
104.23.245.186 - - [30/Jun/2026:21:27:34 +0000] "GET /products/1910352556534 HTTP/1.1" 301 4560 "-" "meta-externalagent/1.1 (+https://developers.facebook.com/docs/sharing/webmasters/crawler)"
104.23.219.43 - - [30/Jun/2026:21:27:38 +0000] "POST /xmlrpc.php HTTP/1.1" 403 4800 "-" "WordPress.com; https://wordpress.com"
162.158.23.176 - - [30/Jun/2026:21:27:38 +0000] "POST /xmlrpc.php HTTP/1.1" 403 4800 "-" "WordPress.com; https://wordpress.com"
172.71.22.224 - - [30/Jun/2026:21:27:38 +0000] "GET /products/1311358267898 HTTP/1.1" 301 4560 "-" "meta-externalagent/1.1 (+https://developers.facebook.com/docs/sharing/webmasters/crawler)"
104.22.56.166 - - [30/Jun/2026:21:27:39 +0000] "GET /items/R472856183/ HTTP/1.1" 301 4555 "-" "meta-externalagent/1.1 (+https://developers.facebook.com/docs/sharing/webmasters/crawler)"
172.71.22.224 - - [30/Jun/2026:21:27:40 +0000] "GET /items/R472507164/ HTTP/1.1" 301 4555 "-" "meta-externalagent/1.1 (+https://developers.facebook.com/docs/sharing/webmasters/crawler)"
104.22.1.16 - - [30/Jun/2026:21:27:45 +0000] "GET /products/3902738008792 HTTP/1.1" 301 4560 "-" "meta-externalagent/1.1 (+https://developers.facebook.com/docs/sharing/webmasters/crawler)"
104.23.219.43 - - [30/Jun/2026:21:27:48 +0000] "POST /xmlrpc.php HTTP/1.1" 403 4800 "-" "Jetpack by WordPress.com"
162.158.23.176 - - [30/Jun/2026:21:27:49 +0000] "POST /xmlrpc.php HTTP/1.1" 200 4457 "-" "Jetpack/12.1; WordPress/6.4; http://site35766554.com"
104.22.24.100 - - [30/Jun/2026:21:27:52 +0000] "GET /products/4460070970445 HTTP/1.1" 301 4560 "-" "meta-externalagent/1.1 (+https://developers.facebook.com/docs/sharing/webmasters/crawler)"
172.69.70.65 - - [30/Jun/2026:21:27:53 +0000] "GET /products/4077581480349 HTTP/1.1" 301 4560 "-" "meta-externalagent/1.1 (+https://developers.facebook.com/docs/sharing/webmasters/crawler)"
104.22.1.16 - - [30/Jun/2026:21:27:57 +0000] "GET /products/3249998848330 HTTP/1.1" 301 4560 "-" "meta-externalagent/1.1 (+https://developers.facebook.com/docs/sharing/webmasters/crawler)"
162.159.120.161 - - [30/Jun/2026:21:27:58 +0000] "GET /products/5781459737465 HTTP/1.1" 404 96928 "-" "Mozilla/5.0 (Linux; Android 6.0.1; Nexus 5X Build/MMB29P) AppleWebKit/537.36 (KHTML, like Gecko) Chrome/149.0.7827.200 Mobile Safari/537.36 (compatible; Googlebot/2.1; +http://www.google.com/bot.html)"
104.22.24.100 - - [30/Jun/2026:21:27:59 +0000] "GET /products/5675332882849 HTTP/1.1" 301 4560 "-" "meta-externalagent/1.1 (+https://developers.facebook.com/docs/sharing/webmasters/crawler)"
104.23.219.43 - - [30/Jun/2026:21:27:59 +0000] "POST /xmlrpc.php HTTP/1.1" 200 4457 "-" "Jetpack by WordPress.com (Jetpack 12.0; WordPress 6.1)"
162.158.23.176 - - [30/Jun/2026:21:27:59 +0000] "POST /xmlrpc.php HTTP/1.1" 200 4457 "-" "Jetpack/12.0; WordPress/6.4; http://site80108355.com"
104.23.219.43 - - [30/Jun/2026:21:28:09 +0000] "POST /xmlrpc.php HTTP/1.1" 403 4800 "-" "WordPress.com; https://wordpress.com"
162.158.88.101 - - [30/Jun/2026:21:28:10 +0000] "POST /wp-cron.php?doing_wp_cron=1782854890.7993340492248535156250 HTTP/1.1" 200 4035 "-" "WordPress/7.0; https://www.simottodesign.com"
162.158.23.176 - - [30/Jun/2026:21:28:10 +0000] "POST /xmlrpc.php HTTP/1.1" 200 4457 "-" "Jetpack/12.0; WordPress/6.1; http://site54013338.com"
104.23.219.43 - - [30/Jun/2026:21:28:20 +0000] "POST /xmlrpc.php HTTP/1.1" 200 4457 "-" "Jetpack by WordPress.com (Jetpack 12.1; WordPress 6.2)"
162.158.23.176 - - [30/Jun/2026:21:28:20 +0000] "POST /xmlrpc.php HTTP/1.1" 200 4457 "-" "Jetpack/12.1; WordPress/6.3; http://site53384876.com"
104.22.56.166 - - [30/Jun/2026:21:28:23 +0000] "GET /products/1017261038306 HTTP/1.1" 301 4560 "-" "meta-externalagent/1.1 (+https://developers.facebook.com/docs/sharing/webmasters/crawler)"
172.69.70.65 - - [30/Jun/2026:21:28:27 +0000] "GET /products/5017227690255 HTTP/1.1" 301 4560 "-" "meta-externalagent/1.1 (+https://developers.facebook.com/docs/sharing/webmasters/crawler)"
172.68.71.113 - - [30/Jun/2026:21:28:27 +0000] "GET /products/1139313893462 HTTP/1.1" 301 4560 "-" "meta-externalagent/1.1 (+https://developers.facebook.com/docs/sharing/webmasters/crawler)"
104.23.219.43 - - [30/Jun/2026:21:28:30 +0000] "POST /xmlrpc.php HTTP/1.1" 200 4457 "-" "Jetpack/12.0; WordPress/6.4; http://site27712951.com"
172.71.22.224 - - [30/Jun/2026:21:28:30 +0000] "GET /products/731319660452 HTTP/1.1" 301 4559 "-" "meta-externalagent/1.1 (+https://developers.facebook.com/docs/sharing/webmasters/crawler)"
162.158.23.176 - - [30/Jun/2026:21:28:31 +0000] "POST /xmlrpc.php HTTP/1.1" 403 4800 "-" "Jetpack by WordPress.com"
104.23.219.43 - - [30/Jun/2026:21:28:41 +0000] "POST /xmlrpc.php HTTP/1.1" 200 4457 "-" "Jetpack by WordPress.com (Jetpack 13.0; WordPress 6.4)"
162.158.23.176 - - [30/Jun/2026:21:28:42 +0000] "POST /xmlrpc.php HTTP/1.1" 200 4457 "-" "Jetpack by WordPress.com (Jetpack 12.5; WordPress 6.3)"
162.159.120.161 - - [30/Jun/2026:21:28:45 +0000] "GET /products/4363538634606 HTTP/1.1" 404 96928 "-" "Mozilla/5.0 (Linux; Android 6.0.1; Nexus 5X Build/MMB29P) AppleWebKit/537.36 (KHTML, like Gecko) Chrome/149.0.7827.200 Mobile Safari/537.36 (compatible; Googlebot/2.1; +http://www.google.com/bot.html)"
104.23.245.187 - - [30/Jun/2026:21:28:46 +0000] "GET /items/R474451432/ HTTP/1.1" 301 4555 "-" "meta-externalagent/1.1 (+https://developers.facebook.com/docs/sharing/webmasters/crawler)"
162.159.120.161 - - [30/Jun/2026:21:28:48 +0000] "GET /products/2353183033693 HTTP/1.1" 404 96928 "-" "Mozilla/5.0 (Linux; Android 6.0.1; Nexus 5X Build/MMB29P) AppleWebKit/537.36 (KHTML, like Gecko) Chrome/149.0.7827.200 Mobile Safari/537.36 (compatible; Googlebot/2.1; +http://www.google.com/bot.html)"
162.159.120.161 - - [30/Jun/2026:21:28:50 +0000] "GET /shopdetail/promotion/138924760032102.html HTTP/1.1" 404 96947 "-" "Mozilla/5.0 (Linux; Android 6.0.1; Nexus 5X Build/MMB29P) AppleWebKit/537.36 (KHTML, like Gecko) Chrome/149.0.7827.200 Mobile Safari/537.36 (compatible; Googlebot/2.1; +http://www.google.com/bot.html)"
104.23.219.43 - - [30/Jun/2026:21:28:51 +0000] "POST /xmlrpc.php HTTP/1.1" 403 4800 "-" "Jetpack by WordPress.com"
162.158.23.176 - - [30/Jun/2026:21:28:52 +0000] "POST /xmlrpc.php HTTP/1.1" 200 4457 "-" "Jetpack by WordPress.com (Jetpack 13.0; WordPress 6.2)"
172.71.30.40 - - [30/Jun/2026:21:28:53 +0000] "GET /items/R475139190/ HTTP/1.1" 301 4555 "-" "meta-externalagent/1.1 (+https://developers.facebook.com/docs/sharing/webmasters/crawler)"
104.23.219.43 - - [30/Jun/2026:21:29:02 +0000] "POST /xmlrpc.php HTTP/1.1" 403 4800 "-" "Jetpack by WordPress.com"
162.158.23.176 - - [30/Jun/2026:21:29:03 +0000] "POST /xmlrpc.php HTTP/1.1" 200 4457 "-" "Jetpack/13.0; WordPress/6.1; http://site44115734.com"
104.22.56.207 - - [30/Jun/2026:21:29:07 +0000] "GET /products/2522048779971 HTTP/1.1" 404 97001 "-" "meta-externalagent/1.1 (+https://developers.facebook.com/docs/sharing/webmasters/crawler)"
104.23.245.33 - - [30/Jun/2026:21:29:07 +0000] "GET /products/5435837332433 HTTP/1.1" 404 96928 "-" "meta-externalagent/1.1 (+https://developers.facebook.com/docs/sharing/webmasters/crawler)"
104.23.175.205 - - [30/Jun/2026:21:29:11 +0000] "POST /wp-cron.php?doing_wp_cron=1782854951.2586860656738281250000 HTTP/1.1" 200 4035 "-" "WordPress/7.0; https://www.simottodesign.com"
104.22.24.101 - - [30/Jun/2026:21:29:10 +0000] "GET /products/4768576241380 HTTP/1.1" 301 4560 "-" "meta-externalagent/1.1 (+https://developers.facebook.com/docs/sharing/webmasters/crawler)"
104.23.219.43 - - [30/Jun/2026:21:29:12 +0000] "POST /xmlrpc.php HTTP/1.1" 403 4800 "-" "Jetpack by WordPress.com"
162.158.23.176 - - [30/Jun/2026:21:29:14 +0000] "POST /xmlrpc.php HTTP/1.1" 200 4457 "-" "Jetpack/12.5; WordPress/6.4; http://site67251327.com"
172.71.218.197 - - [30/Jun/2026:21:29:22 +0000] "GET /wp-content/plugins/hellopress/wp_filemanager.php HTTP/1.1" 301 4586 "-" "-"
162.158.23.176 - - [30/Jun/2026:21:29:24 +0000] "POST /xmlrpc.php HTTP/1.1" 403 4800 "-" "Jetpack by WordPress.com"
104.22.56.166 - - [30/Jun/2026:21:29:26 +0000] "GET /items/R471514634/ HTTP/1.1" 301 4555 "-" "meta-externalagent/1.1 (+https://developers.facebook.com/docs/sharing/webmasters/crawler)"
108.162.238.59 - - [30/Jun/2026:21:29:33 +0000] "GET /items/R471942570/ HTTP/1.1" 301 4555 "-" "meta-externalagent/1.1 (+https://developers.facebook.com/docs/sharing/webmasters/crawler)"
162.158.23.176 - - [30/Jun/2026:21:29:35 +0000] "POST /xmlrpc.php HTTP/1.1" 200 4457 "-" "Jetpack/13.0; WordPress/6.2; http://site83982471.com"
104.22.56.166 - - [30/Jun/2026:21:29:40 +0000] "GET /products/284818408238 HTTP/1.1" 301 4559 "-" "meta-externalagent/1.1 (+https://developers.facebook.com/docs/sharing/webmasters/crawler)"
172.68.70.35 - - [30/Jun/2026:21:29:42 +0000] "GET /products/3806876965016 HTTP/1.1" 404 97001 "-" "meta-externalagent/1.1 (+https://developers.facebook.com/docs/sharing/webmasters/crawler)"
104.22.56.166 - - [30/Jun/2026:21:29:42 +0000] "GET /products/269403803316 HTTP/1.1" 301 4559 "-" "meta-externalagent/1.1 (+https://developers.facebook.com/docs/sharing/webmasters/crawler)"
104.22.56.166 - - [30/Jun/2026:21:29:44 +0000] "GET /products/2880605269236 HTTP/1.1" 301 4560 "-" "meta-externalagent/1.1 (+https://developers.facebook.com/docs/sharing/webmasters/crawler)"
162.158.23.176 - - [30/Jun/2026:21:29:46 +0000] "POST /xmlrpc.php HTTP/1.1" 403 4800 "-" "Jetpack by WordPress.com"
172.68.15.232 - - [30/Jun/2026:21:29:51 +0000] "GET /robots.txt HTTP/1.1" 301 4436 "-" "Mozilla/5.0 (Macintosh; Intel Mac OS X 10_10_1) AppleWebKit/600.2.5 (KHTML, like Gecko) Version/8.0.2 Safari/600.2.5 (Gort)"
172.71.222.220 - - [30/Jun/2026:21:29:52 +0000] "GET /robots.txt HTTP/1.1" 200 4439 "-" "Mozilla/5.0 (Macintosh; Intel Mac OS X 10_10_1) AppleWebKit/600.2.5 (KHTML, like Gecko) Version/8.0.2 Safari/600.2.5 (Gort)"
162.158.23.176 - - [30/Jun/2026:21:29:56 +0000] "POST /xmlrpc.php HTTP/1.1" 403 4800 "-" "Jetpack by WordPress.com"
172.69.70.64 - - [30/Jun/2026:21:29:58 +0000] "GET /products/5851367668690 HTTP/1.1" 301 4560 "-" "meta-externalagent/1.1 (+https://developers.facebook.com/docs/sharing/webmasters/crawler)"
162.158.23.176 - - [30/Jun/2026:21:30:07 +0000] "POST /xmlrpc.php HTTP/1.1" 403 4800 "-" "Jetpack by WordPress.com"
104.23.245.187 - - [30/Jun/2026:21:30:07 +0000] "GET /products/405834651008 HTTP/1.1" 301 4559 "-" "meta-externalagent/1.1 (+https://developers.facebook.com/docs/sharing/webmasters/crawler)"
172.71.124.200 - - [30/Jun/2026:21:30:09 +0000] "POST /wp-cron.php?doing_wp_cron=1782855009.1678230762481689453125 HTTP/1.1" 200 4035 "-" "WordPress/7.0; https://www.simottodesign.com"
104.23.245.187 - - [30/Jun/2026:21:30:08 +0000] "GET /items/R474265502/ HTTP/1.1" 301 4555 "-" "meta-externalagent/1.1 (+https://developers.facebook.com/docs/sharing/webmasters/crawler)"
104.22.56.207 - - [30/Jun/2026:21:30:10 +0000] "GET /items/R475562949/ HTTP/1.1" 404 96923 "-" "meta-externalagent/1.1 (+https://developers.facebook.com/docs/sharing/webmasters/crawler)"
162.158.23.176 - - [30/Jun/2026:21:30:17 +0000] "POST /xmlrpc.php HTTP/1.1" 403 4800 "-" "WordPress.com; https://wordpress.com"
162.158.189.203 - - [30/Jun/2026:21:30:20 +0000] "POST /wp-cron.php?doing_wp_cron=1782855020.5727150440216064453125 HTTP/1.1" 200 4035 "-" "WordPress/7.0; https://www.simottodesign.com"
104.22.56.166 - - [30/Jun/2026:21:30:20 +0000] "GET /products/590785978520 HTTP/1.1" 301 4559 "-" "meta-externalagent/1.1 (+https://developers.facebook.com/docs/sharing/webmasters/crawler)"
104.23.245.187 - - [30/Jun/2026:21:30:26 +0000] "GET /items/R473475695/ HTTP/1.1" 301 4555 "-" "meta-externalagent/1.1 (+https://developers.facebook.com/docs/sharing/webmasters/crawler)"
172.68.71.114 - - [30/Jun/2026:21:30:26 +0000] "GET /products/5409085705020 HTTP/1.1" 301 4560 "-" "meta-externalagent/1.1 (+https://developers.facebook.com/docs/sharing/webmasters/crawler)"
162.158.23.176 - - [30/Jun/2026:21:30:28 +0000] "POST /xmlrpc.php HTTP/1.1" 403 4800 "-" "Jetpack by WordPress.com"
104.22.56.166 - - [30/Jun/2026:21:30:28 +0000] "GET /products/3116887015808 HTTP/1.1" 301 4560 "-" "meta-externalagent/1.1 (+https://developers.facebook.com/docs/sharing/webmasters/crawler)"
162.158.23.176 - - [30/Jun/2026:21:30:39 +0000] "POST /xmlrpc.php HTTP/1.1" 403 4800 "-" "Jetpack by WordPress.com"
172.69.70.64 - - [30/Jun/2026:21:30:41 +0000] "GET /products/4247237831043 HTTP/1.1" 301 4560 "-" "meta-externalagent/1.1 (+https://developers.facebook.com/docs/sharing/webmasters/crawler)"
104.23.245.187 - - [30/Jun/2026:21:30:48 +0000] "GET /products/1387231627719 HTTP/1.1" 301 4560 "-" "meta-externalagent/1.1 (+https://developers.facebook.com/docs/sharing/webmasters/crawler)"
162.158.23.176 - - [30/Jun/2026:21:30:49 +0000] "POST /xmlrpc.php HTTP/1.1" 200 4457 "-" "Jetpack/12.1; WordPress/6.3; http://site11740500.com"
172.71.30.40 - - [30/Jun/2026:21:30:50 +0000] "GET /products/4387709540073 HTTP/1.1" 301 4560 "-" "meta-externalagent/1.1 (+https://developers.facebook.com/docs/sharing/webmasters/crawler)"
104.22.56.207 - - [30/Jun/2026:21:30:55 +0000] "GET /items/R473875170/ HTTP/1.1" 404 96923 "-" "meta-externalagent/1.1 (+https://developers.facebook.com/docs/sharing/webmasters/crawler)"
172.69.70.64 - - [30/Jun/2026:21:30:59 +0000] "GET /items/R471374590/ HTTP/1.1" 301 4555 "-" "meta-externalagent/1.1 (+https://developers.facebook.com/docs/sharing/webmasters/crawler)"
162.158.23.176 - - [30/Jun/2026:21:31:00 +0000] "POST /xmlrpc.php HTTP/1.1" 403 4800 "-" "WordPress.com; https://wordpress.com"
104.22.1.16 - - [30/Jun/2026:21:31:03 +0000] "GET /products/1280599261752 HTTP/1.1" 301 4560 "-" "meta-externalagent/1.1 (+https://developers.facebook.com/docs/sharing/webmasters/crawler)"
162.158.23.176 - - [30/Jun/2026:21:31:11 +0000] "POST /xmlrpc.php HTTP/1.1" 403 4800 "-" "Jetpack by WordPress.com"
172.71.124.200 - - [30/Jun/2026:21:31:12 +0000] "POST /wp-cron.php?doing_wp_cron=1782855072.0451910495758056640625 HTTP/1.1" 200 4035 "-" "WordPress/7.0; https://www.simottodesign.com"
104.22.24.100 - - [30/Jun/2026:21:31:11 +0000] "GET /products/2438490486072 HTTP/1.1" 301 4560 "-" "meta-externalagent/1.1 (+https://developers.facebook.com/docs/sharing/webmasters/crawler)"
104.22.56.166 - - [30/Jun/2026:21:31:18 +0000] "GET /items/R472572900/ HTTP/1.1" 301 4555 "-" "meta-externalagent/1.1 (+https://developers.facebook.com/docs/sharing/webmasters/crawler)"
104.23.245.187 - - [30/Jun/2026:21:31:19 +0000] "GET /items/R475151826/ HTTP/1.1" 301 4555 "-" "meta-externalagent/1.1 (+https://developers.facebook.com/docs/sharing/webmasters/crawler)"
162.158.23.176 - - [30/Jun/2026:21:31:21 +0000] "POST /xmlrpc.php HTTP/1.1" 403 4800 "-" "Jetpack by WordPress.com"
104.23.245.187 - - [30/Jun/2026:21:31:22 +0000] "GET /products/5025885591268 HTTP/1.1" 301 4560 "-" "meta-externalagent/1.1 (+https://developers.facebook.com/docs/sharing/webmasters/crawler)"
172.68.71.114 - - [30/Jun/2026:21:31:23 +0000] "GET /products/2822076919874 HTTP/1.1" 301 4560 "-" "meta-externalagent/1.1 (+https://developers.facebook.com/docs/sharing/webmasters/crawler)"
172.71.30.40 - - [30/Jun/2026:21:31:28 +0000] "GET /products/3116977781804 HTTP/1.1" 301 4560 "-" "meta-externalagent/1.1 (+https://developers.facebook.com/docs/sharing/webmasters/crawler)"
162.158.23.176 - - [30/Jun/2026:21:31:32 +0000] "POST /xmlrpc.php HTTP/1.1" 403 4800 "-" "Jetpack by WordPress.com"
104.22.1.16 - - [30/Jun/2026:21:31:39 +0000] "GET /products/2875576360780 HTTP/1.1" 301 4560 "-" "meta-externalagent/1.1 (+https://developers.facebook.com/docs/sharing/webmasters/crawler)"
162.158.23.176 - - [30/Jun/2026:21:31:43 +0000] "POST /xmlrpc.php HTTP/1.1" 403 4800 "-" "WordPress.com; https://wordpress.com"
104.22.1.16 - - [30/Jun/2026:21:31:48 +0000] "GET /products/5742549888853 HTTP/1.1" 301 4560 "-" "meta-externalagent/1.1 (+https://developers.facebook.com/docs/sharing/webmasters/crawler)"
162.158.23.176 - - [30/Jun/2026:21:31:53 +0000] "POST /xmlrpc.php HTTP/1.1" 200 4457 "-" "Jetpack/12.1; WordPress/6.1; http://site94168237.com"
104.22.24.100 - - [30/Jun/2026:21:31:57 +0000] "GET /items/R471792371/ HTTP/1.1" 301 4555 "-" "meta-externalagent/1.1 (+https://developers.facebook.com/docs/sharing/webmasters/crawler)"
162.158.23.176 - - [30/Jun/2026:21:32:04 +0000] "POST /xmlrpc.php HTTP/1.1" 403 4800 "-" "WordPress.com; https://wordpress.com"
104.23.245.187 - - [30/Jun/2026:21:32:05 +0000] "GET /products/4631600737301 HTTP/1.1" 301 4560 "-" "meta-externalagent/1.1 (+https://developers.facebook.com/docs/sharing/webmasters/crawler)"
172.70.92.152 - - [30/Jun/2026:21:32:15 +0000] "POST /wp-cron.php?doing_wp_cron=1782855135.5157821178436279296875 HTTP/1.1" 200 4035 "-" "WordPress/7.0; https://www.simottodesign.com"
162.158.23.176 - - [30/Jun/2026:21:32:15 +0000] "POST /xmlrpc.php HTTP/1.1" 200 4457 "-" "Jetpack by WordPress.com (Jetpack 13.0; WordPress 6.3)"
162.158.23.176 - - [30/Jun/2026:21:32:25 +0000] "POST /xmlrpc.php HTTP/1.1" 200 4457 "-" "Jetpack by WordPress.com (Jetpack 12.0; WordPress 6.2)"
104.22.24.100 - - [30/Jun/2026:21:32:27 +0000] "GET /items/R472622182/ HTTP/1.1" 301 4555 "-" "meta-externalagent/1.1 (+https://developers.facebook.com/docs/sharing/webmasters/crawler)"
104.22.24.100 - - [30/Jun/2026:21:32:35 +0000] "GET /items/R472295667/ HTTP/1.1" 301 4555 "-" "meta-externalagent/1.1 (+https://developers.facebook.com/docs/sharing/webmasters/crawler)"
162.158.23.176 - - [30/Jun/2026:21:32:36 +0000] "POST /xmlrpc.php HTTP/1.1" 200 4457 "-" "Jetpack by WordPress.com (Jetpack 13.0; WordPress 6.4)"
162.158.23.176 - - [30/Jun/2026:21:32:46 +0000] "POST /xmlrpc.php HTTP/1.1" 200 4457 "-" "Jetpack/12.1; WordPress/6.2; http://site25325194.com"
162.158.23.176 - - [30/Jun/2026:21:32:57 +0000] "POST /xmlrpc.php HTTP/1.1" 403 4800 "-" "Jetpack by WordPress.com"
104.22.24.210 - - [30/Jun/2026:21:32:58 +0000] "GET /products/3755653366021 HTTP/1.1" 404 96928 "-" "meta-externalagent/1.1 (+https://developers.facebook.com/docs/sharing/webmasters/crawler)"
162.158.23.176 - - [30/Jun/2026:21:33:08 +0000] "POST /xmlrpc.php HTTP/1.1" 403 4800 "-" "WordPress.com; https://wordpress.com"
104.22.56.167 - - [30/Jun/2026:21:33:07 +0000] "GET /products/161915938198 HTTP/1.1" 301 4559 "-" "meta-externalagent/1.1 (+https://developers.facebook.com/docs/sharing/webmasters/crawler)"
172.70.143.213 - - [30/Jun/2026:21:33:17 +0000] "POST /wp-cron.php?doing_wp_cron=1782855197.8176369667053222656250 HTTP/1.1" 200 4035 "-" "WordPress/7.0; https://www.simottodesign.com"
104.23.245.187 - - [30/Jun/2026:21:33:17 +0000] "GET /items/R472673584/ HTTP/1.1" 301 4555 "-" "meta-externalagent/1.1 (+https://developers.facebook.com/docs/sharing/webmasters/crawler)"
162.158.23.176 - - [30/Jun/2026:21:33:18 +0000] "POST /xmlrpc.php HTTP/1.1" 403 4800 "-" "WordPress.com; https://wordpress.com"
104.23.245.187 - - [30/Jun/2026:21:33:27 +0000] "GET /items/R472706036/ HTTP/1.1" 301 4555 "-" "meta-externalagent/1.1 (+https://developers.facebook.com/docs/sharing/webmasters/crawler)"
104.22.24.100 - - [30/Jun/2026:21:33:27 +0000] "GET /products/3229997656559 HTTP/1.1" 301 4560 "-" "meta-externalagent/1.1 (+https://developers.facebook.com/docs/sharing/webmasters/crawler)"
104.22.56.167 - - [30/Jun/2026:21:33:29 +0000] "GET /products/2267022868349 HTTP/1.1" 301 4560 "-" "meta-externalagent/1.1 (+https://developers.facebook.com/docs/sharing/webmasters/crawler)"
162.158.23.176 - - [30/Jun/2026:21:33:29 +0000] "POST /xmlrpc.php HTTP/1.1" 200 4457 "-" "Jetpack by WordPress.com (Jetpack 12.5; WordPress 6.2)"
104.22.56.167 - - [30/Jun/2026:21:33:34 +0000] "GET /products/3658152129409 HTTP/1.1" 301 4560 "-" "meta-externalagent/1.1 (+https://developers.facebook.com/docs/sharing/webmasters/crawler)"
104.22.56.167 - - [30/Jun/2026:21:33:37 +0000] "GET /products/4937051390768 HTTP/1.1" 301 4560 "-" "meta-externalagent/1.1 (+https://developers.facebook.com/docs/sharing/webmasters/crawler)"
162.158.23.176 - - [30/Jun/2026:21:33:42 +0000] "POST /xmlrpc.php HTTP/1.1" 200 4457 "-" "Jetpack by WordPress.com (Jetpack 12.5; WordPress 6.2)"
172.71.30.40 - - [30/Jun/2026:21:33:45 +0000] "GET /items/R473645957/ HTTP/1.1" 301 4555 "-" "meta-externalagent/1.1 (+https://developers.facebook.com/docs/sharing/webmasters/crawler)"
162.158.23.176 - - [30/Jun/2026:21:33:50 +0000] "POST /xmlrpc.php HTTP/1.1" 200 4457 "-" "Jetpack/12.1; WordPress/6.2; http://site47514165.com"
104.22.24.210 - - [30/Jun/2026:21:33:59 +0000] "GET /products/1396414552585 HTTP/1.1" 404 96928 "-" "meta-externalagent/1.1 (+https://developers.facebook.com/docs/sharing/webmasters/crawler)"
162.158.23.176 - - [30/Jun/2026:21:34:01 +0000] "POST /xmlrpc.php HTTP/1.1" 403 4800 "-" "WordPress.com; https://wordpress.com"
104.23.245.187 - - [30/Jun/2026:21:34:03 +0000] "GET /products/5321260657073 HTTP/1.1" 301 4560 "-" "meta-externalagent/1.1 (+https://developers.facebook.com/docs/sharing/webmasters/crawler)"
162.158.88.101 - - [30/Jun/2026:21:34:09 +0000] "POST /wp-cron.php?doing_wp_cron=1782855249.6981699466705322265625 HTTP/1.1" 200 4035 "-" "WordPress/7.0; https://www.simottodesign.com"
162.158.63.178 - - [30/Jun/2026:21:34:09 +0000] "POST /wp-login.php HTTP/1.1" 200 6632 "-" "Mozilla/5.0 (Windows NT 10.0; Win64; x64) AppleWebKit/537.36 Chrome/129.0.0.0 Safari/537.36"
162.158.23.176 - - [30/Jun/2026:21:34:11 +0000] "POST /xmlrpc.php HTTP/1.1" 200 4457 "-" "Jetpack by WordPress.com (Jetpack 13.0; WordPress 6.1)"
172.71.30.40 - - [30/Jun/2026:21:34:14 +0000] "GET /products/2108908286375 HTTP/1.1" 301 4560 "-" "meta-externalagent/1.1 (+https://developers.facebook.com/docs/sharing/webmasters/crawler)"
108.162.238.59 - - [30/Jun/2026:21:34:18 +0000] "GET /products/3153846505452 HTTP/1.1" 301 4560 "-" "meta-externalagent/1.1 (+https://developers.facebook.com/docs/sharing/webmasters/crawler)"
104.22.24.100 - - [30/Jun/2026:21:34:20 +0000] "GET /items/R476121801/ HTTP/1.1" 301 4555 "-" "meta-externalagent/1.1 (+https://developers.facebook.com/docs/sharing/webmasters/crawler)"
172.69.70.64 - - [30/Jun/2026:21:34:22 +0000] "GET /products/5711543905410 HTTP/1.1" 301 4560 "-" "meta-externalagent/1.1 (+https://developers.facebook.com/docs/sharing/webmasters/crawler)"
162.158.23.176 - - [30/Jun/2026:21:34:22 +0000] "POST /xmlrpc.php HTTP/1.1" 200 4457 "-" "Jetpack by WordPress.com (Jetpack 12.5; WordPress 6.3)"
104.23.245.187 - - [30/Jun/2026:21:34:22 +0000] "GET /products/2706931614317 HTTP/1.1" 301 4560 "-" "meta-externalagent/1.1 (+https://developers.facebook.com/docs/sharing/webmasters/crawler)"
172.68.164.127 - - [30/Jun/2026:21:34:24 +0000] "GET /wp-login.php HTTP/1.1" 200 6481 "-" "Mozilla/5.0 (X11; Fedora; Linux x86_64) AppleWebKit/537.36 (KHTML, like Gecko) Chrome/133.0.0.0 Safari/537.36"
172.68.164.127 - - [30/Jun/2026:21:34:26 +0000] "POST /wp-login.php HTTP/1.1" 200 6553 "https://www.simottodesign.com/wp-login.php" "Mozilla/5.0 (X11; Fedora; Linux x86_64) AppleWebKit/537.36 (KHTML, like Gecko) Chrome/133.0.0.0 Safari/537.36"
162.158.23.176 - - [30/Jun/2026:21:34:33 +0000] "POST /xmlrpc.php HTTP/1.1" 200 4457 "-" "Jetpack/12.5; WordPress/6.4; http://site78970139.com"
104.22.24.100 - - [30/Jun/2026:21:34:40 +0000] "GET /products/1661599761206 HTTP/1.1" 301 4560 "-" "meta-externalagent/1.1 (+https://developers.facebook.com/docs/sharing/webmasters/crawler)"
162.158.23.176 - - [30/Jun/2026:21:34:43 +0000] "POST /xmlrpc.php HTTP/1.1" 403 4800 "-" "Jetpack by WordPress.com"
104.22.24.100 - - [30/Jun/2026:21:34:47 +0000] "GET /products/1525789444784 HTTP/1.1" 301 4560 "-" "meta-externalagent/1.1 (+https://developers.facebook.com/docs/sharing/webmasters/crawler)"
162.158.23.176 - - [30/Jun/2026:21:34:54 +0000] "POST /xmlrpc.php HTTP/1.1" 403 4800 "-" "Jetpack by WordPress.com"
172.71.23.122 - - [30/Jun/2026:21:35:02 +0000] "GET /items/R476537101/ HTTP/1.1" 404 96996 "-" "meta-externalagent/1.1 (+https://developers.facebook.com/docs/sharing/webmasters/crawler)"
172.69.70.64 - - [30/Jun/2026:21:35:03 +0000] "GET /products/1081428960197 HTTP/1.1" 301 4560 "-" "meta-externalagent/1.1 (+https://developers.facebook.com/docs/sharing/webmasters/crawler)"
162.158.23.176 - - [30/Jun/2026:21:35:05 +0000] "POST /xmlrpc.php HTTP/1.1" 403 4800 "-" "Jetpack by WordPress.com"
104.22.24.100 - - [30/Jun/2026:21:35:06 +0000] "GET /products/798276301851 HTTP/1.1" 301 4559 "-" "meta-externalagent/1.1 (+https://developers.facebook.com/docs/sharing/webmasters/crawler)"
172.70.143.213 - - [30/Jun/2026:21:35:16 +0000] "POST /wp-cron.php?doing_wp_cron=1782855316.2988109588623046875000 HTTP/1.1" 200 4035 "-" "WordPress/7.0; https://www.simottodesign.com"
162.158.23.176 - - [30/Jun/2026:21:35:15 +0000] "POST /xmlrpc.php HTTP/1.1" 200 4457 "-" "Jetpack by WordPress.com (Jetpack 12.5; WordPress 6.3)"
172.68.71.113 - - [30/Jun/2026:21:35:23 +0000] "GET /products/2669194020628 HTTP/1.1" 301 4560 "-" "meta-externalagent/1.1 (+https://developers.facebook.com/docs/sharing/webmasters/crawler)"
104.22.56.167 - - [30/Jun/2026:21:35:24 +0000] "GET /products/2628583149868 HTTP/1.1" 301 4560 "-" "meta-externalagent/1.1 (+https://developers.facebook.com/docs/sharing/webmasters/crawler)"
162.158.23.176 - - [30/Jun/2026:21:35:26 +0000] "POST /xmlrpc.php HTTP/1.1" 403 4800 "-" "Jetpack by WordPress.com"
162.158.23.176 - - [30/Jun/2026:21:35:37 +0000] "POST /xmlrpc.php HTTP/1.1" 403 4800 "-" "WordPress.com; https://wordpress.com"
172.71.22.225 - - [30/Jun/2026:21:35:42 +0000] "GET /products/3094753770831 HTTP/1.1" 301 4560 "-" "meta-externalagent/1.1 (+https://developers.facebook.com/docs/sharing/webmasters/crawler)"
162.158.23.176 - - [30/Jun/2026:21:35:47 +0000] "POST /xmlrpc.php HTTP/1.1" 200 4457 "-" "Jetpack by WordPress.com (Jetpack 12.0; WordPress 6.4)"
172.71.30.41 - - [30/Jun/2026:21:35:54 +0000] "GET /products/3751105665261 HTTP/1.1" 301 4560 "-" "meta-externalagent/1.1 (+https://developers.facebook.com/docs/sharing/webmasters/crawler)"
172.71.23.122 - - [30/Jun/2026:21:35:54 +0000] "GET /items/R472384750/ HTTP/1.1" 404 96923 "-" "meta-externalagent/1.1 (+https://developers.facebook.com/docs/sharing/webmasters/crawler)"
172.71.30.41 - - [30/Jun/2026:21:35:56 +0000] "GET /products/5501560585280 HTTP/1.1" 301 4560 "-" "meta-externalagent/1.1 (+https://developers.facebook.com/docs/sharing/webmasters/crawler)"
162.158.23.176 - - [30/Jun/2026:21:35:58 +0000] "POST /xmlrpc.php HTTP/1.1" 200 4457 "-" "Jetpack by WordPress.com (Jetpack 12.1; WordPress 6.2)"
162.158.23.176 - - [30/Jun/2026:21:36:09 +0000] "POST /xmlrpc.php HTTP/1.1" 403 4800 "-" "WordPress.com; https://wordpress.com"
172.71.81.82 - - [30/Jun/2026:21:36:13 +0000] "POST /wp-cron.php?doing_wp_cron=1782855373.9117970466613769531250 HTTP/1.1" 200 4035 "-" "WordPress/7.0; https://www.simottodesign.com"
108.162.238.59 - - [30/Jun/2026:21:36:13 +0000] "GET /items/R471582299/ HTTP/1.1" 301 4555 "-" "meta-externalagent/1.1 (+https://developers.facebook.com/docs/sharing/webmasters/crawler)"
162.158.23.176 - - [30/Jun/2026:21:36:19 +0000] "POST /xmlrpc.php HTTP/1.1" 403 4800 "-" "Jetpack by WordPress.com"
162.158.23.176 - - [30/Jun/2026:21:36:30 +0000] "POST /xmlrpc.php HTTP/1.1" 403 4800 "-" "WordPress.com; https://wordpress.com"
162.158.23.176 - - [30/Jun/2026:21:36:40 +0000] "POST /xmlrpc.php HTTP/1.1" 403 4800 "-" "Jetpack by WordPress.com"
162.158.94.161 - - [30/Jun/2026:21:36:43 +0000] "GET /wp-login.php HTTP/1.1" 200 6481 "-" "Mozilla/5.0 (X11; Linux x86_64) AppleWebKit/537.36 (KHTML, like Gecko) Chrome/133.0.0.0 Safari/537.36 Edg/133.0.0.0"
162.158.95.228 - - [30/Jun/2026:21:36:44 +0000] "POST /wp-login.php HTTP/1.1" 200 6576 "https://www.simottodesign.com/wp-login.php" "Mozilla/5.0 (X11; Linux x86_64) AppleWebKit/537.36 (KHTML, like Gecko) Chrome/133.0.0.0 Safari/537.36 Edg/133.0.0.0"
162.158.23.176 - - [30/Jun/2026:21:36:51 +0000] "POST /xmlrpc.php HTTP/1.1" 200 4457 "-" "Jetpack/13.0; WordPress/6.4; http://site68195643.com"
104.22.24.211 - - [30/Jun/2026:21:36:51 +0000] "GET /items/R474832498/ HTTP/1.1" 404 96923 "-" "meta-externalagent/1.1 (+https://developers.facebook.com/docs/sharing/webmasters/crawler)"
162.158.23.176 - - [30/Jun/2026:21:37:02 +0000] "POST /xmlrpc.php HTTP/1.1" 200 4457 "-" "Jetpack by WordPress.com (Jetpack 12.0; WordPress 6.2)"
104.22.56.167 - - [30/Jun/2026:21:37:06 +0000] "GET /items/R474816566/ HTTP/1.1" 301 4555 "-" "meta-externalagent/1.1 (+https://developers.facebook.com/docs/sharing/webmasters/crawler)"
172.69.165.83 - - [30/Jun/2026:21:37:13 +0000] "POST /wp-cron.php?doing_wp_cron=1782855433.2764980792999267578125 HTTP/1.1" 200 4035 "-" "WordPress/7.0; https://www.simottodesign.com"
162.158.23.176 - - [30/Jun/2026:21:37:12 +0000] "POST /xmlrpc.php HTTP/1.1" 200 4457 "-" "Jetpack by WordPress.com (Jetpack 13.0; WordPress 6.2)"
104.22.24.100 - - [30/Jun/2026:21:37:14 +0000] "GET /items/R473949874/ HTTP/1.1" 301 4555 "-" "meta-externalagent/1.1 (+https://developers.facebook.com/docs/sharing/webmasters/crawler)"
162.158.23.176 - - [30/Jun/2026:21:37:23 +0000] "POST /xmlrpc.php HTTP/1.1" 200 4457 "-" "Jetpack by WordPress.com (Jetpack 12.0; WordPress 6.4)"
172.71.30.41 - - [30/Jun/2026:21:37:28 +0000] "GET /products/4511364360702 HTTP/1.1" 301 4560 "-" "meta-externalagent/1.1 (+https://developers.facebook.com/docs/sharing/webmasters/crawler)"
172.68.71.113 - - [30/Jun/2026:21:37:28 +0000] "GET /items/R473035833/ HTTP/1.1" 301 4555 "-" "meta-externalagent/1.1 (+https://developers.facebook.com/docs/sharing/webmasters/crawler)"
162.158.23.176 - - [30/Jun/2026:21:37:34 +0000] "POST /xmlrpc.php HTTP/1.1" 200 4457 "-" "Jetpack/13.0; WordPress/6.2; http://site88706743.com"
104.23.211.118 - - [30/Jun/2026:21:37:34 +0000] "GET /wp-login.php HTTP/1.1" 200 6481 "-" "Mozilla/5.0 (Windows NT 10.0) AppleWebKit/537.36 (KHTML, like Gecko) Chrome/133.0.0.0 Safari/537.36"
104.23.211.154 - - [30/Jun/2026:21:37:35 +0000] "POST /wp-login.php HTTP/1.1" 200 6553 "https://simottodesign.com/wp-login.php" "Mozilla/5.0 (Windows NT 10.0) AppleWebKit/537.36 (KHTML, like Gecko) Chrome/133.0.0.0 Safari/537.36"
104.22.56.167 - - [30/Jun/2026:21:37:37 +0000] "GET /items/R472534958/ HTTP/1.1" 301 4555 "-" "meta-externalagent/1.1 (+https://developers.facebook.com/docs/sharing/webmasters/crawler)"
104.22.24.100 - - [30/Jun/2026:21:37:41 +0000] "GET /items/R473595057/ HTTP/1.1" 301 4555 "-" "meta-externalagent/1.1 (+https://developers.facebook.com/docs/sharing/webmasters/crawler)"
162.158.23.176 - - [30/Jun/2026:21:37:44 +0000] "POST /xmlrpc.php HTTP/1.1" 403 4800 "-" "WordPress.com; https://wordpress.com"
104.22.1.16 - - [30/Jun/2026:21:37:53 +0000] "GET /products/1615419121150 HTTP/1.1" 301 4560 "-" "meta-externalagent/1.1 (+https://developers.facebook.com/docs/sharing/webmasters/crawler)"
162.159.120.160 - - [30/Jun/2026:21:37:53 +0000] "GET /products/5135736953391 HTTP/1.1" 404 97001 "-" "Mozilla/5.0 (Linux; Android 6.0.1; Nexus 5X Build/MMB29P) AppleWebKit/537.36 (KHTML, like Gecko) Chrome/149.0.7827.200 Mobile Safari/537.36 (compatible; Googlebot/2.1; +http://www.google.com/bot.html)"
162.158.23.176 - - [30/Jun/2026:21:37:55 +0000] "POST /xmlrpc.php HTTP/1.1" 403 4800 "-" "Jetpack by WordPress.com"
104.22.56.167 - - [30/Jun/2026:21:37:57 +0000] "GET /products/4551034915812 HTTP/1.1" 301 4560 "-" "meta-externalagent/1.1 (+https://developers.facebook.com/docs/sharing/webmasters/crawler)"
104.22.24.100 - - [30/Jun/2026:21:37:59 +0000] "GET /products/758862063931 HTTP/1.1" 301 4559 "-" "meta-externalagent/1.1 (+https://developers.facebook.com/docs/sharing/webmasters/crawler)"
162.158.23.176 - - [30/Jun/2026:21:38:06 +0000] "POST /xmlrpc.php HTTP/1.1" 200 4457 "-" "Jetpack by WordPress.com (Jetpack 12.0; WordPress 6.2)"
162.158.23.176 - - [30/Jun/2026:21:38:16 +0000] "POST /xmlrpc.php HTTP/1.1" 403 4800 "-" "Jetpack by WordPress.com"
172.68.164.126 - - [30/Jun/2026:21:38:18 +0000] "POST /wp-cron.php?doing_wp_cron=1782855498.7753479480743408203125 HTTP/1.1" 200 4035 "-" "WordPress/7.0; https://www.simottodesign.com"
172.68.71.113 - - [30/Jun/2026:21:38:18 +0000] "GET /items/R472976152/ HTTP/1.1" 301 4555 "-" "meta-externalagent/1.1 (+https://developers.facebook.com/docs/sharing/webmasters/crawler)"
162.158.23.176 - - [30/Jun/2026:21:38:27 +0000] "POST /xmlrpc.php HTTP/1.1" 200 4457 "-" "Jetpack by WordPress.com (Jetpack 13.0; WordPress 6.1)"
172.68.71.113 - - [30/Jun/2026:21:38:32 +0000] "GET /products/5190160476002 HTTP/1.1" 301 4560 "-" "meta-externalagent/1.1 (+https://developers.facebook.com/docs/sharing/webmasters/crawler)"
162.158.23.176 - - [30/Jun/2026:21:38:37 +0000] "POST /xmlrpc.php HTTP/1.1" 200 4457 "-" "Jetpack by WordPress.com (Jetpack 12.1; WordPress 6.4)"
162.158.23.176 - - [30/Jun/2026:21:38:48 +0000] "POST /xmlrpc.php HTTP/1.1" 200 4457 "-" "Jetpack/12.0; WordPress/6.4; http://site74235822.com"
162.158.23.176 - - [30/Jun/2026:21:38:59 +0000] "POST /xmlrpc.php HTTP/1.1" 200 4457 "-" "Jetpack by WordPress.com (Jetpack 12.5; WordPress 6.3)"
104.22.56.206 - - [30/Jun/2026:21:39:05 +0000] "GET /products/4549950750328 HTTP/1.1" 404 96928 "-" "meta-externalagent/1.1 (+https://developers.facebook.com/docs/sharing/webmasters/crawler)"
162.158.88.101 - - [30/Jun/2026:21:39:10 +0000] "POST /wp-cron.php?doing_wp_cron=1782855550.3183689117431640625000 HTTP/1.1" 200 4035 "-" "WordPress/7.0; https://www.simottodesign.com"
162.158.23.176 - - [30/Jun/2026:21:39:09 +0000] "POST /xmlrpc.php HTTP/1.1" 200 4457 "-" "Jetpack/13.0; WordPress/6.3; http://site89215310.com"
162.158.23.176 - - [30/Jun/2026:21:39:20 +0000] "POST /xmlrpc.php HTTP/1.1" 403 4800 "-" "Jetpack by WordPress.com"
104.22.24.211 - - [30/Jun/2026:21:39:30 +0000] "GET /items/R474874861/ HTTP/1.1" 404 96923 "-" "meta-externalagent/1.1 (+https://developers.facebook.com/docs/sharing/webmasters/crawler)"
162.158.23.176 - - [30/Jun/2026:21:39:31 +0000] "POST /xmlrpc.php HTTP/1.1" 200 4457 "-" "Jetpack by WordPress.com (Jetpack 12.1; WordPress 6.2)"
162.158.23.176 - - [30/Jun/2026:21:39:41 +0000] "POST /xmlrpc.php HTTP/1.1" 403 4800 "-" "WordPress.com; https://wordpress.com"
104.22.56.167 - - [30/Jun/2026:21:39:41 +0000] "GET /products/4795842040498 HTTP/1.1" 301 4560 "-" "meta-externalagent/1.1 (+https://developers.facebook.com/docs/sharing/webmasters/crawler)"
162.158.23.176 - - [30/Jun/2026:21:39:52 +0000] "POST /xmlrpc.php HTTP/1.1" 200 4457 "-" "Jetpack/12.0; WordPress/6.2; http://site85952945.com"
104.22.56.167 - - [30/Jun/2026:21:39:57 +0000] "GET /products/4080953285406 HTTP/1.1" 301 4560 "-" "meta-externalagent/1.1 (+https://developers.facebook.com/docs/sharing/webmasters/crawler)"
172.68.71.114 - - [30/Jun/2026:21:40:01 +0000] "GET /products/4152950305620 HTTP/1.1" 301 4560 "-" "meta-externalagent/1.1 (+https://developers.facebook.com/docs/sharing/webmasters/crawler)"
52.74.152.156 - - [30/Jun/2026:21:40:02 +0000] "GET / HTTP/1.1" 301 4407 "https://simottodesign.com/" "Mozilla/5.0 (Macintosh; Intel Mac OS X 14_4) AppleWebKit/537.36 (KHTML, like Gecko) Chrome/124.0.0.0 Safari/537.36"
162.158.23.176 - - [30/Jun/2026:21:40:03 +0000] "POST /xmlrpc.php HTTP/1.1" 200 4457 "-" "Jetpack/12.1; WordPress/6.3; http://site32935243.com"
52.74.152.156 - - [30/Jun/2026:21:40:03 +0000] "GET / HTTP/1.1" 200 27173 "https://www.simottodesign.com/" "Mozilla/5.0 (Macintosh; Intel Mac OS X 14_4) AppleWebKit/537.36 (KHTML, like Gecko) Chrome/124.0.0.0 Safari/537.36"
162.159.104.89 - - [30/Jun/2026:21:40:05 +0000] "GET /robots.txt HTTP/1.1" 301 4436 "-" "Mozilla/5.0 (Macintosh; Intel Mac OS X 10_15_7) AppleWebKit/537.36 (KHTML, like Gecko) Chrome/131.0.0.0 Safari/537.36; compatible; OAI-SearchBot/1.0; +https://openai.com/searchbot"
172.71.166.254 - - [30/Jun/2026:21:40:06 +0000] "GET /robots.txt HTTP/1.1" 200 4439 "-" "Mozilla/5.0 (Macintosh; Intel Mac OS X 10_15_7) AppleWebKit/537.36 (KHTML, like Gecko) Chrome/131.0.0.0 Safari/537.36; compatible; OAI-SearchBot/1.0; +https://openai.com/searchbot"
104.22.24.100 - - [30/Jun/2026:21:40:08 +0000] "GET /products/5563207277547 HTTP/1.1" 301 4560 "-" "meta-externalagent/1.1 (+https://developers.facebook.com/docs/sharing/webmasters/crawler)"
172.70.189.129 - - [30/Jun/2026:21:40:14 +0000] "POST /wp-cron.php?doing_wp_cron=1782855614.3055689334869384765625 HTTP/1.1" 200 4035 "-" "WordPress/7.0; https://www.simottodesign.com"
162.158.23.176 - - [30/Jun/2026:21:40:13 +0000] "POST /xmlrpc.php HTTP/1.1" 200 4457 "-" "Jetpack/12.5; WordPress/6.1; http://site86405501.com"
162.158.23.176 - - [30/Jun/2026:21:40:24 +0000] "POST /xmlrpc.php HTTP/1.1" 200 4457 "-" "Jetpack/12.5; WordPress/6.2; http://site78046651.com"
162.158.23.176 - - [30/Jun/2026:21:40:35 +0000] "POST /xmlrpc.php HTTP/1.1" 200 4457 "-" "Jetpack/12.1; WordPress/6.4; http://site13766118.com"
162.158.23.176 - - [30/Jun/2026:21:40:45 +0000] "POST /xmlrpc.php HTTP/1.1" 403 4800 "-" "Jetpack by WordPress.com"
162.158.23.176 - - [30/Jun/2026:21:40:56 +0000] "POST /xmlrpc.php HTTP/1.1" 200 4457 "-" "Jetpack by WordPress.com (Jetpack 13.0; WordPress 6.4)"
162.158.23.176 - - [30/Jun/2026:21:41:07 +0000] "POST /xmlrpc.php HTTP/1.1" 403 4800 "-" "Jetpack by WordPress.com"
162.158.189.203 - - [30/Jun/2026:21:41:11 +0000] "POST /wp-cron.php?doing_wp_cron=1782855671.0124020576477050781250 HTTP/1.1" 200 4035 "-" "WordPress/7.0; https://www.simottodesign.com"
104.22.1.17 - - [30/Jun/2026:21:41:10 +0000] "GET /products/2916280072933 HTTP/1.1" 301 4560 "-" "meta-externalagent/1.1 (+https://developers.facebook.com/docs/sharing/webmasters/crawler)"
172.71.22.225 - - [30/Jun/2026:21:41:15 +0000] "GET /items/R474018159/ HTTP/1.1" 301 4555 "-" "meta-externalagent/1.1 (+https://developers.facebook.com/docs/sharing/webmasters/crawler)"
162.158.23.176 - - [30/Jun/2026:21:41:17 +0000] "POST /xmlrpc.php HTTP/1.1" 403 4800 "-" "Jetpack by WordPress.com"
104.22.56.207 - - [30/Jun/2026:21:41:18 +0000] "GET /products/5311300028603 HTTP/1.1" 404 96928 "-" "meta-externalagent/1.1 (+https://developers.facebook.com/docs/sharing/webmasters/crawler)"
162.158.23.176 - - [30/Jun/2026:21:41:28 +0000] "POST /xmlrpc.php HTTP/1.1" 403 4800 "-" "Jetpack by WordPress.com"
108.162.238.60 - - [30/Jun/2026:21:41:29 +0000] "GET /products/3388307892032 HTTP/1.1" 301 4560 "-" "meta-externalagent/1.1 (+https://developers.facebook.com/docs/sharing/webmasters/crawler)"
162.158.23.176 - - [30/Jun/2026:21:41:38 +0000] "POST /xmlrpc.php HTTP/1.1" 403 4800 "-" "Jetpack by WordPress.com"
162.158.23.176 - - [30/Jun/2026:21:41:49 +0000] "POST /xmlrpc.php HTTP/1.1" 403 4800 "-" "WordPress.com; https://wordpress.com"
172.69.70.64 - - [30/Jun/2026:21:41:51 +0000] "GET /products/5101690549633 HTTP/1.1" 301 4560 "-" "meta-externalagent/1.1 (+https://developers.facebook.com/docs/sharing/webmasters/crawler)"
104.22.1.17 - - [30/Jun/2026:21:41:56 +0000] "GET /products/45835334205 HTTP/1.1" 301 4558 "-" "meta-externalagent/1.1 (+https://developers.facebook.com/docs/sharing/webmasters/crawler)"
162.158.23.176 - - [30/Jun/2026:21:42:00 +0000] "POST /xmlrpc.php HTTP/1.1" 200 4457 "-" "Jetpack by WordPress.com (Jetpack 12.5; WordPress 6.4)"
162.158.23.176 - - [30/Jun/2026:21:42:10 +0000] "POST /xmlrpc.php HTTP/1.1" 403 4800 "-" "WordPress.com; https://wordpress.com"
162.158.88.101 - - [30/Jun/2026:21:42:18 +0000] "POST /wp-cron.php?doing_wp_cron=1782855738.7523610591888427734375 HTTP/1.1" 200 4035 "-" "WordPress/7.0; https://www.simottodesign.com"
104.22.1.17 - - [30/Jun/2026:21:42:18 +0000] "GET /products/1748571916014 HTTP/1.1" 301 4560 "-" "meta-externalagent/1.1 (+https://developers.facebook.com/docs/sharing/webmasters/crawler)"
