172.71.22.225 - - [30/Jun/2026:10:48:35 +0000] "GET /products/4221257131034 HTTP/1.1" 301 4159 "-" "meta-externalagent/1.1 (+https://developers.facebook.com/docs/sharing/webmasters/crawler)"
172.68.164.43 - - [30/Jun/2026:10:48:40 +0000] "POST /xmlrpc.php HTTP/1.1" 200 4217 "-" "Jetpack/12.0; WordPress/6.1; http://site87609707.com"
172.68.164.43 - - [30/Jun/2026:10:48:51 +0000] "POST /xmlrpc.php HTTP/1.1" 200 4217 "-" "Jetpack/12.5; WordPress/6.1; http://site23230400.com"
104.23.175.204 - - [30/Jun/2026:10:48:52 +0000] "GET /wp-login.php HTTP/1.1" 200 6260 "-" "Mozilla/5.0 (Windows NT 10.0) AppleWebKit/537.36 (KHTML, like Gecko) Chrome/133.0.0.0 Safari/537.36"
104.23.175.204 - - [30/Jun/2026:10:48:54 +0000] "POST /wp-login.php HTTP/1.1" 200 6397 "https://www.simottodesign.com/wp-login.php" "Mozilla/5.0 (Windows NT 10.0) AppleWebKit/537.36 (KHTML, like Gecko) Chrome/133.0.0.0 Safari/537.36"
172.68.164.43 - - [30/Jun/2026:10:49:01 +0000] "POST /xmlrpc.php HTTP/1.1" 403 4800 "-" "Jetpack by WordPress.com"
172.68.164.43 - - [30/Jun/2026:10:49:12 +0000] "POST /xmlrpc.php HTTP/1.1" 403 4800 "-" "Jetpack by WordPress.com"
172.70.143.212 - - [30/Jun/2026:10:49:23 +0000] "POST /wp-cron.php?doing_wp_cron=1782816563.5680859088897705078125 HTTP/1.1" 200 4035 "-" "WordPress/7.0; https://www.simottodesign.com"
172.68.164.43 - - [30/Jun/2026:10:49:22 +0000] "POST /xmlrpc.php HTTP/1.1" 200 4217 "-" "Jetpack by WordPress.com (Jetpack 12.5; WordPress 6.3)"
104.23.245.186 - - [30/Jun/2026:10:49:30 +0000] "GET /products/3038375906544 HTTP/1.1" 301 4159 "-" "meta-externalagent/1.1 (+https://developers.facebook.com/docs/sharing/webmasters/crawler)"
104.23.245.32 - - [30/Jun/2026:10:49:31 +0000] "GET /items/R474555768/ HTTP/1.1" 404 99752 "-" "meta-externalagent/1.1 (+https://developers.facebook.com/docs/sharing/webmasters/crawler)"
172.68.164.43 - - [30/Jun/2026:10:49:33 +0000] "POST /xmlrpc.php HTTP/1.1" 403 4800 "-" "WordPress.com; https://wordpress.com"
172.68.164.43 - - [30/Jun/2026:10:49:43 +0000] "POST /xmlrpc.php HTTP/1.1" 200 4217 "-" "Jetpack/12.0; WordPress/6.3; http://site71088895.com"
172.68.164.43 - - [30/Jun/2026:10:49:54 +0000] "POST /xmlrpc.php HTTP/1.1" 200 4217 "-" "Jetpack/12.1; WordPress/6.1; http://site78450740.com"
172.68.164.43 - - [30/Jun/2026:10:50:04 +0000] "POST /xmlrpc.php HTTP/1.1" 403 4800 "-" "WordPress.com; https://wordpress.com"
172.71.22.138 - - [30/Jun/2026:10:50:04 +0000] "GET /products/855419269818 HTTP/1.1" 301 4158 "-" "meta-externalagent/1.1 (+https://developers.facebook.com/docs/sharing/webmasters/crawler)"
104.22.1.16 - - [30/Jun/2026:10:50:07 +0000] "GET /items/R471987776/ HTTP/1.1" 301 4154 "-" "meta-externalagent/1.1 (+https://developers.facebook.com/docs/sharing/webmasters/crawler)"
172.71.81.81 - - [30/Jun/2026:10:50:12 +0000] "POST /wp-cron.php?doing_wp_cron=1782816612.9163510799407958984375 HTTP/1.1" 200 4035 "-" "WordPress/7.0; https://www.simottodesign.com"
172.71.30.40 - - [30/Jun/2026:10:50:12 +0000] "GET /items/R475444933/ HTTP/1.1" 301 4154 "-" "meta-externalagent/1.1 (+https://developers.facebook.com/docs/sharing/webmasters/crawler)"
172.68.164.43 - - [30/Jun/2026:10:50:15 +0000] "POST /xmlrpc.php HTTP/1.1" 403 4800 "-" "WordPress.com; https://wordpress.com"
172.68.164.43 - - [30/Jun/2026:10:50:25 +0000] "POST /xmlrpc.php HTTP/1.1" 200 4217 "-" "Jetpack/12.5; WordPress/6.3; http://site30817298.com"
172.68.164.43 - - [30/Jun/2026:10:50:36 +0000] "POST /xmlrpc.php HTTP/1.1" 403 4800 "-" "WordPress.com; https://wordpress.com"
172.68.164.43 - - [30/Jun/2026:10:50:46 +0000] "POST /xmlrpc.php HTTP/1.1" 403 4800 "-" "Jetpack by WordPress.com"
104.22.24.100 - - [30/Jun/2026:10:50:51 +0000] "GET /products/642576813171 HTTP/1.1" 301 4158 "-" "meta-externalagent/1.1 (+https://developers.facebook.com/docs/sharing/webmasters/crawler)"
172.68.164.43 - - [30/Jun/2026:10:50:57 +0000] "POST /xmlrpc.php HTTP/1.1" 200 4217 "-" "Jetpack by WordPress.com (Jetpack 13.0; WordPress 6.3)"
104.22.56.166 - - [30/Jun/2026:10:50:58 +0000] "GET /products/4659621752017 HTTP/1.1" 301 4159 "-" "meta-externalagent/1.1 (+https://developers.facebook.com/docs/sharing/webmasters/crawler)"
172.68.164.43 - - [30/Jun/2026:10:51:07 +0000] "POST /xmlrpc.php HTTP/1.1" 403 4800 "-" "WordPress.com; https://wordpress.com"
172.70.143.212 - - [30/Jun/2026:10:51:09 +0000] "POST /wp-cron.php?doing_wp_cron=1782816669.8574130535125732421875 HTTP/1.1" 200 4035 "-" "WordPress/7.0; https://www.simottodesign.com"
104.22.72.11 - - [30/Jun/2026:10:51:09 +0000] "GET /products/4013033999156 HTTP/1.1" 404 99757 "-" "Mozilla/5.0 AppleWebKit/537.36 (KHTML, like Gecko; compatible; bingbot/2.0; +http://www.bing.com/bingbot.htm) Chrome/116.0.1938.76 Safari/537.36"
172.68.164.43 - - [30/Jun/2026:10:51:18 +0000] "POST /xmlrpc.php HTTP/1.1" 200 4217 "-" "Jetpack by WordPress.com (Jetpack 12.5; WordPress 6.2)"
104.22.72.11 - - [30/Jun/2026:10:51:21 +0000] "GET /products/4143269530948 HTTP/1.1" 404 99757 "-" "Mozilla/5.0 (Linux; Android 6.0.1; Nexus 5X Build/MMB29P) AppleWebKit/537.36 (KHTML, like Gecko) Chrome/148.0.7778.96 Mobile Safari/537.36 (compatible; Googlebot/2.1; +http://www.google.com/bot.html)"
162.159.120.160 - - [30/Jun/2026:10:51:23 +0000] "GET /products/2043389513618 HTTP/1.1" 404 99830 "-" "Mozilla/5.0 (Linux; Android 6.0.1; Nexus 5X Build/MMB29P) AppleWebKit/537.36 (KHTML, like Gecko) Chrome/148.0.7778.96 Mobile Safari/537.36 (compatible; Googlebot/2.1; +http://www.google.com/bot.html)"
172.68.22.176 - - [30/Jun/2026:10:51:25 +0000] "GET /products/3539562928461 HTTP/1.1" 404 99757 "-" "Mozilla/5.0 (Linux; Android 6.0.1; Nexus 5X Build/MMB29P) AppleWebKit/537.36 (KHTML, like Gecko) Chrome/148.0.7778.96 Mobile Safari/537.36 (compatible; Googlebot/2.1; +http://www.google.com/bot.html)"
172.68.164.43 - - [30/Jun/2026:10:51:28 +0000] "POST /xmlrpc.php HTTP/1.1" 200 4217 "-" "Jetpack/12.5; WordPress/6.4; http://site52590404.com"
172.68.164.43 - - [30/Jun/2026:10:51:39 +0000] "POST /xmlrpc.php HTTP/1.1" 200 4217 "-" "Jetpack/13.0; WordPress/6.4; http://site80468218.com"
104.22.56.166 - - [30/Jun/2026:10:51:45 +0000] "GET /products/573177656785 HTTP/1.1" 301 4158 "-" "meta-externalagent/1.1 (+https://developers.facebook.com/docs/sharing/webmasters/crawler)"
104.22.1.17 - - [30/Jun/2026:10:51:46 +0000] "GET /items/R474964724/ HTTP/1.1" 301 4154 "-" "meta-externalagent/1.1 (+https://developers.facebook.com/docs/sharing/webmasters/crawler)"
104.23.245.186 - - [30/Jun/2026:10:51:49 +0000] "GET /products/4856195022840 HTTP/1.1" 301 4159 "-" "meta-externalagent/1.1 (+https://developers.facebook.com/docs/sharing/webmasters/crawler)"
172.68.164.43 - - [30/Jun/2026:10:51:49 +0000] "POST /xmlrpc.php HTTP/1.1" 403 4800 "-" "Jetpack by WordPress.com"
104.23.245.186 - - [30/Jun/2026:10:51:57 +0000] "GET /products/1642273611531 HTTP/1.1" 301 4159 "-" "meta-externalagent/1.1 (+https://developers.facebook.com/docs/sharing/webmasters/crawler)"
172.68.164.43 - - [30/Jun/2026:10:52:00 +0000] "POST /xmlrpc.php HTTP/1.1" 403 4800 "-" "WordPress.com; https://wordpress.com"
172.68.71.114 - - [30/Jun/2026:10:52:06 +0000] "GET /products/4102163971177 HTTP/1.1" 301 4159 "-" "meta-externalagent/1.1 (+https://developers.facebook.com/docs/sharing/webmasters/crawler)"
172.68.164.43 - - [30/Jun/2026:10:52:11 +0000] "POST /xmlrpc.php HTTP/1.1" 403 4800 "-" "WordPress.com; https://wordpress.com"
172.70.208.126 - - [30/Jun/2026:10:52:22 +0000] "POST /wp-cron.php?doing_wp_cron=1782816742.0786449909210205078125 HTTP/1.1" 200 4035 "-" "WordPress/7.0; https://www.simottodesign.com"
172.68.164.43 - - [30/Jun/2026:10:52:21 +0000] "POST /xmlrpc.php HTTP/1.1" 200 4217 "-" "Jetpack/12.5; WordPress/6.3; http://site39203924.com"
172.71.30.40 - - [30/Jun/2026:10:52:25 +0000] "GET /products/5356765675771 HTTP/1.1" 301 4159 "-" "meta-externalagent/1.1 (+https://developers.facebook.com/docs/sharing/webmasters/crawler)"
162.159.120.160 - - [30/Jun/2026:10:52:26 +0000] "GET /products/3754318788958 HTTP/1.1" 404 99757 "-" "Mozilla/5.0 (Linux; Android 6.0.1; Nexus 5X Build/MMB29P) AppleWebKit/537.36 (KHTML, like Gecko) Chrome/148.0.7778.96 Mobile Safari/537.36 (compatible; Googlebot/2.1; +http://www.google.com/bot.html)"
104.22.1.17 - - [30/Jun/2026:10:52:26 +0000] "GET /products/2494331170564 HTTP/1.1" 301 4159 "-" "meta-externalagent/1.1 (+https://developers.facebook.com/docs/sharing/webmasters/crawler)"
108.162.238.59 - - [30/Jun/2026:10:52:31 +0000] "GET /items/R474663927/ HTTP/1.1" 301 4154 "-" "meta-externalagent/1.1 (+https://developers.facebook.com/docs/sharing/webmasters/crawler)"
172.68.164.43 - - [30/Jun/2026:10:52:31 +0000] "POST /xmlrpc.php HTTP/1.1" 200 4217 "-" "Jetpack/12.1; WordPress/6.3; http://site66193912.com"
104.22.56.166 - - [30/Jun/2026:10:52:36 +0000] "GET /products/117987229816 HTTP/1.1" 301 4158 "-" "meta-externalagent/1.1 (+https://developers.facebook.com/docs/sharing/webmasters/crawler)"
104.22.56.166 - - [30/Jun/2026:10:52:36 +0000] "GET /products/1373841254888 HTTP/1.1" 301 4159 "-" "meta-externalagent/1.1 (+https://developers.facebook.com/docs/sharing/webmasters/crawler)"
104.22.56.166 - - [30/Jun/2026:10:52:41 +0000] "GET /items/R474707863/ HTTP/1.1" 301 4154 "-" "meta-externalagent/1.1 (+https://developers.facebook.com/docs/sharing/webmasters/crawler)"
172.68.164.43 - - [30/Jun/2026:10:52:42 +0000] "POST /xmlrpc.php HTTP/1.1" 403 4800 "-" "WordPress.com; https://wordpress.com"
172.68.164.43 - - [30/Jun/2026:10:52:52 +0000] "POST /xmlrpc.php HTTP/1.1" 200 4217 "-" "Jetpack by WordPress.com (Jetpack 13.0; WordPress 6.4)"
172.68.164.43 - - [30/Jun/2026:10:53:03 +0000] "POST /xmlrpc.php HTTP/1.1" 200 4217 "-" "Jetpack by WordPress.com (Jetpack 12.0; WordPress 6.3)"
104.22.24.100 - - [30/Jun/2026:10:53:05 +0000] "GET /products/3180558449944 HTTP/1.1" 301 4159 "-" "meta-externalagent/1.1 (+https://developers.facebook.com/docs/sharing/webmasters/crawler)"
172.70.143.212 - - [30/Jun/2026:10:53:11 +0000] "POST /wp-cron.php?doing_wp_cron=1782816791.7283020019531250000000 HTTP/1.1" 200 4035 "-" "WordPress/7.0; https://www.simottodesign.com"
104.22.56.207 - - [30/Jun/2026:10:53:11 +0000] "GET /items/R474824194/ HTTP/1.1" 404 99752 "-" "meta-externalagent/1.1 (+https://developers.facebook.com/docs/sharing/webmasters/crawler)"
172.68.164.43 - - [30/Jun/2026:10:53:13 +0000] "POST /xmlrpc.php HTTP/1.1" 200 4217 "-" "Jetpack by WordPress.com (Jetpack 12.1; WordPress 6.1)"
104.22.1.17 - - [30/Jun/2026:10:53:13 +0000] "GET /items/R471538077/ HTTP/1.1" 301 4154 "-" "meta-externalagent/1.1 (+https://developers.facebook.com/docs/sharing/webmasters/crawler)"
172.68.164.43 - - [30/Jun/2026:10:53:24 +0000] "POST /xmlrpc.php HTTP/1.1" 403 4800 "-" "Jetpack by WordPress.com"
104.23.245.186 - - [30/Jun/2026:10:53:25 +0000] "GET /products/3822566021199 HTTP/1.1" 301 4159 "-" "meta-externalagent/1.1 (+https://developers.facebook.com/docs/sharing/webmasters/crawler)"
172.68.22.176 - - [30/Jun/2026:10:53:27 +0000] "GET /products/5422549873631 HTTP/1.1" 404 99757 "-" "Mozilla/5.0 (Linux; Android 6.0.1; Nexus 5X Build/MMB29P) AppleWebKit/537.36 (KHTML, like Gecko) Chrome/148.0.7778.96 Mobile Safari/537.36 (compatible; Googlebot/2.1; +http://www.google.com/bot.html)"
172.68.164.43 - - [30/Jun/2026:10:53:34 +0000] "POST /xmlrpc.php HTTP/1.1" 200 4217 "-" "Jetpack/12.1; WordPress/6.4; http://site22232674.com"
104.22.1.17 - - [30/Jun/2026:10:53:42 +0000] "GET /products/5597522338962 HTTP/1.1" 301 4159 "-" "meta-externalagent/1.1 (+https://developers.facebook.com/docs/sharing/webmasters/crawler)"
172.68.164.43 - - [30/Jun/2026:10:53:45 +0000] "POST /xmlrpc.php HTTP/1.1" 403 4800 "-" "WordPress.com; https://wordpress.com"
172.71.30.41 - - [30/Jun/2026:10:53:54 +0000] "GET /items/R476053639/ HTTP/1.1" 301 4154 "-" "meta-externalagent/1.1 (+https://developers.facebook.com/docs/sharing/webmasters/crawler)"
172.68.164.43 - - [30/Jun/2026:10:53:55 +0000] "POST /xmlrpc.php HTTP/1.1" 200 4217 "-" "Jetpack/12.1; WordPress/6.4; http://site27046014.com"
172.68.164.43 - - [30/Jun/2026:10:54:06 +0000] "POST /xmlrpc.php HTTP/1.1" 200 4217 "-" "Jetpack by WordPress.com (Jetpack 13.0; WordPress 6.1)"
172.70.208.126 - - [30/Jun/2026:10:54:09 +0000] "POST /wp-cron.php?doing_wp_cron=1782816849.7988739013671875000000 HTTP/1.1" 200 4035 "-" "WordPress/7.0; https://www.simottodesign.com"
172.71.22.139 - - [30/Jun/2026:10:54:09 +0000] "GET /items/R476094652/ HTTP/1.1" 301 4154 "-" "meta-externalagent/1.1 (+https://developers.facebook.com/docs/sharing/webmasters/crawler)"
172.68.164.43 - - [30/Jun/2026:10:54:16 +0000] "POST /xmlrpc.php HTTP/1.1" 403 4800 "-" "Jetpack by WordPress.com"
104.23.245.186 - - [30/Jun/2026:10:54:19 +0000] "GET /products/3729363396498 HTTP/1.1" 301 4159 "-" "meta-externalagent/1.1 (+https://developers.facebook.com/docs/sharing/webmasters/crawler)"
172.71.22.139 - - [30/Jun/2026:10:54:20 +0000] "GET /products/3902142636706 HTTP/1.1" 301 4159 "-" "meta-externalagent/1.1 (+https://developers.facebook.com/docs/sharing/webmasters/crawler)"
172.68.164.43 - - [30/Jun/2026:10:54:27 +0000] "POST /xmlrpc.php HTTP/1.1" 403 4800 "-" "WordPress.com; https://wordpress.com"
162.159.120.160 - - [30/Jun/2026:10:54:27 +0000] "GET /products/5556989640822 HTTP/1.1" 404 99757 "-" "Mozilla/5.0 (Linux; Android 6.0.1; Nexus 5X Build/MMB29P) AppleWebKit/537.36 (KHTML, like Gecko) Chrome/148.0.7778.96 Mobile Safari/537.36 (compatible; Googlebot/2.1; +http://www.google.com/bot.html)"
104.22.24.210 - - [30/Jun/2026:10:54:36 +0000] "GET /products/2655220126465 HTTP/1.1" 404 99830 "-" "meta-externalagent/1.1 (+https://developers.facebook.com/docs/sharing/webmasters/crawler)"
172.68.164.43 - - [30/Jun/2026:10:54:37 +0000] "POST /xmlrpc.php HTTP/1.1" 403 4800 "-" "WordPress.com; https://wordpress.com"
172.71.30.41 - - [30/Jun/2026:10:54:39 +0000] "GET /items/R474292750/ HTTP/1.1" 301 4154 "-" "meta-externalagent/1.1 (+https://developers.facebook.com/docs/sharing/webmasters/crawler)"
172.68.164.43 - - [30/Jun/2026:10:54:48 +0000] "POST /xmlrpc.php HTTP/1.1" 200 4217 "-" "Jetpack/12.1; WordPress/6.4; http://site98805709.com"
172.69.70.64 - - [30/Jun/2026:10:54:50 +0000] "GET /items/R472858764/ HTTP/1.1" 301 4154 "-" "meta-externalagent/1.1 (+https://developers.facebook.com/docs/sharing/webmasters/crawler)"
104.22.1.17 - - [30/Jun/2026:10:54:56 +0000] "GET /products/955016745351 HTTP/1.1" 301 4158 "-" "meta-externalagent/1.1 (+https://developers.facebook.com/docs/sharing/webmasters/crawler)"
172.68.164.43 - - [30/Jun/2026:10:54:58 +0000] "POST /xmlrpc.php HTTP/1.1" 200 4217 "-" "Jetpack/12.5; WordPress/6.2; http://site78800718.com"
104.22.1.17 - - [30/Jun/2026:10:55:08 +0000] "GET /products/4837848527810 HTTP/1.1" 301 4159 "-" "meta-externalagent/1.1 (+https://developers.facebook.com/docs/sharing/webmasters/crawler)"
172.68.164.43 - - [30/Jun/2026:10:55:09 +0000] "POST /xmlrpc.php HTTP/1.1" 403 4800 "-" "WordPress.com; https://wordpress.com"
172.69.165.82 - - [30/Jun/2026:10:55:20 +0000] "POST /wp-cron.php?doing_wp_cron=1782816920.1883170604705810546875 HTTP/1.1" 200 4035 "-" "WordPress/7.0; https://www.simottodesign.com"
172.68.164.43 - - [30/Jun/2026:10:55:19 +0000] "POST /xmlrpc.php HTTP/1.1" 200 4217 "-" "Jetpack by WordPress.com (Jetpack 12.0; WordPress 6.1)"
162.159.120.160 - - [30/Jun/2026:10:55:28 +0000] "GET /products/2031450265427 HTTP/1.1" 404 99757 "-" "Mozilla/5.0 (Linux; Android 6.0.1; Nexus 5X Build/MMB29P) AppleWebKit/537.36 (KHTML, like Gecko) Chrome/148.0.7778.96 Mobile Safari/537.36 (compatible; Googlebot/2.1; +http://www.google.com/bot.html)"
172.68.164.43 - - [30/Jun/2026:10:55:30 +0000] "POST /xmlrpc.php HTTP/1.1" 403 4800 "-" "WordPress.com; https://wordpress.com"
104.23.245.186 - - [30/Jun/2026:10:55:29 +0000] "GET /items/R473107228/ HTTP/1.1" 301 4154 "-" "meta-externalagent/1.1 (+https://developers.facebook.com/docs/sharing/webmasters/crawler)"
172.68.22.176 - - [30/Jun/2026:10:55:30 +0000] "GET /products/5019802937086 HTTP/1.1" 404 99757 "-" "Mozilla/5.0 (Linux; Android 6.0.1; Nexus 5X Build/MMB29P) AppleWebKit/537.36 (KHTML, like Gecko) Chrome/148.0.7778.96 Mobile Safari/537.36 (compatible; Googlebot/2.1; +http://www.google.com/bot.html)"
104.22.56.207 - - [30/Jun/2026:10:55:36 +0000] "GET /products/3654566736332 HTTP/1.1" 404 99757 "-" "meta-externalagent/1.1 (+https://developers.facebook.com/docs/sharing/webmasters/crawler)"
172.68.164.43 - - [30/Jun/2026:10:55:40 +0000] "POST /xmlrpc.php HTTP/1.1" 403 4800 "-" "WordPress.com; https://wordpress.com"
104.23.245.186 - - [30/Jun/2026:10:55:46 +0000] "GET /products/3115263358547 HTTP/1.1" 301 4159 "-" "meta-externalagent/1.1 (+https://developers.facebook.com/docs/sharing/webmasters/crawler)"
172.68.164.43 - - [30/Jun/2026:10:55:51 +0000] "POST /xmlrpc.php HTTP/1.1" 403 4800 "-" "Jetpack by WordPress.com"
172.68.164.43 - - [30/Jun/2026:10:56:01 +0000] "POST /xmlrpc.php HTTP/1.1" 403 4800 "-" "Jetpack by WordPress.com"
172.70.208.126 - - [30/Jun/2026:10:56:12 +0000] "POST /wp-cron.php?doing_wp_cron=1782816972.7055239677429199218750 HTTP/1.1" 200 4035 "-" "WordPress/7.0; https://www.simottodesign.com"
172.68.164.43 - - [30/Jun/2026:10:56:12 +0000] "POST /xmlrpc.php HTTP/1.1" 200 4217 "-" "Jetpack/12.0; WordPress/6.4; http://site42952788.com"
172.71.30.40 - - [30/Jun/2026:10:56:17 +0000] "GET /products/909555744651 HTTP/1.1" 301 4158 "-" "meta-externalagent/1.1 (+https://developers.facebook.com/docs/sharing/webmasters/crawler)"
104.22.24.100 - - [30/Jun/2026:10:56:19 +0000] "GET /products/3354055234730 HTTP/1.1" 301 4159 "-" "meta-externalagent/1.1 (+https://developers.facebook.com/docs/sharing/webmasters/crawler)"
172.68.164.43 - - [30/Jun/2026:10:56:22 +0000] "POST /xmlrpc.php HTTP/1.1" 403 4800 "-" "WordPress.com; https://wordpress.com"
162.159.120.160 - - [30/Jun/2026:10:56:25 +0000] "GET /products/4251393005120 HTTP/1.1" 404 99757 "-" "Mozilla/5.0 (Linux; Android 6.0.1; Nexus 5X Build/MMB29P) AppleWebKit/537.36 (KHTML, like Gecko) Chrome/148.0.7778.96 Mobile Safari/537.36 (compatible; Googlebot/2.1; +http://www.google.com/bot.html)"
104.22.56.166 - - [30/Jun/2026:10:56:30 +0000] "GET /products/165922851140 HTTP/1.1" 301 4158 "-" "meta-externalagent/1.1 (+https://developers.facebook.com/docs/sharing/webmasters/crawler)"
172.68.164.43 - - [30/Jun/2026:10:56:33 +0000] "POST /xmlrpc.php HTTP/1.1" 200 4217 "-" "Jetpack by WordPress.com (Jetpack 12.1; WordPress 6.4)"
104.23.245.186 - - [30/Jun/2026:10:56:34 +0000] "GET /products/1513548573453 HTTP/1.1" 301 4159 "-" "meta-externalagent/1.1 (+https://developers.facebook.com/docs/sharing/webmasters/crawler)"
172.69.70.65 - - [30/Jun/2026:10:56:36 +0000] "GET /products/3859174184709 HTTP/1.1" 301 4159 "-" "meta-externalagent/1.1 (+https://developers.facebook.com/docs/sharing/webmasters/crawler)"
104.22.24.211 - - [30/Jun/2026:10:56:41 +0000] "GET /products/4194975343568 HTTP/1.1" 404 99757 "-" "meta-externalagent/1.1 (+https://developers.facebook.com/docs/sharing/webmasters/crawler)"
172.71.158.70 - - [30/Jun/2026:10:56:43 +0000] "GET / HTTP/1.1" 301 4025 "http://simottodesign.com" "Mozilla/5.0 (iPhone; CPU iPhone OS 13_2_3 like Mac OS X) AppleWebKit/605.1.15 (KHTML, like Gecko) Version/13.0.3 Mobile/15E148 Safari/604.1"
172.68.164.43 - - [30/Jun/2026:10:56:43 +0000] "POST /xmlrpc.php HTTP/1.1" 200 4217 "-" "Jetpack by WordPress.com (Jetpack 12.1; WordPress 6.3)"
104.22.17.32 - - [30/Jun/2026:10:56:45 +0000] "GET / HTTP/1.1" 200 29820 "https://simottodesign.com/" "Mozilla/5.0 (iPhone; CPU iPhone OS 13_2_3 like Mac OS X) AppleWebKit/605.1.15 (KHTML, like Gecko) Version/13.0.3 Mobile/15E148 Safari/604.1"
104.22.24.100 - - [30/Jun/2026:10:56:48 +0000] "GET /products/168189617439 HTTP/1.1" 301 4158 "-" "meta-externalagent/1.1 (+https://developers.facebook.com/docs/sharing/webmasters/crawler)"
172.68.164.43 - - [30/Jun/2026:10:56:54 +0000] "POST /xmlrpc.php HTTP/1.1" 403 4800 "-" "WordPress.com; https://wordpress.com"
172.68.164.43 - - [30/Jun/2026:10:57:04 +0000] "POST /xmlrpc.php HTTP/1.1" 403 4800 "-" "WordPress.com; https://wordpress.com"
172.70.208.126 - - [30/Jun/2026:10:57:09 +0000] "POST /wp-cron.php?doing_wp_cron=1782817029.2935678958892822265625 HTTP/1.1" 200 4035 "-" "WordPress/7.0; https://www.simottodesign.com"
104.22.56.166 - - [30/Jun/2026:10:57:08 +0000] "GET /items/R472929698/ HTTP/1.1" 301 4154 "-" "meta-externalagent/1.1 (+https://developers.facebook.com/docs/sharing/webmasters/crawler)"
172.68.164.43 - - [30/Jun/2026:10:57:15 +0000] "POST /xmlrpc.php HTTP/1.1" 200 4217 "-" "Jetpack by WordPress.com (Jetpack 12.5; WordPress 6.4)"
104.22.24.100 - - [30/Jun/2026:10:57:22 +0000] "GET /items/R474276475/ HTTP/1.1" 301 4154 "-" "meta-externalagent/1.1 (+https://developers.facebook.com/docs/sharing/webmasters/crawler)"
162.159.120.161 - - [30/Jun/2026:10:57:33 +0000] "GET /products/3606385808925 HTTP/1.1" 404 99757 "-" "Mozilla/5.0 (Linux; Android 6.0.1; Nexus 5X Build/MMB29P) AppleWebKit/537.36 (KHTML, like Gecko) Chrome/148.0.7778.96 Mobile Safari/537.36 (compatible; Googlebot/2.1; +http://www.google.com/bot.html)"
104.22.56.206 - - [30/Jun/2026:10:57:38 +0000] "GET /products/4017443208474 HTTP/1.1" 404 99757 "-" "meta-externalagent/1.1 (+https://developers.facebook.com/docs/sharing/webmasters/crawler)"
104.22.56.166 - - [30/Jun/2026:10:57:43 +0000] "GET /products/2920389619857 HTTP/1.1" 301 4159 "-" "meta-externalagent/1.1 (+https://developers.facebook.com/docs/sharing/webmasters/crawler)"
104.23.245.33 - - [30/Jun/2026:10:58:00 +0000] "GET /products/2334263912558 HTTP/1.1" 404 99757 "-" "meta-externalagent/1.1 (+https://developers.facebook.com/docs/sharing/webmasters/crawler)"
172.70.208.126 - - [30/Jun/2026:10:58:40 +0000] "POST /wp-cron.php?doing_wp_cron=1782817120.8840980529785156250000 HTTP/1.1" 200 4035 "-" "WordPress/7.0; https://www.simottodesign.com"
162.159.120.161 - - [30/Jun/2026:10:58:40 +0000] "GET /items/N056045637/ HTTP/1.1" 404 99752 "-" "Mozilla/5.0 (Linux; Android 6.0.1; Nexus 5X Build/MMB29P) AppleWebKit/537.36 (KHTML, like Gecko) Chrome/148.0.7778.96 Mobile Safari/537.36 (compatible; Googlebot/2.1; +http://www.google.com/bot.html)"
172.71.182.27 - - [30/Jun/2026:10:59:02 +0000] "GET /wp-login.php HTTP/1.1" 200 6260 "-" "Mozilla/5.0 (Macintosh; Intel Mac OS X 14_7_4) AppleWebKit/537.36 (KHTML, like Gecko) Chrome/133.0.0.0 Safari/537.36"
172.71.183.62 - - [30/Jun/2026:10:59:03 +0000] "POST /wp-login.php HTTP/1.1" 200 6423 "https://www.simottodesign.com/wp-login.php" "Mozilla/5.0 (Macintosh; Intel Mac OS X 14_7_4) AppleWebKit/537.36 (KHTML, like Gecko) Chrome/133.0.0.0 Safari/537.36"
104.22.56.166 - - [30/Jun/2026:10:59:04 +0000] "GET /products/3525976338476 HTTP/1.1" 301 4159 "-" "meta-externalagent/1.1 (+https://developers.facebook.com/docs/sharing/webmasters/crawler)"
104.22.24.210 - - [30/Jun/2026:10:59:08 +0000] "GET /products/5316660048623 HTTP/1.1" 404 99757 "-" "meta-externalagent/1.1 (+https://developers.facebook.com/docs/sharing/webmasters/crawler)"
104.22.66.99 - - [30/Jun/2026:10:59:37 +0000] "POST /wp-cron.php?doing_wp_cron=1782817177.7699069976806640625000 HTTP/1.1" 200 4035 "-" "WordPress/7.0; https://www.simottodesign.com"
108.162.238.60 - - [30/Jun/2026:10:59:37 +0000] "GET /items/R472990892/ HTTP/1.1" 301 4154 "-" "meta-externalagent/1.1 (+https://developers.facebook.com/docs/sharing/webmasters/crawler)"
104.22.72.11 - - [30/Jun/2026:10:59:47 +0000] "GET /items/G961873760/ HTTP/1.1" 404 99752 "-" "Mozilla/5.0 (Linux; Android 6.0.1; Nexus 5X Build/MMB29P) AppleWebKit/537.36 (KHTML, like Gecko) Chrome/148.0.7778.96 Mobile Safari/537.36 (compatible; Googlebot/2.1; +http://www.google.com/bot.html)"
104.22.56.166 - - [30/Jun/2026:10:59:51 +0000] "GET /items/R472892786/ HTTP/1.1" 301 4154 "-" "meta-externalagent/1.1 (+https://developers.facebook.com/docs/sharing/webmasters/crawler)"
104.22.66.99 - - [30/Jun/2026:11:00:55 +0000] "POST /wp-cron.php?doing_wp_cron=1782817255.2206990718841552734375 HTTP/1.1" 200 4035 "-" "WordPress/7.0; https://www.simottodesign.com"
104.22.72.11 - - [30/Jun/2026:11:00:54 +0000] "GET /products/4354184883219 HTTP/1.1" 404 99757 "-" "Mozilla/5.0 (Linux; Android 6.0.1; Nexus 5X Build/MMB29P) AppleWebKit/537.36 (KHTML, like Gecko) Chrome/148.0.7778.96 Mobile Safari/537.36 (compatible; Googlebot/2.1; +http://www.google.com/bot.html)"
162.158.108.89 - - [30/Jun/2026:11:01:14 +0000] "POST /wp-cron.php?doing_wp_cron=1782817274.8399429321289062500000 HTTP/1.1" 200 4035 "-" "WordPress/7.0; https://www.simottodesign.com"
104.22.56.167 - - [30/Jun/2026:11:01:14 +0000] "GET /items/R473590772/ HTTP/1.1" 301 4154 "-" "meta-externalagent/1.1 (+https://developers.facebook.com/docs/sharing/webmasters/crawler)"
172.71.22.139 - - [30/Jun/2026:11:01:21 +0000] "GET /products/3133277608045 HTTP/1.1" 301 4159 "-" "meta-externalagent/1.1 (+https://developers.facebook.com/docs/sharing/webmasters/crawler)"
104.22.1.17 - - [30/Jun/2026:11:01:44 +0000] "GET /items/R471130309/ HTTP/1.1" 301 4154 "-" "meta-externalagent/1.1 (+https://developers.facebook.com/docs/sharing/webmasters/crawler)"
104.22.1.200 - - [30/Jun/2026:11:01:59 +0000] "GET /products/1922904282120 HTTP/1.1" 404 99757 "-" "meta-externalagent/1.1 (+https://developers.facebook.com/docs/sharing/webmasters/crawler)"
104.22.72.11 - - [30/Jun/2026:11:02:01 +0000] "GET /products/3376317279121 HTTP/1.1" 404 99757 "-" "Mozilla/5.0 (Linux; Android 6.0.1; Nexus 5X Build/MMB29P) AppleWebKit/537.36 (KHTML, like Gecko) Chrome/148.0.7778.96 Mobile Safari/537.36 (compatible; Googlebot/2.1; +http://www.google.com/bot.html)"
172.70.143.212 - - [30/Jun/2026:11:02:10 +0000] "POST /wp-cron.php?doing_wp_cron=1782817330.6567010879516601562500 HTTP/1.1" 200 4035 "-" "WordPress/7.0; https://www.simottodesign.com"
104.22.56.167 - - [30/Jun/2026:11:02:10 +0000] "GET /items/R472260964/ HTTP/1.1" 301 4154 "-" "meta-externalagent/1.1 (+https://developers.facebook.com/docs/sharing/webmasters/crawler)"
172.71.30.40 - - [30/Jun/2026:11:02:20 +0000] "GET /products/2999136251672 HTTP/1.1" 301 4159 "-" "meta-externalagent/1.1 (+https://developers.facebook.com/docs/sharing/webmasters/crawler)"
104.22.24.100 - - [30/Jun/2026:11:02:38 +0000] "GET /items/R472319687/ HTTP/1.1" 301 4154 "-" "meta-externalagent/1.1 (+https://developers.facebook.com/docs/sharing/webmasters/crawler)"
104.23.175.204 - - [30/Jun/2026:11:03:09 +0000] "POST /wp-cron.php?doing_wp_cron=1782817389.6088190078735351562500 HTTP/1.1" 200 4035 "-" "WordPress/7.0; https://www.simottodesign.com"
162.158.42.196 - - [30/Jun/2026:11:03:09 +0000] "GET /products/1520069215140 HTTP/1.1" 404 99757 "-" "Mozilla/5.0 (Linux; Android 6.0.1; Nexus 5X Build/MMB29P) AppleWebKit/537.36 (KHTML, like Gecko) Chrome/148.0.7778.96 Mobile Safari/537.36 (compatible; Googlebot/2.1; +http://www.google.com/bot.html)"
162.158.88.101 - - [30/Jun/2026:11:03:21 +0000] "POST /wp-cron.php?doing_wp_cron=1782817401.6143538951873779296875 HTTP/1.1" 200 4035 "-" "WordPress/7.0; https://www.simottodesign.com"
104.22.56.166 - - [30/Jun/2026:11:03:21 +0000] "GET /products/2126604396459 HTTP/1.1" 301 4159 "-" "meta-externalagent/1.1 (+https://developers.facebook.com/docs/sharing/webmasters/crawler)"
172.70.143.212 - - [30/Jun/2026:11:03:22 +0000] "GET / HTTP/1.1" 200 29816 "-" "Mozilla/5.0 (Windows NT 10.0; Win64; x64) AppleWebKit/537.36 (KHTML, like Gecko) Chrome/114.0.0.0 Safari/537.36"
162.158.107.13 - - [30/Jun/2026:11:03:22 +0000] "GET /home-2/ HTTP/1.1" 200 29804 "-" "Mozilla/5.0 (Windows NT 10.0; Win64; x64) AppleWebKit/537.36 (KHTML, like Gecko) Chrome/114.0.0.0 Safari/537.36"
172.70.143.212 - - [30/Jun/2026:11:03:23 +0000] "GET /product/schementic-design/ HTTP/1.1" 200 28668 "-" "Mozilla/5.0 (Windows NT 10.0; Win64; x64) AppleWebKit/537.36 (KHTML, like Gecko) Chrome/114.0.0.0 Safari/537.36"
108.162.226.184 - - [30/Jun/2026:11:03:24 +0000] "GET /product/site-measurement-within-500-square-foot/ HTTP/1.1" 200 28743 "-" "Mozilla/5.0 (Windows NT 10.0; Win64; x64) AppleWebKit/537.36 (KHTML, like Gecko) Chrome/114.0.0.0 Safari/537.36"
172.71.81.81 - - [30/Jun/2026:11:03:25 +0000] "GET /product/first-consultation/ HTTP/1.1" 200 28665 "-" "Mozilla/5.0 (Windows NT 10.0; Win64; x64) AppleWebKit/537.36 (KHTML, like Gecko) Chrome/114.0.0.0 Safari/537.36"
172.70.208.127 - - [30/Jun/2026:11:03:25 +0000] "GET /shop/ HTTP/1.1" 200 26248 "-" "Mozilla/5.0 (Windows NT 10.0; Win64; x64) AppleWebKit/537.36 (KHTML, like Gecko) Chrome/114.0.0.0 Safari/537.36"
172.70.92.152 - - [30/Jun/2026:11:03:26 +0000] "GET /cart/ HTTP/1.1" 200 26797 "-" "Mozilla/5.0 (Windows NT 10.0; Win64; x64) AppleWebKit/537.36 (KHTML, like Gecko) Chrome/114.0.0.0 Safari/537.36"
172.68.164.126 - - [30/Jun/2026:11:03:27 +0000] "GET /checkout/ HTTP/1.1" 302 4130 "-" "Mozilla/5.0 (Windows NT 10.0; Win64; x64) AppleWebKit/537.36 (KHTML, like Gecko) Chrome/114.0.0.0 Safari/537.36"
172.70.143.212 - - [30/Jun/2026:11:03:27 +0000] "GET /my-account/ HTTP/1.1" 200 26549 "-" "Mozilla/5.0 (Windows NT 10.0; Win64; x64) AppleWebKit/537.36 (KHTML, like Gecko) Chrome/114.0.0.0 Safari/537.36"
172.70.143.212 - - [30/Jun/2026:11:03:28 +0000] "GET /hello-world/ HTTP/1.1" 200 28548 "-" "Mozilla/5.0 (Windows NT 10.0; Win64; x64) AppleWebKit/537.36 (KHTML, like Gecko) Chrome/114.0.0.0 Safari/537.36"
172.70.50.123 - - [30/Jun/2026:11:03:47 +0000] "GET /wp-login.php HTTP/1.1" 200 6260 "-" "Mozilla/5.0 (X11; Linux i686) AppleWebKit/537.36 (KHTML, like Gecko) Chrome/133.0.0.0 Safari/537.36"
172.70.80.246 - - [30/Jun/2026:11:03:48 +0000] "POST /wp-login.php HTTP/1.1" 200 6397 "https://www.simottodesign.com/wp-login.php" "Mozilla/5.0 (X11; Linux i686) AppleWebKit/537.36 (KHTML, like Gecko) Chrome/133.0.0.0 Safari/537.36"
104.22.24.100 - - [30/Jun/2026:11:03:49 +0000] "GET /products/1298113529762 HTTP/1.1" 301 4159 "-" "meta-externalagent/1.1 (+https://developers.facebook.com/docs/sharing/webmasters/crawler)"
104.22.1.16 - - [30/Jun/2026:11:03:52 +0000] "GET /items/R473128576/ HTTP/1.1" 301 4154 "-" "meta-externalagent/1.1 (+https://developers.facebook.com/docs/sharing/webmasters/crawler)"
172.69.70.65 - - [30/Jun/2026:11:03:57 +0000] "GET /products/3647384205854 HTTP/1.1" 301 4159 "-" "meta-externalagent/1.1 (+https://developers.facebook.com/docs/sharing/webmasters/crawler)"
172.69.70.65 - - [30/Jun/2026:11:03:57 +0000] "GET /items/R474425974/ HTTP/1.1" 301 4154 "-" "meta-externalagent/1.1 (+https://developers.facebook.com/docs/sharing/webmasters/crawler)"
104.22.24.100 - - [30/Jun/2026:11:04:03 +0000] "GET /items/R475297863/ HTTP/1.1" 301 4154 "-" "meta-externalagent/1.1 (+https://developers.facebook.com/docs/sharing/webmasters/crawler)"
172.71.30.40 - - [30/Jun/2026:11:04:07 +0000] "GET /products/4724760518892 HTTP/1.1" 301 4159 "-" "meta-externalagent/1.1 (+https://developers.facebook.com/docs/sharing/webmasters/crawler)"
162.158.108.88 - - [30/Jun/2026:11:04:36 +0000] "POST /wp-cron.php?doing_wp_cron=1782817476.2895050048828125000000 HTTP/1.1" 200 4035 "-" "WordPress/7.0; https://www.simottodesign.com"
104.22.24.100 - - [30/Jun/2026:11:04:35 +0000] "GET /products/4871101584828 HTTP/1.1" 301 4159 "-" "meta-externalagent/1.1 (+https://developers.facebook.com/docs/sharing/webmasters/crawler)"
162.158.88.101 - - [30/Jun/2026:11:04:37 +0000] "GET /sample-page/ HTTP/1.1" 200 26653 "-" "Mozilla/5.0 (Windows NT 10.0; Win64; x64) AppleWebKit/537.36 (KHTML, like Gecko) Chrome/114.0.0.0 Safari/537.36"
172.71.124.200 - - [30/Jun/2026:11:04:37 +0000] "GET /contact/ HTTP/1.1" 200 27947 "-" "Mozilla/5.0 (Windows NT 10.0; Win64; x64) AppleWebKit/537.36 (KHTML, like Gecko) Chrome/114.0.0.0 Safari/537.36"
172.70.208.127 - - [30/Jun/2026:11:04:38 +0000] "GET /projects/ HTTP/1.1" 200 26835 "-" "Mozilla/5.0 (Windows NT 10.0; Win64; x64) AppleWebKit/537.36 (KHTML, like Gecko) Chrome/114.0.0.0 Safari/537.36"
172.70.92.152 - - [30/Jun/2026:11:04:39 +0000] "GET /service-process/ HTTP/1.1" 200 27805 "-" "Mozilla/5.0 (Windows NT 10.0; Win64; x64) AppleWebKit/537.36 (KHTML, like Gecko) Chrome/114.0.0.0 Safari/537.36"
162.158.88.101 - - [30/Jun/2026:11:04:39 +0000] "GET /about-us/ HTTP/1.1" 200 29889 "-" "Mozilla/5.0 (Windows NT 10.0; Win64; x64) AppleWebKit/537.36 (KHTML, like Gecko) Chrome/114.0.0.0 Safari/537.36"
104.23.175.205 - - [30/Jun/2026:11:04:40 +0000] "GET /hello-world-2/ HTTP/1.1" 200 28329 "-" "Mozilla/5.0 (Windows NT 10.0; Win64; x64) AppleWebKit/537.36 (KHTML, like Gecko) Chrome/114.0.0.0 Safari/537.36"
172.68.164.127 - - [30/Jun/2026:11:04:40 +0000] "GET / HTTP/1.1" 200 29818 "-" "Mozilla/5.0 (Windows NT 10.0; Win64; x64) AppleWebKit/537.36 (KHTML, like Gecko) Chrome/114.0.0.0 Safari/537.36"
104.23.245.186 - - [30/Jun/2026:11:04:45 +0000] "GET /products/1356631617762 HTTP/1.1" 301 4159 "-" "meta-externalagent/1.1 (+https://developers.facebook.com/docs/sharing/webmasters/crawler)"
162.158.42.196 - - [30/Jun/2026:11:05:01 +0000] "GET /products/1926854906065 HTTP/1.1" 404 99757 "-" "Mozilla/5.0 (Linux; Android 6.0.1; Nexus 5X Build/MMB29P) AppleWebKit/537.36 (KHTML, like Gecko) Chrome/148.0.7778.96 Mobile Safari/537.36 (compatible; Googlebot/2.1; +http://www.google.com/bot.html)"
104.22.66.98 - - [30/Jun/2026:11:05:09 +0000] "POST /wp-cron.php?doing_wp_cron=1782817509.1417810916900634765625 HTTP/1.1" 200 4035 "-" "WordPress/7.0; https://www.simottodesign.com"
104.22.24.100 - - [30/Jun/2026:11:05:08 +0000] "GET /products/2237578900464 HTTP/1.1" 301 4159 "-" "meta-externalagent/1.1 (+https://developers.facebook.com/docs/sharing/webmasters/crawler)"
172.68.245.196 - - [30/Jun/2026:11:05:15 +0000] "GET /wp-content/plugins/elementor/assets/lib/eicons/fonts/eicons.eot?5.10.0) HTTP/1.1" 200 4059 "-" "Mozilla/5.0 AppleWebKit/537.36 (KHTML, like Gecko; compatible; Amazonbot/0.1; +https://developer.amazon.com/support/amazonbot) Chrome/119.0.6045.214 Safari/537.36"
104.23.245.33 - - [30/Jun/2026:11:05:15 +0000] "GET /items/R473989894/ HTTP/1.1" 404 99752 "-" "meta-externalagent/1.1 (+https://developers.facebook.com/docs/sharing/webmasters/crawler)"
172.68.245.196 - - [30/Jun/2026:11:05:15 +0000] "GET /wp-content/plugins/elementor/assets/lib/eicons/fonts/eicons.eot?5.10.0) HTTP/2.0" 200 200672 "-" "Mozilla/5.0 AppleWebKit/537.36 (KHTML, like Gecko; compatible; Amazonbot/0.1; +https://developer.amazon.com/support/amazonbot) Chrome/119.0.6045.214 Safari/537.36"
108.162.238.59 - - [30/Jun/2026:11:05:24 +0000] "GET /items/R472512824/ HTTP/1.1" 301 4154 "-" "meta-externalagent/1.1 (+https://developers.facebook.com/docs/sharing/webmasters/crawler)"
162.158.42.196 - - [30/Jun/2026:11:06:00 +0000] "GET /products/2915308625038 HTTP/1.1" 404 99757 "-" "Mozilla/5.0 (Linux; Android 6.0.1; Nexus 5X Build/MMB29P) AppleWebKit/537.36 (KHTML, like Gecko) Chrome/148.0.7778.96 Mobile Safari/537.36 (compatible; Googlebot/2.1; +http://www.google.com/bot.html)"
108.162.226.185 - - [30/Jun/2026:11:06:08 +0000] "POST /wp-cron.php?doing_wp_cron=1782817568.6857469081878662109375 HTTP/1.1" 200 4035 "-" "WordPress/7.0; https://www.simottodesign.com"
108.162.238.59 - - [30/Jun/2026:11:06:08 +0000] "GET /products/214999054640 HTTP/1.1" 301 4158 "-" "meta-externalagent/1.1 (+https://developers.facebook.com/docs/sharing/webmasters/crawler)"
104.22.93.77 - - [30/Jun/2026:11:06:14 +0000] "GET /products/3345841359796 HTTP/1.1" 301 4159 "-" "Mozilla/5.0 AppleWebKit/537.36 (KHTML, like Gecko; compatible; bingbot/2.0; +http://www.bing.com/bingbot.htm) Chrome/116.0.1938.76 Safari/537.36"
172.71.124.200 - - [30/Jun/2026:11:06:42 +0000] "POST /wp-cron.php?doing_wp_cron=1782817602.3373639583587646484375 HTTP/1.1" 200 4035 "-" "WordPress/7.0; https://www.simottodesign.com"
104.22.56.166 - - [30/Jun/2026:11:06:41 +0000] "GET /products/5167311920729 HTTP/1.1" 301 4159 "-" "meta-externalagent/1.1 (+https://developers.facebook.com/docs/sharing/webmasters/crawler)"
172.68.22.176 - - [30/Jun/2026:11:07:01 +0000] "GET /products/1820995596913 HTTP/1.1" 404 99757 "-" "Mozilla/5.0 (Linux; Android 6.0.1; Nexus 5X Build/MMB29P) AppleWebKit/537.36 (KHTML, like Gecko) Chrome/148.0.7778.96 Mobile Safari/537.36 (compatible; Googlebot/2.1; +http://www.google.com/bot.html)"
172.70.143.213 - - [30/Jun/2026:11:07:23 +0000] "POST /wp-cron.php?doing_wp_cron=1782817643.0815360546112060546875 HTTP/1.1" 200 4035 "-" "WordPress/7.0; https://www.simottodesign.com"
162.159.120.160 - - [30/Jun/2026:11:07:22 +0000] "GET /products/4198758155034 HTTP/1.1" 404 99757 "-" "Mozilla/5.0 (Linux; Android 6.0.1; Nexus 5X Build/MMB29P) AppleWebKit/537.36 (KHTML, like Gecko) Chrome/148.0.7778.96 Mobile Safari/537.36 (compatible; Googlebot/2.1; +http://www.google.com/bot.html)"
172.71.23.122 - - [30/Jun/2026:11:07:28 +0000] "GET /products/1390317444889 HTTP/1.1" 404 99830 "-" "meta-externalagent/1.1 (+https://developers.facebook.com/docs/sharing/webmasters/crawler)"
172.71.222.220 - - [30/Jun/2026:11:07:35 +0000] "GET /robots.txt HTTP/1.1" 200 4182 "-" "Mozilla/5.0 (compatible; SemrushBot/7~bl; +http://www.semrush.com/bot.html)"
104.22.100.60 - - [30/Jun/2026:11:07:37 +0000] "GET /projects/scenic-rise-676sq-ft/ HTTP/1.1" 200 27223 "-" "Mozilla/5.0 (compatible; SemrushBot/7~bl; +http://www.semrush.com/bot.html)"
104.22.72.11 - - [30/Jun/2026:11:08:02 +0000] "GET /products/4749359625051 HTTP/1.1" 404 99830 "-" "Mozilla/5.0 (Linux; Android 6.0.1; Nexus 5X Build/MMB29P) AppleWebKit/537.36 (KHTML, like Gecko) Chrome/148.0.7778.96 Mobile Safari/537.36 (compatible; Googlebot/2.1; +http://www.google.com/bot.html)"
162.158.42.39 - - [30/Jun/2026:11:08:06 +0000] "GET /products/5595591604693 HTTP/1.1" 301 4159 "-" "Mozilla/5.0 (Linux; Android 6.0.1; Nexus 5X Build/MMB29P) AppleWebKit/537.36 (KHTML, like Gecko) Chrome/148.0.7778.96 Mobile Safari/537.36 (compatible; Googlebot/2.1; +http://www.google.com/bot.html)"
104.23.175.204 - - [30/Jun/2026:11:08:09 +0000] "POST /wp-cron.php?doing_wp_cron=1782817689.6610269546508789062500 HTTP/1.1" 200 4035 "-" "WordPress/7.0; https://www.simottodesign.com"
104.22.72.11 - - [30/Jun/2026:11:08:09 +0000] "GET /products/5595591604693 HTTP/1.1" 404 99757 "-" "Mozilla/5.0 (Linux; Android 6.0.1; Nexus 5X Build/MMB29P) AppleWebKit/537.36 (KHTML, like Gecko) Chrome/148.0.7778.96 Mobile Safari/537.36 (compatible; Googlebot/2.1; +http://www.google.com/bot.html)"
104.22.24.101 - - [30/Jun/2026:11:08:57 +0000] "GET /products/2631117337860 HTTP/1.1" 301 4159 "-" "meta-externalagent/1.1 (+https://developers.facebook.com/docs/sharing/webmasters/crawler)"
172.69.176.126 - - [30/Jun/2026:11:09:10 +0000] "POST /wp-cron.php?doing_wp_cron=1782817749.9647870063781738281250 HTTP/1.1" 200 4035 "-" "WordPress/7.0; https://www.simottodesign.com"
104.22.72.11 - - [30/Jun/2026:11:09:09 +0000] "GET /products/4861359125510 HTTP/1.1" 404 99830 "-" "Mozilla/5.0 (Linux; Android 6.0.1; Nexus 5X Build/MMB29P) AppleWebKit/537.36 (KHTML, like Gecko) Chrome/148.0.7778.96 Mobile Safari/537.36 (compatible; Googlebot/2.1; +http://www.google.com/bot.html)"
104.22.56.207 - - [30/Jun/2026:11:09:32 +0000] "GET /products/3771461187617 HTTP/1.1" 404 99757 "-" "meta-externalagent/1.1 (+https://developers.facebook.com/docs/sharing/webmasters/crawler)"
104.22.1.17 - - [30/Jun/2026:11:09:37 +0000] "GET /products/545432309720 HTTP/1.1" 301 4158 "-" "meta-externalagent/1.1 (+https://developers.facebook.com/docs/sharing/webmasters/crawler)"
104.22.66.98 - - [30/Jun/2026:11:10:10 +0000] "POST /wp-cron.php?doing_wp_cron=1782817810.1314249038696289062500 HTTP/1.1" 200 4035 "-" "WordPress/7.0; https://www.simottodesign.com"
104.22.72.11 - - [30/Jun/2026:11:10:09 +0000] "GET /products/5699558913831 HTTP/1.1" 404 99757 "-" "Mozilla/5.0 (Linux; Android 6.0.1; Nexus 5X Build/MMB29P) AppleWebKit/537.36 (KHTML, like Gecko) Chrome/148.0.7778.96 Mobile Safari/537.36 (compatible; Googlebot/2.1; +http://www.google.com/bot.html)"
104.22.24.101 - - [30/Jun/2026:11:10:11 +0000] "GET /items/R471939225/ HTTP/1.1" 301 4154 "-" "meta-externalagent/1.1 (+https://developers.facebook.com/docs/sharing/webmasters/crawler)"
172.68.71.114 - - [30/Jun/2026:11:10:44 +0000] "GET /products/2286108555781 HTTP/1.1" 301 4159 "-" "meta-externalagent/1.1 (+https://developers.facebook.com/docs/sharing/webmasters/crawler)"
172.71.22.224 - - [30/Jun/2026:11:10:48 +0000] "GET /items/R475767734/ HTTP/1.1" 301 4154 "-" "meta-externalagent/1.1 (+https://developers.facebook.com/docs/sharing/webmasters/crawler)"
108.162.238.59 - - [30/Jun/2026:11:10:55 +0000] "GET /items/R475580263/ HTTP/1.1" 301 4154 "-" "meta-externalagent/1.1 (+https://developers.facebook.com/docs/sharing/webmasters/crawler)"
104.23.175.205 - - [30/Jun/2026:11:11:11 +0000] "POST /wp-cron.php?doing_wp_cron=1782817871.6867370605468750000000 HTTP/1.1" 200 4035 "-" "WordPress/7.0; https://www.simottodesign.com"
172.68.22.177 - - [30/Jun/2026:11:11:11 +0000] "GET /products/176942041849 HTTP/1.1" 404 99756 "-" "Mozilla/5.0 (Linux; Android 6.0.1; Nexus 5X Build/MMB29P) AppleWebKit/537.36 (KHTML, like Gecko) Chrome/148.0.7778.96 Mobile Safari/537.36 (compatible; Googlebot/2.1; +http://www.google.com/bot.html)"
104.22.56.167 - - [30/Jun/2026:11:11:14 +0000] "GET /products/1169088590320 HTTP/1.1" 301 4159 "-" "meta-externalagent/1.1 (+https://developers.facebook.com/docs/sharing/webmasters/crawler)"
104.22.56.167 - - [30/Jun/2026:11:11:51 +0000] "GET /items/R473753948/ HTTP/1.1" 301 4154 "-" "meta-externalagent/1.1 (+https://developers.facebook.com/docs/sharing/webmasters/crawler)"
104.22.24.100 - - [30/Jun/2026:11:11:57 +0000] "GET /products/4124293957964 HTTP/1.1" 301 4159 "-" "meta-externalagent/1.1 (+https://developers.facebook.com/docs/sharing/webmasters/crawler)"
172.68.71.114 - - [30/Jun/2026:11:12:00 +0000] "GET /items/R473226079/ HTTP/1.1" 301 4154 "-" "meta-externalagent/1.1 (+https://developers.facebook.com/docs/sharing/webmasters/crawler)"
162.158.107.14 - - [30/Jun/2026:11:12:12 +0000] "POST /wp-cron.php?doing_wp_cron=1782817932.2704079151153564453125 HTTP/1.1" 200 4035 "-" "WordPress/7.0; https://www.simottodesign.com"
172.68.22.177 - - [30/Jun/2026:11:12:11 +0000] "GET /products/4247152241115 HTTP/1.1" 404 99757 "-" "Mozilla/5.0 (Linux; Android 6.0.1; Nexus 5X Build/MMB29P) AppleWebKit/537.36 (KHTML, like Gecko) Chrome/148.0.7778.96 Mobile Safari/537.36 (compatible; Googlebot/2.1; +http://www.google.com/bot.html)"
104.23.245.186 - - [30/Jun/2026:11:12:16 +0000] "GET /items/R472339466/ HTTP/1.1" 301 4154 "-" "meta-externalagent/1.1 (+https://developers.facebook.com/docs/sharing/webmasters/crawler)"
162.159.98.209 - - [30/Jun/2026:11:12:32 +0000] "GET /wp-login.php HTTP/1.1" 200 6260 "-" "Mozilla/5.0 (X11; CrOS x86_64 14541.0.0) AppleWebKit/537.36 (KHTML, like Gecko) Chrome/133.0.0.0 Safari/537.36"
162.159.98.130 - - [30/Jun/2026:11:12:34 +0000] "POST /wp-login.php HTTP/1.1" 200 6423 "https://www.simottodesign.com/wp-login.php" "Mozilla/5.0 (X11; CrOS x86_64 14541.0.0) AppleWebKit/537.36 (KHTML, like Gecko) Chrome/133.0.0.0 Safari/537.36"
104.22.56.167 - - [30/Jun/2026:11:12:48 +0000] "GET /products/4197595999821 HTTP/1.1" 301 4159 "-" "meta-externalagent/1.1 (+https://developers.facebook.com/docs/sharing/webmasters/crawler)"
104.23.245.186 - - [30/Jun/2026:11:13:16 +0000] "GET /products/332407648614 HTTP/1.1" 301 4158 "-" "meta-externalagent/1.1 (+https://developers.facebook.com/docs/sharing/webmasters/crawler)"
162.158.108.89 - - [30/Jun/2026:11:13:17 +0000] "POST /wp-cron.php?doing_wp_cron=1782817997.6888899803161621093750 HTTP/1.1" 200 4035 "-" "WordPress/7.0; https://www.simottodesign.com"
104.22.24.101 - - [30/Jun/2026:11:13:16 +0000] "GET /products/2486563250875 HTTP/1.1" 301 4159 "-" "meta-externalagent/1.1 (+https://developers.facebook.com/docs/sharing/webmasters/crawler)"
104.22.24.101 - - [30/Jun/2026:11:13:48 +0000] "GET /products/3174810325377 HTTP/1.1" 301 4159 "-" "meta-externalagent/1.1 (+https://developers.facebook.com/docs/sharing/webmasters/crawler)"
104.23.245.186 - - [30/Jun/2026:11:13:58 +0000] "GET /products/389530409250 HTTP/1.1" 301 4158 "-" "meta-externalagent/1.1 (+https://developers.facebook.com/docs/sharing/webmasters/crawler)"
172.68.71.114 - - [30/Jun/2026:11:13:59 +0000] "GET /products/5506255148488 HTTP/1.1" 301 4159 "-" "meta-externalagent/1.1 (+https://developers.facebook.com/docs/sharing/webmasters/crawler)"
104.23.245.186 - - [30/Jun/2026:11:14:01 +0000] "GET /products/4758565583513 HTTP/1.1" 301 4159 "-" "meta-externalagent/1.1 (+https://developers.facebook.com/docs/sharing/webmasters/crawler)"
104.22.56.166 - - [30/Jun/2026:11:14:03 +0000] "GET /items/R476268927/ HTTP/1.1" 301 4154 "-" "meta-externalagent/1.1 (+https://developers.facebook.com/docs/sharing/webmasters/crawler)"
172.71.81.82 - - [30/Jun/2026:11:14:11 +0000] "POST /wp-cron.php?doing_wp_cron=1782818051.2421851158142089843750 HTTP/1.1" 200 4035 "-" "WordPress/7.0; https://www.simottodesign.com"
172.68.22.177 - - [30/Jun/2026:11:14:10 +0000] "GET /products/1970971954705 HTTP/1.1" 404 99757 "-" "Mozilla/5.0 (Linux; Android 6.0.1; Nexus 5X Build/MMB29P) AppleWebKit/537.36 (KHTML, like Gecko) Chrome/148.0.7778.96 Mobile Safari/537.36 (compatible; Googlebot/2.1; +http://www.google.com/bot.html)"
104.22.56.166 - - [30/Jun/2026:11:14:21 +0000] "GET /items/R473362062/ HTTP/1.1" 301 4154 "-" "meta-externalagent/1.1 (+https://developers.facebook.com/docs/sharing/webmasters/crawler)"
172.69.70.64 - - [30/Jun/2026:11:14:32 +0000] "GET /products/2770074342173 HTTP/1.1" 301 4159 "-" "meta-externalagent/1.1 (+https://developers.facebook.com/docs/sharing/webmasters/crawler)"
172.69.70.64 - - [30/Jun/2026:11:14:36 +0000] "GET /items/R474699512/ HTTP/1.1" 301 4154 "-" "meta-externalagent/1.1 (+https://developers.facebook.com/docs/sharing/webmasters/crawler)"
172.69.70.64 - - [30/Jun/2026:11:14:58 +0000] "GET /items/R474277738/ HTTP/1.1" 301 4154 "-" "meta-externalagent/1.1 (+https://developers.facebook.com/docs/sharing/webmasters/crawler)"
18.138.114.204 - - [30/Jun/2026:11:15:03 +0000] "GET / HTTP/1.1" 301 4025 "https://simottodesign.com/" "Mozilla/5.0 (Macintosh; Intel Mac OS X 14_4) AppleWebKit/605.1.15 (KHTML, like Gecko) Version/17.4 Safari/605.1.15"
18.138.114.204 - - [30/Jun/2026:11:15:04 +0000] "GET / HTTP/1.1" 200 29818 "https://www.simottodesign.com/" "Mozilla/5.0 (Windows NT 10.0; Win64; x64) AppleWebKit/537.36 (KHTML, like Gecko) Chrome/124.0.0.0 Safari/537.36"
172.71.124.201 - - [30/Jun/2026:11:15:11 +0000] "POST /wp-cron.php?doing_wp_cron=1782818111.1269910335540771484375 HTTP/1.1" 200 4035 "-" "WordPress/7.0; https://www.simottodesign.com"
172.68.22.177 - - [30/Jun/2026:11:15:10 +0000] "GET /products/182872244692 HTTP/1.1" 404 99756 "-" "Mozilla/5.0 (Linux; Android 6.0.1; Nexus 5X Build/MMB29P) AppleWebKit/537.36 (KHTML, like Gecko) Chrome/148.0.7778.96 Mobile Safari/537.36 (compatible; Googlebot/2.1; +http://www.google.com/bot.html)"
172.71.22.224 - - [30/Jun/2026:11:15:16 +0000] "GET /items/R471445809/ HTTP/1.1" 301 4154 "-" "meta-externalagent/1.1 (+https://developers.facebook.com/docs/sharing/webmasters/crawler)"
104.23.245.33 - - [30/Jun/2026:11:15:23 +0000] "GET /items/R475660093/ HTTP/1.1" 404 99752 "-" "meta-externalagent/1.1 (+https://developers.facebook.com/docs/sharing/webmasters/crawler)"
172.71.23.121 - - [30/Jun/2026:11:15:43 +0000] "GET /items/R473956344/ HTTP/1.1" 404 99752 "-" "meta-externalagent/1.1 (+https://developers.facebook.com/docs/sharing/webmasters/crawler)"
104.23.245.187 - - [30/Jun/2026:11:15:52 +0000] "GET /products/3763885850524 HTTP/1.1" 301 4159 "-" "meta-externalagent/1.1 (+https://developers.facebook.com/docs/sharing/webmasters/crawler)"
104.23.245.33 - - [30/Jun/2026:11:16:07 +0000] "GET /items/R473024265/ HTTP/1.1" 404 99825 "-" "meta-externalagent/1.1 (+https://developers.facebook.com/docs/sharing/webmasters/crawler)"
172.69.70.64 - - [30/Jun/2026:11:16:07 +0000] "GET /products/5246935606307 HTTP/1.1" 301 4159 "-" "meta-externalagent/1.1 (+https://developers.facebook.com/docs/sharing/webmasters/crawler)"
172.71.124.201 - - [30/Jun/2026:11:16:10 +0000] "POST /wp-cron.php?doing_wp_cron=1782818170.7277228832244873046875 HTTP/1.1" 200 4035 "-" "WordPress/7.0; https://www.simottodesign.com"
172.68.22.177 - - [30/Jun/2026:11:16:10 +0000] "GET /products/3856756709410 HTTP/1.1" 404 99757 "-" "Mozilla/5.0 (Linux; Android 6.0.1; Nexus 5X Build/MMB29P) AppleWebKit/537.36 (KHTML, like Gecko) Chrome/148.0.7778.96 Mobile Safari/537.36 (compatible; Googlebot/2.1; +http://www.google.com/bot.html)"
104.22.1.16 - - [30/Jun/2026:11:16:11 +0000] "GET /products/440272800143 HTTP/1.1" 301 4158 "-" "meta-externalagent/1.1 (+https://developers.facebook.com/docs/sharing/webmasters/crawler)"
172.68.71.113 - - [30/Jun/2026:11:16:18 +0000] "GET /products/2659771109870 HTTP/1.1" 301 4159 "-" "meta-externalagent/1.1 (+https://developers.facebook.com/docs/sharing/webmasters/crawler)"
172.71.30.40 - - [30/Jun/2026:11:16:39 +0000] "GET /items/R475746099/ HTTP/1.1" 301 4154 "-" "meta-externalagent/1.1 (+https://developers.facebook.com/docs/sharing/webmasters/crawler)"
172.71.30.40 - - [30/Jun/2026:11:16:46 +0000] "GET /products/1977510049518 HTTP/1.1" 301 4159 "-" "meta-externalagent/1.1 (+https://developers.facebook.com/docs/sharing/webmasters/crawler)"
104.23.245.187 - - [30/Jun/2026:11:16:53 +0000] "GET /products/2851001120115 HTTP/1.1" 301 4159 "-" "meta-externalagent/1.1 (+https://developers.facebook.com/docs/sharing/webmasters/crawler)"
104.23.245.186 - - [30/Jun/2026:11:16:54 +0000] "GET /products/3400342390504 HTTP/1.1" 301 4159 "-" "meta-externalagent/1.1 (+https://developers.facebook.com/docs/sharing/webmasters/crawler)"
104.23.175.205 - - [30/Jun/2026:11:17:10 +0000] "POST /wp-cron.php?doing_wp_cron=1782818230.6260080337524414062500 HTTP/1.1" 200 4035 "-" "WordPress/7.0; https://www.simottodesign.com"
162.158.42.195 - - [30/Jun/2026:11:17:10 +0000] "GET /products/3238780374271 HTTP/1.1" 404 99757 "-" "Mozilla/5.0 (Linux; Android 6.0.1; Nexus 5X Build/MMB29P) AppleWebKit/537.36 (KHTML, like Gecko) Chrome/148.0.7778.96 Mobile Safari/537.36 (compatible; Googlebot/2.1; +http://www.google.com/bot.html)"
