104.22.56.167 - - [30/Jun/2026:12:53:04 +0000] "GET /items/R472715823/ HTTP/1.1" 301 4154 "-" "meta-externalagent/1.1 (+https://developers.facebook.com/docs/sharing/webmasters/crawler)"
104.22.56.167 - - [30/Jun/2026:12:53:08 +0000] "GET /products/1209731526494 HTTP/1.1" 301 4159 "-" "meta-externalagent/1.1 (+https://developers.facebook.com/docs/sharing/webmasters/crawler)"
162.158.108.88 - - [30/Jun/2026:12:53:12 +0000] "POST /wp-cron.php?doing_wp_cron=1782823992.3289029598236083984375 HTTP/1.1" 200 4035 "-" "WordPress/7.0; https://www.simottodesign.com"
104.22.24.100 - - [30/Jun/2026:12:53:11 +0000] "GET /items/R473787022/ HTTP/1.1" 301 4154 "-" "meta-externalagent/1.1 (+https://developers.facebook.com/docs/sharing/webmasters/crawler)"
104.22.56.167 - - [30/Jun/2026:12:53:31 +0000] "GET /products/4431440066040 HTTP/1.1" 301 4159 "-" "meta-externalagent/1.1 (+https://developers.facebook.com/docs/sharing/webmasters/crawler)"
104.22.56.167 - - [30/Jun/2026:12:53:54 +0000] "GET /products/1715182699551 HTTP/1.1" 301 4159 "-" "meta-externalagent/1.1 (+https://developers.facebook.com/docs/sharing/webmasters/crawler)"
172.71.23.122 - - [30/Jun/2026:12:53:55 +0000] "GET /products/4881371157795 HTTP/1.1" 404 99757 "-" "meta-externalagent/1.1 (+https://developers.facebook.com/docs/sharing/webmasters/crawler)"
104.22.24.100 - - [30/Jun/2026:12:54:07 +0000] "GET /products/2273830178076 HTTP/1.1" 301 4159 "-" "meta-externalagent/1.1 (+https://developers.facebook.com/docs/sharing/webmasters/crawler)"
162.158.88.100 - - [30/Jun/2026:12:54:12 +0000] "POST /wp-cron.php?doing_wp_cron=1782824052.7212550640106201171875 HTTP/1.1" 200 4035 "-" "WordPress/7.0; https://www.simottodesign.com"
104.22.24.100 - - [30/Jun/2026:12:54:12 +0000] "GET /products/3585052000895 HTTP/1.1" 301 4159 "-" "meta-externalagent/1.1 (+https://developers.facebook.com/docs/sharing/webmasters/crawler)"
108.162.238.59 - - [30/Jun/2026:12:54:14 +0000] "GET /products/4544795250739 HTTP/1.1" 301 4159 "-" "meta-externalagent/1.1 (+https://developers.facebook.com/docs/sharing/webmasters/crawler)"
104.22.24.211 - - [30/Jun/2026:12:54:18 +0000] "GET /products/2319769117540 HTTP/1.1" 404 99757 "-" "meta-externalagent/1.1 (+https://developers.facebook.com/docs/sharing/webmasters/crawler)"
172.71.30.41 - - [30/Jun/2026:12:54:20 +0000] "GET /products/3008031747588 HTTP/1.1" 301 4159 "-" "meta-externalagent/1.1 (+https://developers.facebook.com/docs/sharing/webmasters/crawler)"
172.69.70.65 - - [30/Jun/2026:12:54:31 +0000] "GET /products/4810378941151 HTTP/1.1" 301 4159 "-" "meta-externalagent/1.1 (+https://developers.facebook.com/docs/sharing/webmasters/crawler)"
162.158.42.195 - - [30/Jun/2026:12:54:36 +0000] "GET /products/4388926683709 HTTP/1.1" 404 99757 "-" "Mozilla/5.0 (Linux; Android 6.0.1; Nexus 5X Build/MMB29P) AppleWebKit/537.36 (KHTML, like Gecko) Chrome/148.0.7778.96 Mobile Safari/537.36 (compatible; Googlebot/2.1; +http://www.google.com/bot.html)"
162.158.42.39 - - [30/Jun/2026:12:54:38 +0000] "GET /products/3920767164037 HTTP/1.1" 301 4159 "-" "Mozilla/5.0 (Linux; Android 6.0.1; Nexus 5X Build/MMB29P) AppleWebKit/537.36 (KHTML, like Gecko) Chrome/148.0.7778.96 Mobile Safari/537.36 (compatible; Googlebot/2.1; +http://www.google.com/bot.html)"
162.158.42.195 - - [30/Jun/2026:12:54:39 +0000] "GET /products/3920767164037 HTTP/1.1" 404 99757 "-" "Mozilla/5.0 (Linux; Android 6.0.1; Nexus 5X Build/MMB29P) AppleWebKit/537.36 (KHTML, like Gecko) Chrome/148.0.7778.96 Mobile Safari/537.36 (compatible; Googlebot/2.1; +http://www.google.com/bot.html)"
172.71.30.41 - - [30/Jun/2026:12:54:42 +0000] "GET /products/3366517368164 HTTP/1.1" 301 4159 "-" "meta-externalagent/1.1 (+https://developers.facebook.com/docs/sharing/webmasters/crawler)"
104.23.245.186 - - [30/Jun/2026:12:54:43 +0000] "GET /products/1143714151064 HTTP/1.1" 301 4159 "-" "meta-externalagent/1.1 (+https://developers.facebook.com/docs/sharing/webmasters/crawler)"
104.22.56.167 - - [30/Jun/2026:12:54:54 +0000] "GET /products/5420883492827 HTTP/1.1" 301 4159 "-" "meta-externalagent/1.1 (+https://developers.facebook.com/docs/sharing/webmasters/crawler)"
104.22.24.100 - - [30/Jun/2026:12:55:08 +0000] "GET /items/R473158606/ HTTP/1.1" 301 4154 "-" "meta-externalagent/1.1 (+https://developers.facebook.com/docs/sharing/webmasters/crawler)"
172.71.124.201 - - [30/Jun/2026:12:55:16 +0000] "POST /wp-cron.php?doing_wp_cron=1782824116.7084360122680664062500 HTTP/1.1" 200 4035 "-" "WordPress/7.0; https://www.simottodesign.com"
108.162.238.59 - - [30/Jun/2026:12:55:16 +0000] "GET /products/1100779123080 HTTP/1.1" 301 4159 "-" "meta-externalagent/1.1 (+https://developers.facebook.com/docs/sharing/webmasters/crawler)"
104.22.56.167 - - [30/Jun/2026:12:55:20 +0000] "GET /items/R473356105/ HTTP/1.1" 301 4154 "-" "meta-externalagent/1.1 (+https://developers.facebook.com/docs/sharing/webmasters/crawler)"
172.71.22.224 - - [30/Jun/2026:12:55:27 +0000] "GET /products/1273717680004 HTTP/1.1" 301 4159 "-" "meta-externalagent/1.1 (+https://developers.facebook.com/docs/sharing/webmasters/crawler)"
104.22.56.167 - - [30/Jun/2026:12:55:28 +0000] "GET /products/1604555194546 HTTP/1.1" 301 4159 "-" "meta-externalagent/1.1 (+https://developers.facebook.com/docs/sharing/webmasters/crawler)"
104.23.245.186 - - [30/Jun/2026:12:55:56 +0000] "GET /items/R475973298/ HTTP/1.1" 301 4154 "-" "meta-externalagent/1.1 (+https://developers.facebook.com/docs/sharing/webmasters/crawler)"
104.22.24.100 - - [30/Jun/2026:12:55:59 +0000] "GET /items/R472832623/ HTTP/1.1" 301 4154 "-" "meta-externalagent/1.1 (+https://developers.facebook.com/docs/sharing/webmasters/crawler)"
104.22.24.100 - - [30/Jun/2026:12:56:02 +0000] "GET /products/2077000641803 HTTP/1.1" 301 4159 "-" "meta-externalagent/1.1 (+https://developers.facebook.com/docs/sharing/webmasters/crawler)"
108.162.238.59 - - [30/Jun/2026:12:56:05 +0000] "GET /items/R472333053/ HTTP/1.1" 301 4154 "-" "meta-externalagent/1.1 (+https://developers.facebook.com/docs/sharing/webmasters/crawler)"
108.162.226.184 - - [30/Jun/2026:12:56:11 +0000] "POST /wp-cron.php?doing_wp_cron=1782824170.9771239757537841796875 HTTP/1.1" 200 4035 "-" "WordPress/7.0; https://www.simottodesign.com"
104.22.56.167 - - [30/Jun/2026:12:56:10 +0000] "GET /items/R472246365/ HTTP/1.1" 301 4154 "-" "meta-externalagent/1.1 (+https://developers.facebook.com/docs/sharing/webmasters/crawler)"
104.22.56.167 - - [30/Jun/2026:12:56:14 +0000] "GET /products/462113734573 HTTP/1.1" 301 4158 "-" "meta-externalagent/1.1 (+https://developers.facebook.com/docs/sharing/webmasters/crawler)"
172.69.71.204 - - [30/Jun/2026:12:56:25 +0000] "GET /items/R472756710/ HTTP/1.1" 404 99752 "-" "meta-externalagent/1.1 (+https://developers.facebook.com/docs/sharing/webmasters/crawler)"
172.71.22.225 - - [30/Jun/2026:12:56:37 +0000] "GET /products/3326329583321 HTTP/1.1" 301 4159 "-" "meta-externalagent/1.1 (+https://developers.facebook.com/docs/sharing/webmasters/crawler)"
172.68.71.114 - - [30/Jun/2026:12:56:38 +0000] "GET /items/R474125872/ HTTP/1.1" 301 4154 "-" "meta-externalagent/1.1 (+https://developers.facebook.com/docs/sharing/webmasters/crawler)"
162.158.42.196 - - [30/Jun/2026:12:56:40 +0000] "GET /products/4092508585548 HTTP/1.1" 404 99757 "-" "Mozilla/5.0 (Linux; Android 6.0.1; Nexus 5X Build/MMB29P) AppleWebKit/537.36 (KHTML, like Gecko) Chrome/148.0.7778.96 Mobile Safari/537.36 (compatible; Googlebot/2.1; +http://www.google.com/bot.html)"
104.22.1.200 - - [30/Jun/2026:12:56:44 +0000] "GET /products/5372484617320 HTTP/1.1" 404 99830 "-" "meta-externalagent/1.1 (+https://developers.facebook.com/docs/sharing/webmasters/crawler)"
172.71.22.225 - - [30/Jun/2026:12:56:50 +0000] "GET /products/2154155538009 HTTP/1.1" 301 4159 "-" "meta-externalagent/1.1 (+https://developers.facebook.com/docs/sharing/webmasters/crawler)"
104.22.24.211 - - [30/Jun/2026:12:56:53 +0000] "GET /items/R474905992/ HTTP/1.1" 404 99752 "-" "meta-externalagent/1.1 (+https://developers.facebook.com/docs/sharing/webmasters/crawler)"
172.69.70.64 - - [30/Jun/2026:12:56:53 +0000] "GET /products/111849553632 HTTP/1.1" 301 4158 "-" "meta-externalagent/1.1 (+https://developers.facebook.com/docs/sharing/webmasters/crawler)"
104.22.24.100 - - [30/Jun/2026:12:56:55 +0000] "GET /products/3458644053386 HTTP/1.1" 301 4159 "-" "meta-externalagent/1.1 (+https://developers.facebook.com/docs/sharing/webmasters/crawler)"
104.22.24.100 - - [30/Jun/2026:12:57:03 +0000] "GET /products/1079189542049 HTTP/1.1" 301 4159 "-" "meta-externalagent/1.1 (+https://developers.facebook.com/docs/sharing/webmasters/crawler)"
104.22.1.200 - - [30/Jun/2026:12:57:04 +0000] "GET /products/1073324540856 HTTP/1.1" 404 99830 "-" "meta-externalagent/1.1 (+https://developers.facebook.com/docs/sharing/webmasters/crawler)"
172.68.164.127 - - [30/Jun/2026:12:57:14 +0000] "POST /wp-cron.php?doing_wp_cron=1782824234.1340720653533935546875 HTTP/1.1" 200 4035 "-" "WordPress/7.0; https://www.simottodesign.com"
172.71.23.121 - - [30/Jun/2026:12:57:13 +0000] "GET /items/R472762410/ HTTP/1.1" 404 99752 "-" "meta-externalagent/1.1 (+https://developers.facebook.com/docs/sharing/webmasters/crawler)"
172.68.71.114 - - [30/Jun/2026:12:57:32 +0000] "GET /items/R473674389/ HTTP/1.1" 301 4154 "-" "meta-externalagent/1.1 (+https://developers.facebook.com/docs/sharing/webmasters/crawler)"
162.158.42.196 - - [30/Jun/2026:12:57:41 +0000] "GET /products/3094018078447 HTTP/1.1" 404 99757 "-" "Mozilla/5.0 (Linux; Android 6.0.1; Nexus 5X Build/MMB29P) AppleWebKit/537.36 (KHTML, like Gecko) Chrome/148.0.7778.96 Mobile Safari/537.36 (compatible; Googlebot/2.1; +http://www.google.com/bot.html)"
104.22.56.207 - - [30/Jun/2026:12:57:43 +0000] "GET /products/2952233728871 HTTP/1.1" 404 99757 "-" "meta-externalagent/1.1 (+https://developers.facebook.com/docs/sharing/webmasters/crawler)"
172.71.30.41 - - [30/Jun/2026:12:57:52 +0000] "GET /products/1618203985755 HTTP/1.1" 301 4159 "-" "meta-externalagent/1.1 (+https://developers.facebook.com/docs/sharing/webmasters/crawler)"
104.22.56.167 - - [30/Jun/2026:12:57:57 +0000] "GET /products/2966719484031 HTTP/1.1" 301 4159 "-" "meta-externalagent/1.1 (+https://developers.facebook.com/docs/sharing/webmasters/crawler)"
104.23.245.33 - - [30/Jun/2026:12:57:59 +0000] "GET /items/R472491735/ HTTP/1.1" 404 99752 "-" "meta-externalagent/1.1 (+https://developers.facebook.com/docs/sharing/webmasters/crawler)"
104.22.56.167 - - [30/Jun/2026:12:58:01 +0000] "GET /products/5128492045408 HTTP/1.1" 301 4159 "-" "meta-externalagent/1.1 (+https://developers.facebook.com/docs/sharing/webmasters/crawler)"
162.158.88.100 - - [30/Jun/2026:12:58:16 +0000] "POST /wp-cron.php?doing_wp_cron=1782824296.2332749366760253906250 HTTP/1.1" 200 4035 "-" "WordPress/7.0; https://www.simottodesign.com"
104.22.56.167 - - [30/Jun/2026:12:58:15 +0000] "GET /products/4887867149264 HTTP/1.1" 301 4159 "-" "meta-externalagent/1.1 (+https://developers.facebook.com/docs/sharing/webmasters/crawler)"
104.23.245.187 - - [30/Jun/2026:12:58:20 +0000] "GET /products/1435446151518 HTTP/1.1" 301 4159 "-" "meta-externalagent/1.1 (+https://developers.facebook.com/docs/sharing/webmasters/crawler)"
172.68.70.34 - - [30/Jun/2026:12:58:23 +0000] "GET /items/R476847767/ HTTP/1.1" 404 99752 "-" "meta-externalagent/1.1 (+https://developers.facebook.com/docs/sharing/webmasters/crawler)"
172.71.22.225 - - [30/Jun/2026:12:58:26 +0000] "GET /products/2748241033646 HTTP/1.1" 301 4159 "-" "meta-externalagent/1.1 (+https://developers.facebook.com/docs/sharing/webmasters/crawler)"
108.162.245.213 - - [30/Jun/2026:12:58:34 +0000] "GET /products/2206274701612 HTTP/1.1" 301 4159 "-" "Mozilla/5.0 (Linux; Android 6.0.1; Nexus 5X Build/MMB29P) AppleWebKit/537.36 (KHTML, like Gecko) Chrome/148.0.7778.96 Mobile Safari/537.36 (compatible; Googlebot/2.1; +http://www.google.com/bot.html)"
162.158.42.196 - - [30/Jun/2026:12:58:35 +0000] "GET /products/2206274701612 HTTP/1.1" 404 99757 "-" "Mozilla/5.0 (Linux; Android 6.0.1; Nexus 5X Build/MMB29P) AppleWebKit/537.36 (KHTML, like Gecko) Chrome/148.0.7778.96 Mobile Safari/537.36 (compatible; Googlebot/2.1; +http://www.google.com/bot.html)"
104.22.56.167 - - [30/Jun/2026:12:58:43 +0000] "GET /products/4520165590059 HTTP/1.1" 301 4159 "-" "meta-externalagent/1.1 (+https://developers.facebook.com/docs/sharing/webmasters/crawler)"
104.22.24.101 - - [30/Jun/2026:12:58:45 +0000] "GET /items/R473401959/ HTTP/1.1" 301 4154 "-" "meta-externalagent/1.1 (+https://developers.facebook.com/docs/sharing/webmasters/crawler)"
162.158.108.88 - - [30/Jun/2026:12:59:32 +0000] "POST /wp-cron.php?doing_wp_cron=1782824372.5965940952301025390625 HTTP/1.1" 200 4035 "-" "WordPress/7.0; https://www.simottodesign.com"
172.69.70.65 - - [30/Jun/2026:12:59:32 +0000] "GET /products/5430423681535 HTTP/1.1" 301 4159 "-" "meta-externalagent/1.1 (+https://developers.facebook.com/docs/sharing/webmasters/crawler)"
172.68.22.177 - - [30/Jun/2026:12:59:36 +0000] "GET /shopdetail/money-back-guarantee/b10d54742256502.html HTTP/1.1" 404 99787 "-" "Mozilla/5.0 (Linux; Android 6.0.1; Nexus 5X Build/MMB29P) AppleWebKit/537.36 (KHTML, like Gecko) Chrome/148.0.7778.96 Mobile Safari/537.36 (compatible; Googlebot/2.1; +http://www.google.com/bot.html)"
104.22.24.101 - - [30/Jun/2026:12:59:55 +0000] "GET /items/R471094772/ HTTP/1.1" 301 4154 "-" "meta-externalagent/1.1 (+https://developers.facebook.com/docs/sharing/webmasters/crawler)"
104.22.24.211 - - [30/Jun/2026:13:00:02 +0000] "GET /products/3028528610033 HTTP/1.1" 404 99757 "-" "meta-externalagent/1.1 (+https://developers.facebook.com/docs/sharing/webmasters/crawler)"
172.70.143.213 - - [30/Jun/2026:13:00:20 +0000] "POST /wp-cron.php?doing_wp_cron=1782824420.2645320892333984375000 HTTP/1.1" 200 4035 "-" "WordPress/7.0; https://www.simottodesign.com"
104.22.1.17 - - [30/Jun/2026:13:00:19 +0000] "GET /items/R475507933/ HTTP/1.1" 301 4154 "-" "meta-externalagent/1.1 (+https://developers.facebook.com/docs/sharing/webmasters/crawler)"
104.22.56.167 - - [30/Jun/2026:13:00:32 +0000] "GET /products/976572021618 HTTP/1.1" 301 4158 "-" "meta-externalagent/1.1 (+https://developers.facebook.com/docs/sharing/webmasters/crawler)"
172.69.70.64 - - [30/Jun/2026:13:00:43 +0000] "GET /products/3031103150165 HTTP/1.1" 301 4159 "-" "meta-externalagent/1.1 (+https://developers.facebook.com/docs/sharing/webmasters/crawler)"
104.22.56.167 - - [30/Jun/2026:13:00:52 +0000] "GET /items/R473336454/ HTTP/1.1" 301 4154 "-" "meta-externalagent/1.1 (+https://developers.facebook.com/docs/sharing/webmasters/crawler)"
104.23.245.32 - - [30/Jun/2026:13:00:56 +0000] "GET /products/4231480240265 HTTP/1.1" 404 99757 "-" "meta-externalagent/1.1 (+https://developers.facebook.com/docs/sharing/webmasters/crawler)"
172.70.143.213 - - [30/Jun/2026:13:01:11 +0000] "POST /wp-cron.php?doing_wp_cron=1782824471.2906000614166259765625 HTTP/1.1" 200 4035 "-" "WordPress/7.0; https://www.simottodesign.com"
172.71.238.51 - - [30/Jun/2026:13:01:10 +0000] "POST /xmlrpc.php HTTP/1.1" 200 4217 "-" "WordPress.com; https://wordpress.com"
104.22.56.167 - - [30/Jun/2026:13:01:15 +0000] "GET /products/1638786565955 HTTP/1.1" 301 4159 "-" "meta-externalagent/1.1 (+https://developers.facebook.com/docs/sharing/webmasters/crawler)"
172.71.238.51 - - [30/Jun/2026:13:01:20 +0000] "POST /xmlrpc.php HTTP/1.1" 200 4217 "-" "WordPress.com; https://wordpress.com"
172.68.71.113 - - [30/Jun/2026:13:01:23 +0000] "GET /items/R472378009/ HTTP/1.1" 301 4154 "-" "meta-externalagent/1.1 (+https://developers.facebook.com/docs/sharing/webmasters/crawler)"
172.71.238.51 - - [30/Jun/2026:13:01:34 +0000] "POST /xmlrpc.php HTTP/1.1" 200 4217 "-" "Jetpack by WordPress.com (Jetpack 13.0; WordPress 6.1)"
172.68.22.176 - - [30/Jun/2026:13:01:38 +0000] "GET /items/G962039492/ HTTP/1.1" 404 99752 "-" "Mozilla/5.0 (Linux; Android 6.0.1; Nexus 5X Build/MMB29P) AppleWebKit/537.36 (KHTML, like Gecko) Chrome/148.0.7778.96 Mobile Safari/537.36 (compatible; Googlebot/2.1; +http://www.google.com/bot.html)"
104.22.1.200 - - [30/Jun/2026:13:01:44 +0000] "GET /items/R475565622/ HTTP/1.1" 404 99752 "-" "meta-externalagent/1.1 (+https://developers.facebook.com/docs/sharing/webmasters/crawler)"
172.71.238.51 - - [30/Jun/2026:13:01:45 +0000] "POST /xmlrpc.php HTTP/1.1" 200 4217 "-" "WordPress.com; https://wordpress.com"
172.71.238.51 - - [30/Jun/2026:13:01:56 +0000] "POST /xmlrpc.php HTTP/1.1" 200 4217 "-" "Jetpack/13.0; WordPress/6.1; http://site12343349.com"
104.22.1.17 - - [30/Jun/2026:13:01:57 +0000] "GET /products/1445151594109 HTTP/1.1" 301 4159 "-" "meta-externalagent/1.1 (+https://developers.facebook.com/docs/sharing/webmasters/crawler)"
104.22.1.17 - - [30/Jun/2026:13:02:02 +0000] "GET /items/R471233085/ HTTP/1.1" 301 4154 "-" "meta-externalagent/1.1 (+https://developers.facebook.com/docs/sharing/webmasters/crawler)"
172.71.238.51 - - [30/Jun/2026:13:02:06 +0000] "POST /xmlrpc.php HTTP/1.1" 200 4217 "-" "WordPress.com; https://wordpress.com"
172.71.81.81 - - [30/Jun/2026:13:02:12 +0000] "POST /wp-cron.php?doing_wp_cron=1782824532.1943929195404052734375 HTTP/1.1" 200 4035 "-" "WordPress/7.0; https://www.simottodesign.com"
108.162.238.60 - - [30/Jun/2026:13:02:11 +0000] "GET /items/R474792719/ HTTP/1.1" 301 4154 "-" "meta-externalagent/1.1 (+https://developers.facebook.com/docs/sharing/webmasters/crawler)"
172.71.22.225 - - [30/Jun/2026:13:02:15 +0000] "GET /products/3587293353613 HTTP/1.1" 301 4159 "-" "meta-externalagent/1.1 (+https://developers.facebook.com/docs/sharing/webmasters/crawler)"
172.71.238.51 - - [30/Jun/2026:13:02:17 +0000] "POST /xmlrpc.php HTTP/1.1" 200 4217 "-" "Jetpack by WordPress.com (Jetpack 12.5; WordPress 6.1)"
172.71.30.40 - - [30/Jun/2026:13:02:19 +0000] "GET /products/4618419786711 HTTP/1.1" 301 4159 "-" "meta-externalagent/1.1 (+https://developers.facebook.com/docs/sharing/webmasters/crawler)"
172.71.238.51 - - [30/Jun/2026:13:02:27 +0000] "POST /xmlrpc.php HTTP/1.1" 200 4217 "-" "Jetpack by WordPress.com (Jetpack 12.1; WordPress 6.2)"
104.22.24.210 - - [30/Jun/2026:13:02:29 +0000] "GET /items/R476234168/ HTTP/1.1" 404 99752 "-" "meta-externalagent/1.1 (+https://developers.facebook.com/docs/sharing/webmasters/crawler)"
172.71.238.51 - - [30/Jun/2026:13:02:38 +0000] "POST /xmlrpc.php HTTP/1.1" 200 4217 "-" "Jetpack/12.0; WordPress/6.1; http://site33257965.com"
162.158.42.195 - - [30/Jun/2026:13:02:39 +0000] "GET /products/4866925173554 HTTP/1.1" 404 99830 "-" "Mozilla/5.0 (Linux; Android 6.0.1; Nexus 5X Build/MMB29P) AppleWebKit/537.36 (KHTML, like Gecko) Chrome/148.0.7778.96 Mobile Safari/537.36 (compatible; Googlebot/2.1; +http://www.google.com/bot.html)"
104.22.56.167 - - [30/Jun/2026:13:02:43 +0000] "GET /items/R473286321/ HTTP/1.1" 301 4154 "-" "meta-externalagent/1.1 (+https://developers.facebook.com/docs/sharing/webmasters/crawler)"
172.71.30.40 - - [30/Jun/2026:13:02:43 +0000] "GET /products/3339491430189 HTTP/1.1" 301 4159 "-" "meta-externalagent/1.1 (+https://developers.facebook.com/docs/sharing/webmasters/crawler)"
172.71.238.51 - - [30/Jun/2026:13:02:49 +0000] "POST /xmlrpc.php HTTP/1.1" 200 4217 "-" "Jetpack by WordPress.com"
104.22.56.167 - - [30/Jun/2026:13:02:56 +0000] "GET /items/R473300991/ HTTP/1.1" 301 4154 "-" "meta-externalagent/1.1 (+https://developers.facebook.com/docs/sharing/webmasters/crawler)"
172.71.238.51 - - [30/Jun/2026:13:02:59 +0000] "POST /xmlrpc.php HTTP/1.1" 200 4217 "-" "Jetpack by WordPress.com (Jetpack 13.0; WordPress 6.3)"
162.158.108.88 - - [30/Jun/2026:13:03:11 +0000] "POST /wp-cron.php?doing_wp_cron=1782824590.9527521133422851562500 HTTP/1.1" 200 4035 "-" "WordPress/7.0; https://www.simottodesign.com"
172.71.238.51 - - [30/Jun/2026:13:03:10 +0000] "POST /xmlrpc.php HTTP/1.1" 200 4217 "-" "WordPress.com; https://wordpress.com"
104.23.245.187 - - [30/Jun/2026:13:03:11 +0000] "GET /products/5123729246492 HTTP/1.1" 301 4159 "-" "meta-externalagent/1.1 (+https://developers.facebook.com/docs/sharing/webmasters/crawler)"
172.68.164.127 - - [30/Jun/2026:13:03:16 +0000] "POST /wp-cron.php?doing_wp_cron=1782824596.7111930847167968750000 HTTP/1.1" 200 4035 "-" "WordPress/7.0; https://www.simottodesign.com"
108.162.237.96 - - [30/Jun/2026:13:03:16 +0000] "GET /products/1821398881563 HTTP/1.1" 404 99757 "-" "meta-externalagent/1.1 (+https://developers.facebook.com/docs/sharing/webmasters/crawler)"
172.70.143.212 - - [30/Jun/2026:13:03:17 +0000] "GET / HTTP/1.1" 200 29817 "-" "Mozilla/5.0 (Windows NT 10.0; Win64; x64) AppleWebKit/537.36 (KHTML, like Gecko) Chrome/114.0.0.0 Safari/537.36"
162.158.189.202 - - [30/Jun/2026:13:03:18 +0000] "GET /home-2/ HTTP/1.1" 200 29804 "-" "Mozilla/5.0 (Windows NT 10.0; Win64; x64) AppleWebKit/537.36 (KHTML, like Gecko) Chrome/114.0.0.0 Safari/537.36"
172.70.143.212 - - [30/Jun/2026:13:03:18 +0000] "GET /product/schementic-design/ HTTP/1.1" 200 28676 "-" "Mozilla/5.0 (Windows NT 10.0; Win64; x64) AppleWebKit/537.36 (KHTML, like Gecko) Chrome/114.0.0.0 Safari/537.36"
172.70.143.212 - - [30/Jun/2026:13:03:19 +0000] "GET /product/site-measurement-within-500-square-foot/ HTTP/1.1" 200 28741 "-" "Mozilla/5.0 (Windows NT 10.0; Win64; x64) AppleWebKit/537.36 (KHTML, like Gecko) Chrome/114.0.0.0 Safari/537.36"
162.158.88.101 - - [30/Jun/2026:13:03:19 +0000] "GET /author/guauserwa5/ HTTP/1.1" 200 25911 "-" "Mozilla/5.0 (Windows NT 10.0; Win64; x64) AppleWebKit/537.36 (KHTML, like Gecko) Chrome/117.0.0.0 Safari/537.36"
104.23.175.205 - - [30/Jun/2026:13:03:20 +0000] "GET /product/first-consultation/ HTTP/1.1" 200 28665 "-" "Mozilla/5.0 (Windows NT 10.0; Win64; x64) AppleWebKit/537.36 (KHTML, like Gecko) Chrome/114.0.0.0 Safari/537.36"
172.69.165.83 - - [30/Jun/2026:13:03:20 +0000] "GET /shop/ HTTP/1.1" 200 26247 "-" "Mozilla/5.0 (Windows NT 10.0; Win64; x64) AppleWebKit/537.36 (KHTML, like Gecko) Chrome/114.0.0.0 Safari/537.36"
172.68.164.127 - - [30/Jun/2026:13:03:21 +0000] "POST /?wc-ajax=get_refreshed_fragments HTTP/1.1" 200 4512 "https://www.simottodesign.com/author/guauserwa5/" "Mozilla/5.0 (Windows NT 10.0; Win64; x64) AppleWebKit/537.36 (KHTML, like Gecko) Chrome/117.0.0.0 Safari/537.36"
172.71.238.51 - - [30/Jun/2026:13:03:21 +0000] "POST /xmlrpc.php HTTP/1.1" 200 4217 "-" "Jetpack by WordPress.com (Jetpack 12.1; WordPress 6.1)"
172.70.93.79 - - [30/Jun/2026:13:03:21 +0000] "GET /wp-content/cache/speedycache/www.simottodesign.com/assets/fa-solid-900.woff2 HTTP/1.1" 404 99884 "https://www.simottodesign.com/wp-content/cache/speedycache/www.simottodesign.com/assets/3b513906d0433860-fontawesome.css" "Mozilla/5.0 (Windows NT 10.0; Win64; x64) AppleWebKit/537.36 (KHTML, like Gecko) Chrome/117.0.0.0 Safari/537.36"
172.70.208.127 - - [30/Jun/2026:13:03:21 +0000] "GET /cart/ HTTP/1.1" 200 26798 "-" "Mozilla/5.0 (Windows NT 10.0; Win64; x64) AppleWebKit/537.36 (KHTML, like Gecko) Chrome/114.0.0.0 Safari/537.36"
172.70.143.212 - - [30/Jun/2026:13:03:22 +0000] "GET /checkout/ HTTP/1.1" 302 4130 "-" "Mozilla/5.0 (Windows NT 10.0; Win64; x64) AppleWebKit/537.36 (KHTML, like Gecko) Chrome/114.0.0.0 Safari/537.36"
172.71.218.237 - - [30/Jun/2026:13:03:23 +0000] "GET /wp-content/cache/speedycache/www.simottodesign.com/assets/fa-solid-900.woff HTTP/1.1" 404 99805 "https://www.simottodesign.com/wp-content/cache/speedycache/www.simottodesign.com/assets/3b513906d0433860-fontawesome.css" "Mozilla/5.0 (Windows NT 10.0; Win64; x64) AppleWebKit/537.36 (KHTML, like Gecko) Chrome/117.0.0.0 Safari/537.36"
104.23.175.205 - - [30/Jun/2026:13:03:23 +0000] "GET /my-account/ HTTP/1.1" 200 26549 "-" "Mozilla/5.0 (Windows NT 10.0; Win64; x64) AppleWebKit/537.36 (KHTML, like Gecko) Chrome/114.0.0.0 Safari/537.36"
104.22.66.53 - - [30/Jun/2026:13:03:23 +0000] "GET /wp-content/cache/speedycache/www.simottodesign.com/assets/fa-solid-900.ttf HTTP/1.1" 404 99882 "https://www.simottodesign.com/wp-content/cache/speedycache/www.simottodesign.com/assets/3b513906d0433860-fontawesome.css" "Mozilla/5.0 (Windows NT 10.0; Win64; x64) AppleWebKit/537.36 (KHTML, like Gecko) Chrome/117.0.0.0 Safari/537.36"
104.23.175.205 - - [30/Jun/2026:13:03:24 +0000] "GET /hello-world/ HTTP/1.1" 200 28550 "-" "Mozilla/5.0 (Windows NT 10.0; Win64; x64) AppleWebKit/537.36 (KHTML, like Gecko) Chrome/114.0.0.0 Safari/537.36"
172.71.238.51 - - [30/Jun/2026:13:03:31 +0000] "POST /xmlrpc.php HTTP/1.1" 200 4217 "-" "Jetpack by WordPress.com"
104.22.56.167 - - [30/Jun/2026:13:03:32 +0000] "GET /products/4522312169180 HTTP/1.1" 301 4159 "-" "meta-externalagent/1.1 (+https://developers.facebook.com/docs/sharing/webmasters/crawler)"
172.71.238.51 - - [30/Jun/2026:13:03:42 +0000] "POST /xmlrpc.php HTTP/1.1" 200 4217 "-" "Jetpack by WordPress.com"
172.71.238.51 - - [30/Jun/2026:13:03:52 +0000] "POST /xmlrpc.php HTTP/1.1" 200 4217 "-" "Jetpack by WordPress.com"
172.71.238.51 - - [30/Jun/2026:13:04:03 +0000] "POST /xmlrpc.php HTTP/1.1" 200 4217 "-" "Jetpack by WordPress.com"
104.22.24.100 - - [30/Jun/2026:13:04:07 +0000] "GET /items/R472987981/ HTTP/1.1" 301 4154 "-" "meta-externalagent/1.1 (+https://developers.facebook.com/docs/sharing/webmasters/crawler)"
104.23.175.205 - - [30/Jun/2026:13:04:10 +0000] "POST /wp-cron.php?doing_wp_cron=1782824650.1108438968658447265625 HTTP/1.1" 200 4035 "-" "WordPress/7.0; https://www.simottodesign.com"
104.22.24.100 - - [30/Jun/2026:13:04:09 +0000] "GET /products/2339532492801 HTTP/1.1" 301 4159 "-" "meta-externalagent/1.1 (+https://developers.facebook.com/docs/sharing/webmasters/crawler)"
172.69.70.64 - - [30/Jun/2026:13:04:13 +0000] "GET /products/4177343904595 HTTP/1.1" 301 4159 "-" "meta-externalagent/1.1 (+https://developers.facebook.com/docs/sharing/webmasters/crawler)"
172.71.238.51 - - [30/Jun/2026:13:04:14 +0000] "POST /xmlrpc.php HTTP/1.1" 403 4800 "-" "Jetpack by WordPress.com"
172.69.70.64 - - [30/Jun/2026:13:04:15 +0000] "GET /products/3415891131051 HTTP/1.1" 301 4159 "-" "meta-externalagent/1.1 (+https://developers.facebook.com/docs/sharing/webmasters/crawler)"
104.23.245.33 - - [30/Jun/2026:13:04:23 +0000] "GET /products/3232611020944 HTTP/1.1" 404 99757 "-" "meta-externalagent/1.1 (+https://developers.facebook.com/docs/sharing/webmasters/crawler)"
162.158.114.179 - - [30/Jun/2026:13:04:25 +0000] "POST /wp-cron.php?doing_wp_cron=1782824665.3272230625152587890625 HTTP/1.1" 200 4035 "-" "WordPress/7.0; https://www.simottodesign.com"
172.71.238.51 - - [30/Jun/2026:13:04:24 +0000] "POST /xmlrpc.php HTTP/1.1" 200 4217 "-" "Jetpack/12.0; WordPress/6.2; http://site88898290.com"
104.22.66.99 - - [30/Jun/2026:13:04:26 +0000] "GET /sample-page/ HTTP/1.1" 200 26651 "-" "Mozilla/5.0 (Windows NT 10.0; Win64; x64) AppleWebKit/537.36 (KHTML, like Gecko) Chrome/114.0.0.0 Safari/537.36"
162.158.108.89 - - [30/Jun/2026:13:04:26 +0000] "GET /contact/ HTTP/1.1" 200 27946 "-" "Mozilla/5.0 (Windows NT 10.0; Win64; x64) AppleWebKit/537.36 (KHTML, like Gecko) Chrome/114.0.0.0 Safari/537.36"
172.70.143.212 - - [30/Jun/2026:13:04:27 +0000] "GET /projects/ HTTP/1.1" 200 26835 "-" "Mozilla/5.0 (Windows NT 10.0; Win64; x64) AppleWebKit/537.36 (KHTML, like Gecko) Chrome/114.0.0.0 Safari/537.36"
162.158.114.179 - - [30/Jun/2026:13:04:28 +0000] "GET /service-process/ HTTP/1.1" 200 27803 "-" "Mozilla/5.0 (Windows NT 10.0; Win64; x64) AppleWebKit/537.36 (KHTML, like Gecko) Chrome/114.0.0.0 Safari/537.36"
172.71.124.201 - - [30/Jun/2026:13:04:28 +0000] "GET /about-us/ HTTP/1.1" 200 29887 "-" "Mozilla/5.0 (Windows NT 10.0; Win64; x64) AppleWebKit/537.36 (KHTML, like Gecko) Chrome/114.0.0.0 Safari/537.36"
104.22.56.167 - - [30/Jun/2026:13:04:29 +0000] "GET /products/4356892908851 HTTP/1.1" 301 4159 "-" "meta-externalagent/1.1 (+https://developers.facebook.com/docs/sharing/webmasters/crawler)"
172.71.81.82 - - [30/Jun/2026:13:04:29 +0000] "GET /hello-world-2/ HTTP/1.1" 200 28330 "-" "Mozilla/5.0 (Windows NT 10.0; Win64; x64) AppleWebKit/537.36 (KHTML, like Gecko) Chrome/114.0.0.0 Safari/537.36"
172.70.208.126 - - [30/Jun/2026:13:04:30 +0000] "GET / HTTP/1.1" 200 29817 "-" "Mozilla/5.0 (Windows NT 10.0; Win64; x64) AppleWebKit/537.36 (KHTML, like Gecko) Chrome/114.0.0.0 Safari/537.36"
172.71.22.224 - - [30/Jun/2026:13:04:32 +0000] "GET /items/R475733808/ HTTP/1.1" 301 4154 "-" "meta-externalagent/1.1 (+https://developers.facebook.com/docs/sharing/webmasters/crawler)"
172.71.238.51 - - [30/Jun/2026:13:04:35 +0000] "POST /xmlrpc.php HTTP/1.1" 403 4800 "-" "Jetpack by WordPress.com"
162.158.42.195 - - [30/Jun/2026:13:04:41 +0000] "GET /products/3429383054886 HTTP/1.1" 404 99757 "-" "Mozilla/5.0 (Linux; Android 6.0.1; Nexus 5X Build/MMB29P) AppleWebKit/537.36 (KHTML, like Gecko) Chrome/148.0.7778.96 Mobile Safari/537.36 (compatible; Googlebot/2.1; +http://www.google.com/bot.html)"
172.71.238.51 - - [30/Jun/2026:13:04:45 +0000] "POST /xmlrpc.php HTTP/1.1" 403 4800 "-" "Jetpack by WordPress.com"
104.22.24.100 - - [30/Jun/2026:13:04:53 +0000] "GET /products/5816062996773 HTTP/1.1" 301 4159 "-" "meta-externalagent/1.1 (+https://developers.facebook.com/docs/sharing/webmasters/crawler)"
172.71.23.121 - - [30/Jun/2026:13:04:56 +0000] "GET /products/753123750679 HTTP/1.1" 404 99829 "-" "meta-externalagent/1.1 (+https://developers.facebook.com/docs/sharing/webmasters/crawler)"
172.71.238.51 - - [30/Jun/2026:13:04:56 +0000] "POST /xmlrpc.php HTTP/1.1" 200 4217 "-" "Jetpack by WordPress.com (Jetpack 12.0; WordPress 6.4)"
172.71.238.51 - - [30/Jun/2026:13:05:07 +0000] "POST /xmlrpc.php HTTP/1.1" 200 4217 "-" "Jetpack/12.5; WordPress/6.4; http://site57181303.com"
172.71.238.51 - - [30/Jun/2026:13:05:17 +0000] "POST /xmlrpc.php HTTP/1.1" 403 4800 "-" "WordPress.com; https://wordpress.com"
104.22.66.99 - - [30/Jun/2026:13:05:20 +0000] "POST /wp-cron.php?doing_wp_cron=1782824720.7646319866180419921875 HTTP/1.1" 200 4035 "-" "WordPress/7.0; https://www.simottodesign.com"
104.22.24.100 - - [30/Jun/2026:13:05:20 +0000] "GET /items/R475617665/ HTTP/1.1" 301 4154 "-" "meta-externalagent/1.1 (+https://developers.facebook.com/docs/sharing/webmasters/crawler)"
104.22.56.167 - - [30/Jun/2026:13:05:24 +0000] "GET /products/3221416952561 HTTP/1.1" 301 4159 "-" "meta-externalagent/1.1 (+https://developers.facebook.com/docs/sharing/webmasters/crawler)"
172.71.238.51 - - [30/Jun/2026:13:05:28 +0000] "POST /xmlrpc.php HTTP/1.1" 403 4800 "-" "WordPress.com; https://wordpress.com"
104.22.1.16 - - [30/Jun/2026:13:05:34 +0000] "GET /products/1050616098295 HTTP/1.1" 301 4159 "-" "meta-externalagent/1.1 (+https://developers.facebook.com/docs/sharing/webmasters/crawler)"
172.71.238.51 - - [30/Jun/2026:13:05:38 +0000] "POST /xmlrpc.php HTTP/1.1" 403 4800 "-" "Jetpack by WordPress.com"
104.22.72.11 - - [30/Jun/2026:13:05:42 +0000] "GET /products/1257972103290 HTTP/1.1" 404 99757 "-" "Mozilla/5.0 (Linux; Android 6.0.1; Nexus 5X Build/MMB29P) AppleWebKit/537.36 (KHTML, like Gecko) Chrome/148.0.7778.96 Mobile Safari/537.36 (compatible; Googlebot/2.1; +http://www.google.com/bot.html)"
104.22.72.11 - - [30/Jun/2026:13:05:43 +0000] "GET /products/5338169115432 HTTP/1.1" 404 99757 "-" "Mozilla/5.0 (Linux; Android 6.0.1; Nexus 5X Build/MMB29P) AppleWebKit/537.36 (KHTML, like Gecko) Chrome/148.0.7778.96 Mobile Safari/537.36 (compatible; Googlebot/2.1; +http://www.google.com/bot.html)"
172.71.238.51 - - [30/Jun/2026:13:05:49 +0000] "POST /xmlrpc.php HTTP/1.1" 200 4217 "-" "Jetpack by WordPress.com (Jetpack 12.5; WordPress 6.4)"
104.22.24.100 - - [30/Jun/2026:13:05:50 +0000] "GET /products/3102084020359 HTTP/1.1" 301 4159 "-" "meta-externalagent/1.1 (+https://developers.facebook.com/docs/sharing/webmasters/crawler)"
172.71.238.51 - - [30/Jun/2026:13:06:00 +0000] "POST /xmlrpc.php HTTP/1.1" 403 4800 "-" "Jetpack by WordPress.com"
104.22.24.100 - - [30/Jun/2026:13:06:01 +0000] "GET /products/4802237565548 HTTP/1.1" 301 4159 "-" "meta-externalagent/1.1 (+https://developers.facebook.com/docs/sharing/webmasters/crawler)"
162.158.114.179 - - [30/Jun/2026:13:06:04 +0000] "POST /wp-cron.php?doing_wp_cron=1782824763.9445109367370605468750 HTTP/1.1" 200 4035 "-" "WordPress/7.0; https://www.simottodesign.com"
104.22.56.207 - - [30/Jun/2026:13:06:03 +0000] "GET /products/2464606455799 HTTP/1.1" 404 99757 "-" "meta-externalagent/1.1 (+https://developers.facebook.com/docs/sharing/webmasters/crawler)"
172.69.176.126 - - [30/Jun/2026:13:06:11 +0000] "POST /wp-cron.php?doing_wp_cron=1782824771.1960330009460449218750 HTTP/1.1" 200 4035 "-" "WordPress/7.0; https://www.simottodesign.com"
172.71.238.51 - - [30/Jun/2026:13:06:10 +0000] "POST /xmlrpc.php HTTP/1.1" 200 4217 "-" "Jetpack by WordPress.com (Jetpack 12.1; WordPress 6.1)"
172.71.238.51 - - [30/Jun/2026:13:06:21 +0000] "POST /xmlrpc.php HTTP/1.1" 200 4217 "-" "Jetpack/12.1; WordPress/6.2; http://site49880827.com"
162.158.63.178 - - [30/Jun/2026:13:06:21 +0000] "GET /wp-login.php HTTP/1.1" 200 6261 "-" "Mozilla/5.0 (X11; Linux x86_64) AppleWebKit/537.36 (KHTML, like Gecko) Chrome/133.0.0.0 Safari/537.36 Edg/133.0.0.0"
172.71.30.40 - - [30/Jun/2026:13:06:24 +0000] "GET /products/866718390283 HTTP/1.1" 301 4158 "-" "meta-externalagent/1.1 (+https://developers.facebook.com/docs/sharing/webmasters/crawler)"
162.158.63.156 - - [30/Jun/2026:13:06:24 +0000] "POST /wp-login.php HTTP/1.1" 200 6395 "https://simottodesign.com/wp-login.php" "Mozilla/5.0 (X11; Linux x86_64) AppleWebKit/537.36 (KHTML, like Gecko) Chrome/133.0.0.0 Safari/537.36 Edg/133.0.0.0"
162.158.79.13 - - [30/Jun/2026:13:06:28 +0000] "GET /wp-content/plugins/elementor/assets/lib/eicons/fonts/eicons.woff2?5.10.0) HTTP/1.1" 200 4042 "-" "Mozilla/5.0 AppleWebKit/537.36 (KHTML, like Gecko; compatible; Amazonbot/0.1; +https://developer.amazon.com/support/amazonbot) Chrome/119.0.6045.214 Safari/537.36"
162.158.79.13 - - [30/Jun/2026:13:06:28 +0000] "GET /wp-content/plugins/elementor/assets/lib/eicons/fonts/eicons.woff2?5.10.0) HTTP/2.0" 200 89444 "-" "Mozilla/5.0 AppleWebKit/537.36 (KHTML, like Gecko; compatible; Amazonbot/0.1; +https://developer.amazon.com/support/amazonbot) Chrome/119.0.6045.214 Safari/537.36"
172.71.238.51 - - [30/Jun/2026:13:06:31 +0000] "POST /xmlrpc.php HTTP/1.1" 403 4800 "-" "WordPress.com; https://wordpress.com"
172.71.30.40 - - [30/Jun/2026:13:06:37 +0000] "GET /products/8979752717 HTTP/1.1" 301 4156 "-" "meta-externalagent/1.1 (+https://developers.facebook.com/docs/sharing/webmasters/crawler)"
162.158.88.101 - - [30/Jun/2026:13:06:43 +0000] "POST /wp-cron.php?doing_wp_cron=1782824802.9128949642181396484375 HTTP/1.1" 200 4035 "-" "WordPress/7.0; https://www.simottodesign.com"
172.71.238.51 - - [30/Jun/2026:13:06:42 +0000] "POST /xmlrpc.php HTTP/1.1" 200 4217 "-" "Jetpack/12.5; WordPress/6.3; http://site12481596.com"
172.71.30.40 - - [30/Jun/2026:13:06:44 +0000] "GET /items/R472649749/ HTTP/1.1" 301 4154 "-" "meta-externalagent/1.1 (+https://developers.facebook.com/docs/sharing/webmasters/crawler)"
104.22.72.11 - - [30/Jun/2026:13:06:44 +0000] "GET /products/4744146709784 HTTP/1.1" 404 99757 "-" "Mozilla/5.0 (Linux; Android 6.0.1; Nexus 5X Build/MMB29P) AppleWebKit/537.36 (KHTML, like Gecko) Chrome/148.0.7778.96 Mobile Safari/537.36 (compatible; Googlebot/2.1; +http://www.google.com/bot.html)"
104.22.1.200 - - [30/Jun/2026:13:06:45 +0000] "GET /products/2097972159826 HTTP/1.1" 404 99757 "-" "meta-externalagent/1.1 (+https://developers.facebook.com/docs/sharing/webmasters/crawler)"
172.71.238.51 - - [30/Jun/2026:13:06:52 +0000] "POST /xmlrpc.php HTTP/1.1" 403 4800 "-" "WordPress.com; https://wordpress.com"
104.23.245.187 - - [30/Jun/2026:13:06:52 +0000] "GET /products/2727135737062 HTTP/1.1" 301 4159 "-" "meta-externalagent/1.1 (+https://developers.facebook.com/docs/sharing/webmasters/crawler)"
104.22.56.167 - - [30/Jun/2026:13:06:54 +0000] "GET /products/1743700393841 HTTP/1.1" 301 4159 "-" "meta-externalagent/1.1 (+https://developers.facebook.com/docs/sharing/webmasters/crawler)"
104.22.56.167 - - [30/Jun/2026:13:06:58 +0000] "GET /items/R473387524/ HTTP/1.1" 301 4154 "-" "meta-externalagent/1.1 (+https://developers.facebook.com/docs/sharing/webmasters/crawler)"
172.71.238.51 - - [30/Jun/2026:13:07:03 +0000] "POST /xmlrpc.php HTTP/1.1" 200 4217 "-" "Jetpack/13.0; WordPress/6.3; http://site24603507.com"
104.23.245.187 - - [30/Jun/2026:13:07:08 +0000] "GET /products/3321012375713 HTTP/1.1" 301 4159 "-" "meta-externalagent/1.1 (+https://developers.facebook.com/docs/sharing/webmasters/crawler)"
172.68.164.127 - - [30/Jun/2026:13:07:09 +0000] "POST /wp-cron.php?doing_wp_cron=1782824829.4425780773162841796875 HTTP/1.1" 200 4035 "-" "WordPress/7.0; https://www.simottodesign.com"
172.71.238.51 - - [30/Jun/2026:13:07:13 +0000] "POST /xmlrpc.php HTTP/1.1" 200 4217 "-" "Jetpack by WordPress.com (Jetpack 12.5; WordPress 6.4)"
172.71.238.51 - - [30/Jun/2026:13:07:24 +0000] "POST /xmlrpc.php HTTP/1.1" 200 4217 "-" "Jetpack/12.5; WordPress/6.4; http://site84468081.com"
172.71.238.51 - - [30/Jun/2026:13:07:34 +0000] "POST /xmlrpc.php HTTP/1.1" 200 4217 "-" "Jetpack by WordPress.com (Jetpack 12.0; WordPress 6.3)"
172.71.238.51 - - [30/Jun/2026:13:07:45 +0000] "POST /xmlrpc.php HTTP/1.1" 403 4800 "-" "WordPress.com; https://wordpress.com"
104.22.72.11 - - [30/Jun/2026:13:07:45 +0000] "GET /products/1467978022945 HTTP/1.1" 404 99757 "-" "Mozilla/5.0 (Linux; Android 6.0.1; Nexus 5X Build/MMB29P) AppleWebKit/537.36 (KHTML, like Gecko) Chrome/148.0.7778.96 Mobile Safari/537.36 (compatible; Googlebot/2.1; +http://www.google.com/bot.html)"
108.162.238.60 - - [30/Jun/2026:13:07:46 +0000] "GET /products/2725749051934 HTTP/1.1" 301 4159 "-" "meta-externalagent/1.1 (+https://developers.facebook.com/docs/sharing/webmasters/crawler)"
162.159.120.161 - - [30/Jun/2026:13:07:47 +0000] "GET /items/Q154719886/ HTTP/1.1" 404 99752 "-" "Mozilla/5.0 (Linux; Android 6.0.1; Nexus 5X Build/MMB29P) AppleWebKit/537.36 (KHTML, like Gecko) Chrome/148.0.7778.96 Mobile Safari/537.36 (compatible; Googlebot/2.1; +http://www.google.com/bot.html)"
104.22.24.101 - - [30/Jun/2026:13:07:49 +0000] "GET /items/R473768434/ HTTP/1.1" 301 4154 "-" "meta-externalagent/1.1 (+https://developers.facebook.com/docs/sharing/webmasters/crawler)"
172.71.238.51 - - [30/Jun/2026:13:07:56 +0000] "POST /xmlrpc.php HTTP/1.1" 403 4800 "-" "WordPress.com; https://wordpress.com"
172.71.30.40 - - [30/Jun/2026:13:07:57 +0000] "GET /products/498536158114 HTTP/1.1" 301 4158 "-" "meta-externalagent/1.1 (+https://developers.facebook.com/docs/sharing/webmasters/crawler)"
172.71.238.51 - - [30/Jun/2026:13:08:06 +0000] "POST /xmlrpc.php HTTP/1.1" 200 4217 "-" "Jetpack by WordPress.com (Jetpack 13.0; WordPress 6.3)"
162.158.189.203 - - [30/Jun/2026:13:08:17 +0000] "POST /wp-cron.php?doing_wp_cron=1782824897.6672010421752929687500 HTTP/1.1" 200 4035 "-" "WordPress/7.0; https://www.simottodesign.com"
172.71.238.51 - - [30/Jun/2026:13:08:17 +0000] "POST /xmlrpc.php HTTP/1.1" 200 4217 "-" "Jetpack by WordPress.com (Jetpack 12.5; WordPress 6.3)"
104.22.56.167 - - [30/Jun/2026:13:08:17 +0000] "GET /items/R476620299/ HTTP/1.1" 301 4154 "-" "meta-externalagent/1.1 (+https://developers.facebook.com/docs/sharing/webmasters/crawler)"
172.71.238.51 - - [30/Jun/2026:13:08:27 +0000] "POST /xmlrpc.php HTTP/1.1" 403 4800 "-" "Jetpack by WordPress.com"
108.162.238.60 - - [30/Jun/2026:13:08:35 +0000] "GET /items/R476754826/ HTTP/1.1" 301 4154 "-" "meta-externalagent/1.1 (+https://developers.facebook.com/docs/sharing/webmasters/crawler)"
172.71.238.51 - - [30/Jun/2026:13:08:38 +0000] "POST /xmlrpc.php HTTP/1.1" 200 4217 "-" "Jetpack by WordPress.com (Jetpack 12.1; WordPress 6.3)"
172.71.238.51 - - [30/Jun/2026:13:08:48 +0000] "POST /xmlrpc.php HTTP/1.1" 403 4800 "-" "WordPress.com; https://wordpress.com"
172.71.22.224 - - [30/Jun/2026:13:08:50 +0000] "GET /products/4897082674042 HTTP/1.1" 301 4159 "-" "meta-externalagent/1.1 (+https://developers.facebook.com/docs/sharing/webmasters/crawler)"
172.69.70.65 - - [30/Jun/2026:13:08:56 +0000] "GET /items/R472539494/ HTTP/1.1" 301 4154 "-" "meta-externalagent/1.1 (+https://developers.facebook.com/docs/sharing/webmasters/crawler)"
104.23.245.33 - - [30/Jun/2026:13:08:56 +0000] "GET /items/R471285728/ HTTP/1.1" 404 99752 "-" "meta-externalagent/1.1 (+https://developers.facebook.com/docs/sharing/webmasters/crawler)"
104.23.245.187 - - [30/Jun/2026:13:08:57 +0000] "GET /products/4645262663496 HTTP/1.1" 301 4159 "-" "meta-externalagent/1.1 (+https://developers.facebook.com/docs/sharing/webmasters/crawler)"
172.71.238.51 - - [30/Jun/2026:13:08:59 +0000] "POST /xmlrpc.php HTTP/1.1" 200 4217 "-" "Jetpack/12.0; WordPress/6.4; http://site56904593.com"
172.71.22.224 - - [30/Jun/2026:13:09:01 +0000] "GET /products/942412322556 HTTP/1.1" 301 4158 "-" "meta-externalagent/1.1 (+https://developers.facebook.com/docs/sharing/webmasters/crawler)"
172.71.238.51 - - [30/Jun/2026:13:09:09 +0000] "POST /xmlrpc.php HTTP/1.1" 403 4800 "-" "WordPress.com; https://wordpress.com"
172.71.218.84 - - [30/Jun/2026:13:09:13 +0000] "POST /wp-cron.php?doing_wp_cron=1782824952.9955101013183593750000 HTTP/1.1" 200 4035 "-" "WordPress/7.0; https://www.simottodesign.com"
104.22.56.167 - - [30/Jun/2026:13:09:12 +0000] "GET /products/483990176239 HTTP/1.1" 301 4158 "-" "meta-externalagent/1.1 (+https://developers.facebook.com/docs/sharing/webmasters/crawler)"
104.22.24.101 - - [30/Jun/2026:13:09:12 +0000] "GET /items/R473401633/ HTTP/1.1" 301 4154 "-" "meta-externalagent/1.1 (+https://developers.facebook.com/docs/sharing/webmasters/crawler)"
172.71.238.51 - - [30/Jun/2026:13:09:20 +0000] "POST /xmlrpc.php HTTP/1.1" 200 4217 "-" "Jetpack by WordPress.com (Jetpack 12.0; WordPress 6.1)"
172.68.71.113 - - [30/Jun/2026:13:09:28 +0000] "GET /products/1202434547993 HTTP/1.1" 301 4159 "-" "meta-externalagent/1.1 (+https://developers.facebook.com/docs/sharing/webmasters/crawler)"
172.71.238.51 - - [30/Jun/2026:13:09:30 +0000] "POST /xmlrpc.php HTTP/1.1" 403 4800 "-" "WordPress.com; https://wordpress.com"
172.71.238.51 - - [30/Jun/2026:13:09:41 +0000] "POST /xmlrpc.php HTTP/1.1" 403 4800 "-" "WordPress.com; https://wordpress.com"
162.159.120.160 - - [30/Jun/2026:13:09:48 +0000] "GET /products/3085556169205 HTTP/1.1" 404 99757 "-" "Mozilla/5.0 (Linux; Android 6.0.1; Nexus 5X Build/MMB29P) AppleWebKit/537.36 (KHTML, like Gecko) Chrome/148.0.7778.96 Mobile Safari/537.36 (compatible; Googlebot/2.1; +http://www.google.com/bot.html)"
172.71.238.51 - - [30/Jun/2026:13:09:51 +0000] "POST /xmlrpc.php HTTP/1.1" 403 4800 "-" "Jetpack by WordPress.com"
172.71.30.40 - - [30/Jun/2026:13:10:00 +0000] "GET /items/R471191049/ HTTP/1.1" 301 4154 "-" "meta-externalagent/1.1 (+https://developers.facebook.com/docs/sharing/webmasters/crawler)"
172.71.238.51 - - [30/Jun/2026:13:10:02 +0000] "POST /xmlrpc.php HTTP/1.1" 403 4800 "-" "WordPress.com; https://wordpress.com"
172.71.238.51 - - [30/Jun/2026:13:10:12 +0000] "POST /xmlrpc.php HTTP/1.1" 403 4800 "-" "Jetpack by WordPress.com"
162.158.189.202 - - [30/Jun/2026:13:10:24 +0000] "POST /wp-cron.php?doing_wp_cron=1782825024.2889950275421142578125 HTTP/1.1" 200 4035 "-" "WordPress/7.0; https://www.simottodesign.com"
172.71.238.51 - - [30/Jun/2026:13:10:23 +0000] "POST /xmlrpc.php HTTP/1.1" 200 4217 "-" "Jetpack by WordPress.com (Jetpack 12.0; WordPress 6.1)"
104.22.56.166 - - [30/Jun/2026:13:10:28 +0000] "GET /items/R474240883/ HTTP/1.1" 301 4154 "-" "meta-externalagent/1.1 (+https://developers.facebook.com/docs/sharing/webmasters/crawler)"
172.71.238.51 - - [30/Jun/2026:13:10:34 +0000] "POST /xmlrpc.php HTTP/1.1" 403 4800 "-" "Jetpack by WordPress.com"
104.23.245.33 - - [30/Jun/2026:13:10:40 +0000] "GET /products/4127446712385 HTTP/1.1" 404 99757 "-" "meta-externalagent/1.1 (+https://developers.facebook.com/docs/sharing/webmasters/crawler)"
172.71.238.51 - - [30/Jun/2026:13:10:44 +0000] "POST /xmlrpc.php HTTP/1.1" 200 4217 "-" "Jetpack by WordPress.com (Jetpack 12.1; WordPress 6.1)"
172.69.70.65 - - [30/Jun/2026:13:10:45 +0000] "GET /products/4963751203384 HTTP/1.1" 301 4159 "-" "meta-externalagent/1.1 (+https://developers.facebook.com/docs/sharing/webmasters/crawler)"
104.22.72.11 - - [30/Jun/2026:13:10:50 +0000] "GET /products/2903421779759 HTTP/1.1" 404 99830 "-" "Mozilla/5.0 (Linux; Android 6.0.1; Nexus 5X Build/MMB29P) AppleWebKit/537.36 (KHTML, like Gecko) Chrome/148.0.7778.96 Mobile Safari/537.36 (compatible; Googlebot/2.1; +http://www.google.com/bot.html)"
104.22.72.11 - - [30/Jun/2026:13:10:51 +0000] "GET /products/413089853012 HTTP/1.1" 404 99756 "-" "Mozilla/5.0 (Linux; Android 6.0.1; Nexus 5X Build/MMB29P) AppleWebKit/537.36 (KHTML, like Gecko) Chrome/148.0.7778.96 Mobile Safari/537.36 (compatible; Googlebot/2.1; +http://www.google.com/bot.html)"
108.162.245.213 - - [30/Jun/2026:13:10:53 +0000] "GET /products/4912764387730 HTTP/1.1" 301 4159 "-" "Mozilla/5.0 (Linux; Android 6.0.1; Nexus 5X Build/MMB29P) AppleWebKit/537.36 (KHTML, like Gecko) Chrome/148.0.7778.96 Mobile Safari/537.36 (compatible; Googlebot/2.1; +http://www.google.com/bot.html)"
162.158.42.196 - - [30/Jun/2026:13:10:54 +0000] "GET /products/4912764387730 HTTP/1.1" 404 99757 "-" "Mozilla/5.0 (Linux; Android 6.0.1; Nexus 5X Build/MMB29P) AppleWebKit/537.36 (KHTML, like Gecko) Chrome/148.0.7778.96 Mobile Safari/537.36 (compatible; Googlebot/2.1; +http://www.google.com/bot.html)"
172.71.238.51 - - [30/Jun/2026:13:10:55 +0000] "POST /xmlrpc.php HTTP/1.1" 200 4217 "-" "Jetpack by WordPress.com (Jetpack 12.5; WordPress 6.2)"
104.22.24.101 - - [30/Jun/2026:13:10:58 +0000] "GET /items/R474658753/ HTTP/1.1" 301 4154 "-" "meta-externalagent/1.1 (+https://developers.facebook.com/docs/sharing/webmasters/crawler)"
172.71.238.51 - - [30/Jun/2026:13:11:05 +0000] "POST /xmlrpc.php HTTP/1.1" 403 4800 "-" "Jetpack by WordPress.com"
172.71.238.51 - - [30/Jun/2026:13:11:16 +0000] "POST /xmlrpc.php HTTP/1.1" 200 4217 "-" "Jetpack by WordPress.com (Jetpack 13.0; WordPress 6.3)"
172.69.165.82 - - [30/Jun/2026:13:11:16 +0000] "POST /wp-cron.php?doing_wp_cron=1782825076.8458180427551269531250 HTTP/1.1" 200 4035 "-" "WordPress/7.0; https://www.simottodesign.com"
104.22.56.166 - - [30/Jun/2026:13:11:16 +0000] "GET /products/1896708610920 HTTP/1.1" 301 4159 "-" "meta-externalagent/1.1 (+https://developers.facebook.com/docs/sharing/webmasters/crawler)"
104.22.24.101 - - [30/Jun/2026:13:11:18 +0000] "GET /products/118334342822 HTTP/1.1" 301 4158 "-" "meta-externalagent/1.1 (+https://developers.facebook.com/docs/sharing/webmasters/crawler)"
172.71.238.51 - - [30/Jun/2026:13:11:26 +0000] "POST /xmlrpc.php HTTP/1.1" 200 4217 "-" "Jetpack by WordPress.com (Jetpack 12.5; WordPress 6.4)"
104.22.56.207 - - [30/Jun/2026:13:11:28 +0000] "GET /products/852985202529 HTTP/1.1" 404 99756 "-" "meta-externalagent/1.1 (+https://developers.facebook.com/docs/sharing/webmasters/crawler)"
172.71.30.41 - - [30/Jun/2026:13:11:31 +0000] "GET /items/R476648394/ HTTP/1.1" 301 4154 "-" "meta-externalagent/1.1 (+https://developers.facebook.com/docs/sharing/webmasters/crawler)"
172.71.238.51 - - [30/Jun/2026:13:11:37 +0000] "POST /xmlrpc.php HTTP/1.1" 200 4217 "-" "Jetpack by WordPress.com (Jetpack 12.1; WordPress 6.4)"
104.22.1.16 - - [30/Jun/2026:13:11:39 +0000] "GET /products/3019215988007 HTTP/1.1" 301 4159 "-" "meta-externalagent/1.1 (+https://developers.facebook.com/docs/sharing/webmasters/crawler)"
172.71.30.41 - - [30/Jun/2026:13:11:42 +0000] "GET /products/245332741018 HTTP/1.1" 301 4158 "-" "meta-externalagent/1.1 (+https://developers.facebook.com/docs/sharing/webmasters/crawler)"
172.71.238.51 - - [30/Jun/2026:13:11:47 +0000] "POST /xmlrpc.php HTTP/1.1" 403 4800 "-" "WordPress.com; https://wordpress.com"
172.71.23.122 - - [30/Jun/2026:13:11:53 +0000] "GET /products/5600383407451 HTTP/1.1" 404 99757 "-" "meta-externalagent/1.1 (+https://developers.facebook.com/docs/sharing/webmasters/crawler)"
172.71.238.51 - - [30/Jun/2026:13:11:58 +0000] "POST /xmlrpc.php HTTP/1.1" 403 4800 "-" "Jetpack by WordPress.com"
104.23.245.33 - - [30/Jun/2026:13:12:05 +0000] "GET /products/4510518625285 HTTP/1.1" 404 99757 "-" "meta-externalagent/1.1 (+https://developers.facebook.com/docs/sharing/webmasters/crawler)"
172.71.238.51 - - [30/Jun/2026:13:12:08 +0000] "POST /xmlrpc.php HTTP/1.1" 403 4800 "-" "WordPress.com; https://wordpress.com"
172.71.238.51 - - [30/Jun/2026:13:12:19 +0000] "POST /xmlrpc.php HTTP/1.1" 403 4800 "-" "WordPress.com; https://wordpress.com"
104.22.66.99 - - [30/Jun/2026:13:12:20 +0000] "POST /wp-cron.php?doing_wp_cron=1782825140.2217500209808349609375 HTTP/1.1" 200 4035 "-" "WordPress/7.0; https://www.simottodesign.com"
104.23.245.187 - - [30/Jun/2026:13:12:19 +0000] "GET /products/3097693358622 HTTP/1.1" 301 4159 "-" "meta-externalagent/1.1 (+https://developers.facebook.com/docs/sharing/webmasters/crawler)"
172.71.30.41 - - [30/Jun/2026:13:12:22 +0000] "GET /products/2473862060434 HTTP/1.1" 301 4159 "-" "meta-externalagent/1.1 (+https://developers.facebook.com/docs/sharing/webmasters/crawler)"
104.22.24.101 - - [30/Jun/2026:13:12:22 +0000] "GET /products/2186862147784 HTTP/1.1" 301 4159 "-" "meta-externalagent/1.1 (+https://developers.facebook.com/docs/sharing/webmasters/crawler)"
104.22.24.211 - - [30/Jun/2026:13:12:26 +0000] "GET /products/4974350026855 HTTP/1.1" 404 99757 "-" "meta-externalagent/1.1 (+https://developers.facebook.com/docs/sharing/webmasters/crawler)"
172.71.238.51 - - [30/Jun/2026:13:12:30 +0000] "POST /xmlrpc.php HTTP/1.1" 200 4217 "-" "Jetpack by WordPress.com (Jetpack 13.0; WordPress 6.2)"
104.22.56.167 - - [30/Jun/2026:13:12:30 +0000] "GET /products/5143746691368 HTTP/1.1" 301 4159 "-" "meta-externalagent/1.1 (+https://developers.facebook.com/docs/sharing/webmasters/crawler)"
104.22.1.16 - - [30/Jun/2026:13:12:36 +0000] "GET /items/R476717208/ HTTP/1.1" 301 4154 "-" "meta-externalagent/1.1 (+https://developers.facebook.com/docs/sharing/webmasters/crawler)"
172.71.238.51 - - [30/Jun/2026:13:12:40 +0000] "POST /xmlrpc.php HTTP/1.1" 403 4800 "-" "WordPress.com; https://wordpress.com"
104.22.56.167 - - [30/Jun/2026:13:12:41 +0000] "GET /products/360339247291 HTTP/1.1" 301 4158 "-" "meta-externalagent/1.1 (+https://developers.facebook.com/docs/sharing/webmasters/crawler)"
