104.23.219.43 - - [30/Jun/2026:21:10:58 +0000] "POST /xmlrpc.php HTTP/1.1" 200 4457 "-" "Jetpack/12.5; WordPress/6.3; http://site33639680.com"
104.22.24.210 - - [30/Jun/2026:21:11:02 +0000] "GET /products/771034656171 HTTP/1.1" 404 96995 "-" "meta-externalagent/1.1 (+https://developers.facebook.com/docs/sharing/webmasters/crawler)"
104.22.56.166 - - [30/Jun/2026:21:11:02 +0000] "GET /products/3830377600166 HTTP/1.1" 301 4560 "-" "meta-externalagent/1.1 (+https://developers.facebook.com/docs/sharing/webmasters/crawler)"
104.23.219.43 - - [30/Jun/2026:21:11:08 +0000] "POST /xmlrpc.php HTTP/1.1" 403 4800 "-" "WordPress.com; https://wordpress.com"
162.158.88.101 - - [30/Jun/2026:21:11:13 +0000] "POST /wp-cron.php?doing_wp_cron=1782853873.1533720493316650390625 HTTP/1.1" 200 4035 "-" "WordPress/7.0; https://www.simottodesign.com"
172.68.70.34 - - [30/Jun/2026:21:11:12 +0000] "GET /products/1887824851745 HTTP/1.1" 404 96928 "-" "meta-externalagent/1.1 (+https://developers.facebook.com/docs/sharing/webmasters/crawler)"
104.22.24.101 - - [30/Jun/2026:21:11:14 +0000] "GET /items/R475137593/ HTTP/1.1" 301 4555 "-" "meta-externalagent/1.1 (+https://developers.facebook.com/docs/sharing/webmasters/crawler)"
104.23.219.43 - - [30/Jun/2026:21:11:19 +0000] "POST /xmlrpc.php HTTP/1.1" 200 4457 "-" "Jetpack by WordPress.com (Jetpack 13.0; WordPress 6.4)"
104.22.1.201 - - [30/Jun/2026:21:11:27 +0000] "GET /products/4949996790137 HTTP/1.1" 404 96928 "-" "meta-externalagent/1.1 (+https://developers.facebook.com/docs/sharing/webmasters/crawler)"
104.23.219.43 - - [30/Jun/2026:21:11:30 +0000] "POST /xmlrpc.php HTTP/1.1" 200 4457 "-" "Jetpack/12.5; WordPress/6.2; http://site87491135.com"
104.22.24.101 - - [30/Jun/2026:21:11:32 +0000] "GET /products/4338848122461 HTTP/1.1" 301 4560 "-" "meta-externalagent/1.1 (+https://developers.facebook.com/docs/sharing/webmasters/crawler)"
104.22.56.166 - - [30/Jun/2026:21:11:34 +0000] "GET /products/381028514059 HTTP/1.1" 301 4559 "-" "meta-externalagent/1.1 (+https://developers.facebook.com/docs/sharing/webmasters/crawler)"
172.71.30.40 - - [30/Jun/2026:21:11:36 +0000] "GET /items/R475570128/ HTTP/1.1" 301 4555 "-" "meta-externalagent/1.1 (+https://developers.facebook.com/docs/sharing/webmasters/crawler)"
104.23.219.43 - - [30/Jun/2026:21:11:41 +0000] "POST /xmlrpc.php HTTP/1.1" 200 4457 "-" "Jetpack by WordPress.com (Jetpack 12.0; WordPress 6.4)"
104.22.56.166 - - [30/Jun/2026:21:11:47 +0000] "GET /products/4611484539225 HTTP/1.1" 301 4560 "-" "meta-externalagent/1.1 (+https://developers.facebook.com/docs/sharing/webmasters/crawler)"
104.23.219.43 - - [30/Jun/2026:21:11:52 +0000] "POST /xmlrpc.php HTTP/1.1" 403 4800 "-" "Jetpack by WordPress.com"
104.23.245.187 - - [30/Jun/2026:21:11:53 +0000] "GET /items/R472866264/ HTTP/1.1" 301 4555 "-" "meta-externalagent/1.1 (+https://developers.facebook.com/docs/sharing/webmasters/crawler)"
104.22.56.166 - - [30/Jun/2026:21:12:01 +0000] "GET /products/4878386253933 HTTP/1.1" 301 4560 "-" "meta-externalagent/1.1 (+https://developers.facebook.com/docs/sharing/webmasters/crawler)"
104.23.219.43 - - [30/Jun/2026:21:12:02 +0000] "POST /xmlrpc.php HTTP/1.1" 200 4457 "-" "Jetpack/12.5; WordPress/6.1; http://site84010495.com"
104.23.219.43 - - [30/Jun/2026:21:12:13 +0000] "POST /xmlrpc.php HTTP/1.1" 403 4800 "-" "Jetpack by WordPress.com"
104.22.66.99 - - [30/Jun/2026:21:12:17 +0000] "POST /wp-cron.php?doing_wp_cron=1782853937.1756041049957275390625 HTTP/1.1" 200 4035 "-" "WordPress/7.0; https://www.simottodesign.com"
172.68.71.114 - - [30/Jun/2026:21:12:16 +0000] "GET /products/4345895710498 HTTP/1.1" 301 4560 "-" "meta-externalagent/1.1 (+https://developers.facebook.com/docs/sharing/webmasters/crawler)"
104.23.219.43 - - [30/Jun/2026:21:12:24 +0000] "POST /xmlrpc.php HTTP/1.1" 403 4800 "-" "Jetpack by WordPress.com"
104.22.56.166 - - [30/Jun/2026:21:12:23 +0000] "GET /products/765957443804 HTTP/1.1" 301 4559 "-" "meta-externalagent/1.1 (+https://developers.facebook.com/docs/sharing/webmasters/crawler)"
104.22.56.166 - - [30/Jun/2026:21:12:32 +0000] "GET /products/677822638589 HTTP/1.1" 301 4559 "-" "meta-externalagent/1.1 (+https://developers.facebook.com/docs/sharing/webmasters/crawler)"
104.23.219.43 - - [30/Jun/2026:21:12:34 +0000] "POST /xmlrpc.php HTTP/1.1" 200 4457 "-" "Jetpack/12.0; WordPress/6.2; http://site79336839.com"
104.23.245.187 - - [30/Jun/2026:21:12:42 +0000] "GET /items/R476687612/ HTTP/1.1" 301 4555 "-" "meta-externalagent/1.1 (+https://developers.facebook.com/docs/sharing/webmasters/crawler)"
104.23.219.43 - - [30/Jun/2026:21:12:45 +0000] "POST /xmlrpc.php HTTP/1.1" 403 4800 "-" "Jetpack by WordPress.com"
172.71.22.225 - - [30/Jun/2026:21:12:54 +0000] "GET /products/4269880723227 HTTP/1.1" 301 4560 "-" "meta-externalagent/1.1 (+https://developers.facebook.com/docs/sharing/webmasters/crawler)"
104.23.219.43 - - [30/Jun/2026:21:12:56 +0000] "POST /xmlrpc.php HTTP/1.1" 200 4457 "-" "Jetpack by WordPress.com (Jetpack 12.1; WordPress 6.2)"
104.23.245.187 - - [30/Jun/2026:21:13:04 +0000] "GET /items/R474484347/ HTTP/1.1" 301 4555 "-" "meta-externalagent/1.1 (+https://developers.facebook.com/docs/sharing/webmasters/crawler)"
104.23.219.43 - - [30/Jun/2026:21:13:07 +0000] "POST /xmlrpc.php HTTP/1.1" 403 4800 "-" "WordPress.com; https://wordpress.com"
172.70.143.213 - - [30/Jun/2026:21:13:09 +0000] "POST /wp-cron.php?doing_wp_cron=1782853989.3217840194702148437500 HTTP/1.1" 200 4035 "-" "WordPress/7.0; https://www.simottodesign.com"
104.22.56.207 - - [30/Jun/2026:21:13:08 +0000] "GET /items/R472534941/ HTTP/1.1" 404 96996 "-" "meta-externalagent/1.1 (+https://developers.facebook.com/docs/sharing/webmasters/crawler)"
172.70.111.24 - - [30/Jun/2026:21:13:09 +0000] "GET /wp-login.php HTTP/1.1" 200 6481 "-" "Mozilla/5.0 (Windows NT 10.0; Win64; x64) AppleWebKit/537.36 Chrome/129.0.0.0 Safari/537.36"
104.23.245.187 - - [30/Jun/2026:21:13:10 +0000] "GET /products/2340439305806 HTTP/1.1" 301 4560 "-" "meta-externalagent/1.1 (+https://developers.facebook.com/docs/sharing/webmasters/crawler)"
172.70.111.189 - - [30/Jun/2026:21:13:10 +0000] "GET /?author=1 HTTP/1.1" 301 4420 "-" "Mozilla/5.0 (Macintosh; Intel Mac OS X 10_15_7) AppleWebKit/605.1.15 Version/17.0 Safari/605.1.15"
104.22.56.166 - - [30/Jun/2026:21:13:11 +0000] "GET /items/R476784008/ HTTP/1.1" 301 4555 "-" "meta-externalagent/1.1 (+https://developers.facebook.com/docs/sharing/webmasters/crawler)"
104.22.24.100 - - [30/Jun/2026:21:13:11 +0000] "GET /products/1256098430818 HTTP/1.1" 301 4560 "-" "meta-externalagent/1.1 (+https://developers.facebook.com/docs/sharing/webmasters/crawler)"
172.70.111.24 - - [30/Jun/2026:21:13:12 +0000] "GET /?rest_route=/wp/v2/users HTTP/1.1" 200 6101 "-" "Mozilla/5.0 (Windows NT 10.0; Win64; x64) AppleWebKit/537.36 Chrome/129.0.0.0 Safari/537.36"
104.23.219.43 - - [30/Jun/2026:21:13:18 +0000] "POST /xmlrpc.php HTTP/1.1" 403 4800 "-" "WordPress.com; https://wordpress.com"
172.69.70.64 - - [30/Jun/2026:21:13:20 +0000] "GET /items/R475690703/ HTTP/1.1" 301 4555 "-" "meta-externalagent/1.1 (+https://developers.facebook.com/docs/sharing/webmasters/crawler)"
104.23.245.33 - - [30/Jun/2026:21:13:27 +0000] "GET /products/5466120278863 HTTP/1.1" 404 96928 "-" "meta-externalagent/1.1 (+https://developers.facebook.com/docs/sharing/webmasters/crawler)"
104.23.219.43 - - [30/Jun/2026:21:13:28 +0000] "POST /xmlrpc.php HTTP/1.1" 403 4800 "-" "WordPress.com; https://wordpress.com"
104.23.245.187 - - [30/Jun/2026:21:13:33 +0000] "GET /products/3998038050047 HTTP/1.1" 301 4560 "-" "meta-externalagent/1.1 (+https://developers.facebook.com/docs/sharing/webmasters/crawler)"
104.23.219.43 - - [30/Jun/2026:21:13:39 +0000] "POST /xmlrpc.php HTTP/1.1" 403 4800 "-" "WordPress.com; https://wordpress.com"
104.22.24.100 - - [30/Jun/2026:21:13:41 +0000] "GET /products/2441962042762 HTTP/1.1" 301 4560 "-" "meta-externalagent/1.1 (+https://developers.facebook.com/docs/sharing/webmasters/crawler)"
104.23.219.43 - - [30/Jun/2026:21:13:49 +0000] "POST /xmlrpc.php HTTP/1.1" 403 4800 "-" "WordPress.com; https://wordpress.com"
104.23.245.187 - - [30/Jun/2026:21:13:55 +0000] "GET /products/4880954948774 HTTP/1.1" 301 4560 "-" "meta-externalagent/1.1 (+https://developers.facebook.com/docs/sharing/webmasters/crawler)"
104.23.219.43 - - [30/Jun/2026:21:14:00 +0000] "POST /xmlrpc.php HTTP/1.1" 403 4800 "-" "WordPress.com; https://wordpress.com"
172.68.71.114 - - [30/Jun/2026:21:14:06 +0000] "GET /items/R472925429/ HTTP/1.1" 301 4555 "-" "meta-externalagent/1.1 (+https://developers.facebook.com/docs/sharing/webmasters/crawler)"
172.69.176.126 - - [30/Jun/2026:21:14:11 +0000] "POST /wp-cron.php?doing_wp_cron=1782854051.1497869491577148437500 HTTP/1.1" 200 4035 "-" "WordPress/7.0; https://www.simottodesign.com"
104.23.219.43 - - [30/Jun/2026:21:14:10 +0000] "POST /xmlrpc.php HTTP/1.1" 200 4457 "-" "Jetpack by WordPress.com (Jetpack 12.5; WordPress 6.3)"
104.22.24.100 - - [30/Jun/2026:21:14:12 +0000] "GET /items/R476529901/ HTTP/1.1" 301 4555 "-" "meta-externalagent/1.1 (+https://developers.facebook.com/docs/sharing/webmasters/crawler)"
104.22.24.100 - - [30/Jun/2026:21:14:15 +0000] "GET /products/2128566742808 HTTP/1.1" 301 4560 "-" "meta-externalagent/1.1 (+https://developers.facebook.com/docs/sharing/webmasters/crawler)"
104.22.1.16 - - [30/Jun/2026:21:14:17 +0000] "GET /products/672904395683 HTTP/1.1" 301 4559 "-" "meta-externalagent/1.1 (+https://developers.facebook.com/docs/sharing/webmasters/crawler)"
104.23.245.187 - - [30/Jun/2026:21:14:17 +0000] "GET /items/R471608015/ HTTP/1.1" 301 4555 "-" "meta-externalagent/1.1 (+https://developers.facebook.com/docs/sharing/webmasters/crawler)"
104.22.24.100 - - [30/Jun/2026:21:14:20 +0000] "GET /products/5773613520441 HTTP/1.1" 301 4560 "-" "meta-externalagent/1.1 (+https://developers.facebook.com/docs/sharing/webmasters/crawler)"
104.23.219.43 - - [30/Jun/2026:21:14:21 +0000] "POST /xmlrpc.php HTTP/1.1" 403 4800 "-" "Jetpack by WordPress.com"
104.22.56.167 - - [30/Jun/2026:21:14:23 +0000] "GET /products/3872357000043 HTTP/1.1" 301 4560 "-" "meta-externalagent/1.1 (+https://developers.facebook.com/docs/sharing/webmasters/crawler)"
172.71.30.135 - - [30/Jun/2026:21:14:24 +0000] "GET /items/R472706035/ HTTP/1.1" 404 96923 "-" "meta-externalagent/1.1 (+https://developers.facebook.com/docs/sharing/webmasters/crawler)"
104.22.1.16 - - [30/Jun/2026:21:14:25 +0000] "GET /products/2758299610970 HTTP/1.1" 301 4560 "-" "meta-externalagent/1.1 (+https://developers.facebook.com/docs/sharing/webmasters/crawler)"
104.23.219.43 - - [30/Jun/2026:21:14:31 +0000] "POST /xmlrpc.php HTTP/1.1" 403 4800 "-" "WordPress.com; https://wordpress.com"
104.23.219.43 - - [30/Jun/2026:21:14:42 +0000] "POST /xmlrpc.php HTTP/1.1" 200 4457 "-" "Jetpack by WordPress.com (Jetpack 12.0; WordPress 6.4)"
104.23.245.187 - - [30/Jun/2026:21:14:44 +0000] "GET /products/5269243120448 HTTP/1.1" 301 4560 "-" "meta-externalagent/1.1 (+https://developers.facebook.com/docs/sharing/webmasters/crawler)"
104.22.56.207 - - [30/Jun/2026:21:14:45 +0000] "GET /items/R471484678/ HTTP/1.1" 404 96996 "-" "meta-externalagent/1.1 (+https://developers.facebook.com/docs/sharing/webmasters/crawler)"
104.23.245.187 - - [30/Jun/2026:21:14:45 +0000] "GET /items/R473948106/ HTTP/1.1" 301 4555 "-" "meta-externalagent/1.1 (+https://developers.facebook.com/docs/sharing/webmasters/crawler)"
104.22.24.100 - - [30/Jun/2026:21:14:50 +0000] "GET /products/2743835663603 HTTP/1.1" 301 4560 "-" "meta-externalagent/1.1 (+https://developers.facebook.com/docs/sharing/webmasters/crawler)"
104.22.56.167 - - [30/Jun/2026:21:14:50 +0000] "GET /products/1698260291528 HTTP/1.1" 301 4560 "-" "meta-externalagent/1.1 (+https://developers.facebook.com/docs/sharing/webmasters/crawler)"
104.23.219.43 - - [30/Jun/2026:21:14:52 +0000] "POST /xmlrpc.php HTTP/1.1" 403 4800 "-" "Jetpack by WordPress.com"
172.68.70.34 - - [30/Jun/2026:21:14:53 +0000] "GET /products/5470085942780 HTTP/1.1" 404 96928 "-" "meta-externalagent/1.1 (+https://developers.facebook.com/docs/sharing/webmasters/crawler)"
104.23.219.43 - - [30/Jun/2026:21:15:03 +0000] "POST /xmlrpc.php HTTP/1.1" 200 4457 "-" "Jetpack by WordPress.com (Jetpack 12.5; WordPress 6.1)"
104.22.24.100 - - [30/Jun/2026:21:15:04 +0000] "GET /products/3942383808508 HTTP/1.1" 301 4560 "-" "meta-externalagent/1.1 (+https://developers.facebook.com/docs/sharing/webmasters/crawler)"
104.22.66.98 - - [30/Jun/2026:21:15:09 +0000] "POST /wp-cron.php?doing_wp_cron=1782854109.2797489166259765625000 HTTP/1.1" 200 4035 "-" "WordPress/7.0; https://www.simottodesign.com"
172.71.22.225 - - [30/Jun/2026:21:15:08 +0000] "GET /products/2334059978034 HTTP/1.1" 301 4560 "-" "meta-externalagent/1.1 (+https://developers.facebook.com/docs/sharing/webmasters/crawler)"
104.23.219.43 - - [30/Jun/2026:21:15:13 +0000] "POST /xmlrpc.php HTTP/1.1" 403 4800 "-" "Jetpack by WordPress.com"
104.22.56.167 - - [30/Jun/2026:21:15:17 +0000] "GET /products/5862482682005 HTTP/1.1" 301 4560 "-" "meta-externalagent/1.1 (+https://developers.facebook.com/docs/sharing/webmasters/crawler)"
172.71.30.41 - - [30/Jun/2026:21:15:22 +0000] "GET /items/R475129483/ HTTP/1.1" 301 4555 "-" "meta-externalagent/1.1 (+https://developers.facebook.com/docs/sharing/webmasters/crawler)"
104.23.219.43 - - [30/Jun/2026:21:15:24 +0000] "POST /xmlrpc.php HTTP/1.1" 403 4800 "-" "Jetpack by WordPress.com"
104.23.219.43 - - [30/Jun/2026:21:15:34 +0000] "POST /xmlrpc.php HTTP/1.1" 200 4457 "-" "Jetpack by WordPress.com (Jetpack 12.5; WordPress 6.4)"
104.22.24.210 - - [30/Jun/2026:21:15:37 +0000] "GET /products/4007539542396 HTTP/1.1" 404 96928 "-" "meta-externalagent/1.1 (+https://developers.facebook.com/docs/sharing/webmasters/crawler)"
104.22.1.16 - - [30/Jun/2026:21:15:38 +0000] "GET /items/R472735682/ HTTP/1.1" 301 4555 "-" "meta-externalagent/1.1 (+https://developers.facebook.com/docs/sharing/webmasters/crawler)"
162.158.210.112 - - [30/Jun/2026:21:15:39 +0000] "GET /.git/HEAD HTTP/1.1" 403 4800 "-" "Mozilla/5.0 (Windows NT 10.0; Win64; x64) AppleWebKit/537.36"
172.68.62.200 - - [30/Jun/2026:21:15:39 +0000] "GET /.git/HEAD HTTP/1.1" 403 4800 "-" "Mozilla/5.0 (Windows NT 10.0; Win64; x64) AppleWebKit/537.36"
104.22.56.167 - - [30/Jun/2026:21:15:39 +0000] "GET /items/R474245177/ HTTP/1.1" 301 4555 "-" "meta-externalagent/1.1 (+https://developers.facebook.com/docs/sharing/webmasters/crawler)"
172.68.62.200 - - [30/Jun/2026:21:15:40 +0000] "GET /.git/config HTTP/1.1" 403 4800 "-" "Mozilla/5.0 (Windows NT 10.0; Win64; x64) AppleWebKit/537.36"
172.68.62.136 - - [30/Jun/2026:21:15:41 +0000] "GET /.git/config HTTP/1.1" 403 4800 "-" "Mozilla/5.0 (Windows NT 10.0; Win64; x64) AppleWebKit/537.36"
108.162.238.59 - - [30/Jun/2026:21:15:42 +0000] "GET /items/R476860601/ HTTP/1.1" 301 4555 "-" "meta-externalagent/1.1 (+https://developers.facebook.com/docs/sharing/webmasters/crawler)"
104.23.219.43 - - [30/Jun/2026:21:15:45 +0000] "POST /xmlrpc.php HTTP/1.1" 200 4457 "-" "Jetpack by WordPress.com (Jetpack 13.0; WordPress 6.1)"
104.23.245.187 - - [30/Jun/2026:21:15:53 +0000] "GET /items/R471284955/ HTTP/1.1" 301 4555 "-" "meta-externalagent/1.1 (+https://developers.facebook.com/docs/sharing/webmasters/crawler)"
104.23.219.43 - - [30/Jun/2026:21:15:55 +0000] "POST /xmlrpc.php HTTP/1.1" 403 4800 "-" "Jetpack by WordPress.com"
172.71.22.225 - - [30/Jun/2026:21:16:07 +0000] "GET /products/4744893523794 HTTP/1.1" 301 4560 "-" "meta-externalagent/1.1 (+https://developers.facebook.com/docs/sharing/webmasters/crawler)"
162.158.116.170 - - [30/Jun/2026:21:16:06 +0000] "POST /xmlrpc.php HTTP/1.1" 200 4457 "-" "Jetpack/12.1; WordPress/6.1; http://site34696204.com"
104.23.219.43 - - [30/Jun/2026:21:16:06 +0000] "POST /xmlrpc.php HTTP/1.1" 200 4457 "-" "Jetpack/12.1; WordPress/6.3; http://site31270724.com"
162.158.189.203 - - [30/Jun/2026:21:16:12 +0000] "POST /wp-cron.php?doing_wp_cron=1782854172.0385179519653320312500 HTTP/1.1" 200 4035 "-" "WordPress/7.0; https://www.simottodesign.com"
104.22.24.100 - - [30/Jun/2026:21:16:11 +0000] "GET /items/R472103901/ HTTP/1.1" 301 4555 "-" "meta-externalagent/1.1 (+https://developers.facebook.com/docs/sharing/webmasters/crawler)"
104.22.24.100 - - [30/Jun/2026:21:16:11 +0000] "GET /items/R473405299/ HTTP/1.1" 301 4555 "-" "meta-externalagent/1.1 (+https://developers.facebook.com/docs/sharing/webmasters/crawler)"
104.23.219.43 - - [30/Jun/2026:21:16:16 +0000] "POST /xmlrpc.php HTTP/1.1" 200 4457 "-" "Jetpack/12.1; WordPress/6.3; http://site26777695.com"
162.158.116.170 - - [30/Jun/2026:21:16:16 +0000] "POST /xmlrpc.php HTTP/1.1" 200 4457 "-" "Jetpack/12.5; WordPress/6.1; http://site10178054.com"
104.22.24.100 - - [30/Jun/2026:21:16:18 +0000] "GET /products/1813083977327 HTTP/1.1" 301 4560 "-" "meta-externalagent/1.1 (+https://developers.facebook.com/docs/sharing/webmasters/crawler)"
104.22.24.100 - - [30/Jun/2026:21:16:19 +0000] "GET /products/5664455537087 HTTP/1.1" 301 4560 "-" "meta-externalagent/1.1 (+https://developers.facebook.com/docs/sharing/webmasters/crawler)"
172.71.30.41 - - [30/Jun/2026:21:16:20 +0000] "GET /products/956610848515 HTTP/1.1" 301 4559 "-" "meta-externalagent/1.1 (+https://developers.facebook.com/docs/sharing/webmasters/crawler)"
104.22.1.16 - - [30/Jun/2026:21:16:22 +0000] "GET /products/2838013835952 HTTP/1.1" 301 4560 "-" "meta-externalagent/1.1 (+https://developers.facebook.com/docs/sharing/webmasters/crawler)"
104.23.219.43 - - [30/Jun/2026:21:16:27 +0000] "POST /xmlrpc.php HTTP/1.1" 200 4457 "-" "Jetpack/12.5; WordPress/6.2; http://site34374497.com"
162.158.116.170 - - [30/Jun/2026:21:16:27 +0000] "POST /xmlrpc.php HTTP/1.1" 200 4457 "-" "Jetpack by WordPress.com (Jetpack 12.0; WordPress 6.1)"
104.22.24.100 - - [30/Jun/2026:21:16:28 +0000] "GET /products/712718480238 HTTP/1.1" 301 4559 "-" "meta-externalagent/1.1 (+https://developers.facebook.com/docs/sharing/webmasters/crawler)"
104.22.56.167 - - [30/Jun/2026:21:16:28 +0000] "GET /products/3431716094962 HTTP/1.1" 301 4560 "-" "meta-externalagent/1.1 (+https://developers.facebook.com/docs/sharing/webmasters/crawler)"
104.23.245.187 - - [30/Jun/2026:21:16:34 +0000] "GET /items/R474434335/ HTTP/1.1" 301 4555 "-" "meta-externalagent/1.1 (+https://developers.facebook.com/docs/sharing/webmasters/crawler)"
108.162.238.59 - - [30/Jun/2026:21:16:34 +0000] "GET /products/4657456378363 HTTP/1.1" 301 4560 "-" "meta-externalagent/1.1 (+https://developers.facebook.com/docs/sharing/webmasters/crawler)"
104.23.219.43 - - [30/Jun/2026:21:16:37 +0000] "POST /xmlrpc.php HTTP/1.1" 403 4800 "-" "Jetpack by WordPress.com"
162.158.116.170 - - [30/Jun/2026:21:16:38 +0000] "POST /xmlrpc.php HTTP/1.1" 200 4457 "-" "WordPress.com; https://wordpress.com"
172.71.30.134 - - [30/Jun/2026:21:16:41 +0000] "GET /products/4249417532400 HTTP/1.1" 404 96928 "-" "meta-externalagent/1.1 (+https://developers.facebook.com/docs/sharing/webmasters/crawler)"
104.22.24.100 - - [30/Jun/2026:21:16:43 +0000] "GET /products/3746973432719 HTTP/1.1" 301 4560 "-" "meta-externalagent/1.1 (+https://developers.facebook.com/docs/sharing/webmasters/crawler)"
104.23.219.43 - - [30/Jun/2026:21:16:47 +0000] "POST /xmlrpc.php HTTP/1.1" 200 4457 "-" "Jetpack by WordPress.com (Jetpack 13.0; WordPress 6.1)"
104.22.24.100 - - [30/Jun/2026:21:16:48 +0000] "GET /products/2141758318636 HTTP/1.1" 301 4560 "-" "meta-externalagent/1.1 (+https://developers.facebook.com/docs/sharing/webmasters/crawler)"
162.158.116.170 - - [30/Jun/2026:21:16:48 +0000] "POST /xmlrpc.php HTTP/1.1" 200 4457 "-" "Jetpack/12.0; WordPress/6.3; http://site81126416.com"
104.23.245.187 - - [30/Jun/2026:21:16:52 +0000] "GET /products/5892883204912 HTTP/1.1" 301 4560 "-" "meta-externalagent/1.1 (+https://developers.facebook.com/docs/sharing/webmasters/crawler)"
104.22.24.211 - - [30/Jun/2026:21:16:54 +0000] "GET /products/1584766351864 HTTP/1.1" 404 96928 "-" "meta-externalagent/1.1 (+https://developers.facebook.com/docs/sharing/webmasters/crawler)"
104.23.219.43 - - [30/Jun/2026:21:16:58 +0000] "POST /xmlrpc.php HTTP/1.1" 403 4800 "-" "WordPress.com; https://wordpress.com"
172.68.71.114 - - [30/Jun/2026:21:16:57 +0000] "GET /products/4059153367554 HTTP/1.1" 301 4560 "-" "meta-externalagent/1.1 (+https://developers.facebook.com/docs/sharing/webmasters/crawler)"
141.101.86.119 - - [30/Jun/2026:21:16:58 +0000] "GET /index.php HTTP/1.1" 301 4426 "-" "Mozilla/5.0 (Windows NT 10.0; Win64; x64) AppleWebKit/537.36 (KHTML, like Gecko) Chrome/120.0.0.0 Safari/537.36"
141.101.86.119 - - [30/Jun/2026:21:16:58 +0000] "GET /1.php HTTP/1.1" 403 4800 "-" "Mozilla/5.0 (Windows NT 10.0; Win64; x64) AppleWebKit/537.36 (KHTML, like Gecko) Chrome/120.0.0.0 Safari/537.36"
141.101.86.130 - - [30/Jun/2026:21:16:59 +0000] "GET /403.php HTTP/1.1" 403 4800 "-" "Mozilla/5.0 (Windows NT 10.0; Win64; x64) AppleWebKit/537.36 (KHTML, like Gecko) Chrome/120.0.0.0 Safari/537.36"
141.101.86.119 - - [30/Jun/2026:21:16:59 +0000] "GET /404.php HTTP/1.1" 403 4800 "-" "Mozilla/5.0 (Windows NT 10.0; Win64; x64) AppleWebKit/537.36 (KHTML, like Gecko) Chrome/120.0.0.0 Safari/537.36"
141.101.86.130 - - [30/Jun/2026:21:16:59 +0000] "GET /a5.php HTTP/1.1" 403 4800 "-" "Mozilla/5.0 (Windows NT 10.0; Win64; x64) AppleWebKit/537.36 (KHTML, like Gecko) Chrome/120.0.0.0 Safari/537.36"
141.101.86.119 - - [30/Jun/2026:21:16:59 +0000] "GET /aa.php HTTP/1.1" 403 4800 "-" "Mozilla/5.0 (Windows NT 10.0; Win64; x64) AppleWebKit/537.36 (KHTML, like Gecko) Chrome/120.0.0.0 Safari/537.36"
141.101.86.130 - - [30/Jun/2026:21:16:59 +0000] "GET /abcd.php HTTP/1.1" 403 4800 "-" "Mozilla/5.0 (Windows NT 10.0; Win64; x64) AppleWebKit/537.36 (KHTML, like Gecko) Chrome/120.0.0.0 Safari/537.36"
162.158.116.170 - - [30/Jun/2026:21:16:59 +0000] "POST /xmlrpc.php HTTP/1.1" 200 4457 "-" "Jetpack/12.5; WordPress/6.2; http://site22587764.com"
141.101.86.119 - - [30/Jun/2026:21:16:59 +0000] "GET /admin/index.php HTTP/1.1" 301 4544 "-" "Mozilla/5.0 (Windows NT 10.0; Win64; x64) AppleWebKit/537.36 (KHTML, like Gecko) Chrome/120.0.0.0 Safari/537.36"
141.101.86.130 - - [30/Jun/2026:21:17:00 +0000] "GET /adminfuns.php HTTP/1.1" 301 4551 "-" "Mozilla/5.0 (Windows NT 10.0; Win64; x64) AppleWebKit/537.36 (KHTML, like Gecko) Chrome/120.0.0.0 Safari/537.36"
141.101.86.119 - - [30/Jun/2026:21:17:00 +0000] "GET /assets HTTP/1.1" 301 4544 "-" "Mozilla/5.0 (Windows NT 10.0; Win64; x64) AppleWebKit/537.36 (KHTML, like Gecko) Chrome/120.0.0.0 Safari/537.36"
141.101.86.130 - - [30/Jun/2026:21:17:01 +0000] "GET /atomlib.php HTTP/1.1" 403 4800 "-" "Mozilla/5.0 (Windows NT 10.0; Win64; x64) AppleWebKit/537.36 (KHTML, like Gecko) Chrome/120.0.0.0 Safari/537.36"
141.101.86.119 - - [30/Jun/2026:21:17:01 +0000] "GET /av.php HTTP/1.1" 403 4800 "-" "Mozilla/5.0 (Windows NT 10.0; Win64; x64) AppleWebKit/537.36 (KHTML, like Gecko) Chrome/120.0.0.0 Safari/537.36"
141.101.86.119 - - [30/Jun/2026:21:17:01 +0000] "GET /b.php HTTP/1.1" 403 4800 "-" "Mozilla/5.0 (Windows NT 10.0; Win64; x64) AppleWebKit/537.36 (KHTML, like Gecko) Chrome/120.0.0.0 Safari/537.36"
141.101.86.130 - - [30/Jun/2026:21:17:01 +0000] "GET /css.php HTTP/1.1" 403 4800 "-" "Mozilla/5.0 (Windows NT 10.0; Win64; x64) AppleWebKit/537.36 (KHTML, like Gecko) Chrome/120.0.0.0 Safari/537.36"
141.101.86.119 - - [30/Jun/2026:21:17:01 +0000] "GET /css/index.php HTTP/1.1" 301 4542 "-" "Mozilla/5.0 (Windows NT 10.0; Win64; x64) AppleWebKit/537.36 (KHTML, like Gecko) Chrome/120.0.0.0 Safari/537.36"
141.101.86.119 - - [30/Jun/2026:21:17:02 +0000] "GET /file.php HTTP/1.1" 403 4800 "-" "Mozilla/5.0 (Windows NT 10.0; Win64; x64) AppleWebKit/537.36 (KHTML, like Gecko) Chrome/120.0.0.0 Safari/537.36"
141.101.86.130 - - [30/Jun/2026:21:17:02 +0000] "GET /file6.php HTTP/1.1" 403 4800 "-" "Mozilla/5.0 (Windows NT 10.0; Win64; x64) AppleWebKit/537.36 (KHTML, like Gecko) Chrome/120.0.0.0 Safari/537.36"
141.101.86.130 - - [30/Jun/2026:21:17:02 +0000] "GET /elp.php HTTP/1.1" 403 4800 "-" "Mozilla/5.0 (Windows NT 10.0; Win64; x64) AppleWebKit/537.36 (KHTML, like Gecko) Chrome/120.0.0.0 Safari/537.36"
172.71.22.225 - - [30/Jun/2026:21:17:04 +0000] "GET /products/4627488257145 HTTP/1.1" 301 4560 "-" "meta-externalagent/1.1 (+https://developers.facebook.com/docs/sharing/webmasters/crawler)"
104.23.219.43 - - [30/Jun/2026:21:17:08 +0000] "POST /xmlrpc.php HTTP/1.1" 403 4800 "-" "Jetpack by WordPress.com"
162.158.88.101 - - [30/Jun/2026:21:17:10 +0000] "POST /wp-cron.php?doing_wp_cron=1782854230.4588599205017089843750 HTTP/1.1" 200 4035 "-" "WordPress/7.0; https://www.simottodesign.com"
162.158.116.170 - - [30/Jun/2026:21:17:09 +0000] "POST /xmlrpc.php HTTP/1.1" 200 4457 "-" "Jetpack/12.1; WordPress/6.2; http://site79276899.com"
104.23.219.43 - - [30/Jun/2026:21:17:19 +0000] "POST /xmlrpc.php HTTP/1.1" 200 4457 "-" "Jetpack/12.5; WordPress/6.3; http://site33561909.com"
162.158.116.170 - - [30/Jun/2026:21:17:20 +0000] "POST /xmlrpc.php HTTP/1.1" 200 4457 "-" "Jetpack by WordPress.com"
104.23.219.43 - - [30/Jun/2026:21:17:29 +0000] "POST /xmlrpc.php HTTP/1.1" 403 4800 "-" "Jetpack by WordPress.com"
162.158.116.170 - - [30/Jun/2026:21:17:31 +0000] "POST /xmlrpc.php HTTP/1.1" 200 4457 "-" "Jetpack by WordPress.com"
104.22.1.201 - - [30/Jun/2026:21:17:33 +0000] "GET /items/R474473754/ HTTP/1.1" 404 96923 "-" "meta-externalagent/1.1 (+https://developers.facebook.com/docs/sharing/webmasters/crawler)"
104.23.219.43 - - [30/Jun/2026:21:17:40 +0000] "POST /xmlrpc.php HTTP/1.1" 200 4457 "-" "Jetpack/12.1; WordPress/6.1; http://site96179968.com"
162.158.116.170 - - [30/Jun/2026:21:17:41 +0000] "POST /xmlrpc.php HTTP/1.1" 200 4457 "-" "WordPress.com; https://wordpress.com"
104.22.24.100 - - [30/Jun/2026:21:17:43 +0000] "GET /products/2169309968041 HTTP/1.1" 301 4560 "-" "meta-externalagent/1.1 (+https://developers.facebook.com/docs/sharing/webmasters/crawler)"
172.71.30.40 - - [30/Jun/2026:21:17:44 +0000] "GET /products/2918524172723 HTTP/1.1" 301 4560 "-" "meta-externalagent/1.1 (+https://developers.facebook.com/docs/sharing/webmasters/crawler)"
172.71.30.40 - - [30/Jun/2026:21:17:44 +0000] "GET /products/2813997648945 HTTP/1.1" 301 4560 "-" "meta-externalagent/1.1 (+https://developers.facebook.com/docs/sharing/webmasters/crawler)"
172.71.22.225 - - [30/Jun/2026:21:17:46 +0000] "GET /products/4147220497458 HTTP/1.1" 301 4560 "-" "meta-externalagent/1.1 (+https://developers.facebook.com/docs/sharing/webmasters/crawler)"
104.23.219.43 - - [30/Jun/2026:21:17:50 +0000] "POST /xmlrpc.php HTTP/1.1" 200 4457 "-" "Jetpack by WordPress.com (Jetpack 12.1; WordPress 6.3)"
104.22.56.206 - - [30/Jun/2026:21:17:52 +0000] "GET /products/868203921658 HTTP/1.1" 404 96995 "-" "meta-externalagent/1.1 (+https://developers.facebook.com/docs/sharing/webmasters/crawler)"
162.158.116.170 - - [30/Jun/2026:21:17:52 +0000] "POST /xmlrpc.php HTTP/1.1" 200 4457 "-" "Jetpack/13.0; WordPress/6.1; http://site76617563.com"
104.22.56.206 - - [30/Jun/2026:21:17:53 +0000] "GET /products/1583438950421 HTTP/1.1" 404 97001 "-" "meta-externalagent/1.1 (+https://developers.facebook.com/docs/sharing/webmasters/crawler)"
104.22.56.167 - - [30/Jun/2026:21:17:54 +0000] "GET /products/676922957383 HTTP/1.1" 301 4559 "-" "meta-externalagent/1.1 (+https://developers.facebook.com/docs/sharing/webmasters/crawler)"
104.22.56.167 - - [30/Jun/2026:21:17:56 +0000] "GET /products/1827002632146 HTTP/1.1" 301 4560 "-" "meta-externalagent/1.1 (+https://developers.facebook.com/docs/sharing/webmasters/crawler)"
172.68.71.114 - - [30/Jun/2026:21:17:56 +0000] "GET /products/2053675531981 HTTP/1.1" 301 4560 "-" "meta-externalagent/1.1 (+https://developers.facebook.com/docs/sharing/webmasters/crawler)"
104.22.56.167 - - [30/Jun/2026:21:18:00 +0000] "GET /items/R471325785/ HTTP/1.1" 301 4555 "-" "meta-externalagent/1.1 (+https://developers.facebook.com/docs/sharing/webmasters/crawler)"
104.23.219.43 - - [30/Jun/2026:21:18:01 +0000] "POST /xmlrpc.php HTTP/1.1" 403 4800 "-" "Jetpack by WordPress.com"
104.22.1.16 - - [30/Jun/2026:21:18:01 +0000] "GET /products/2415171196622 HTTP/1.1" 301 4560 "-" "meta-externalagent/1.1 (+https://developers.facebook.com/docs/sharing/webmasters/crawler)"
104.22.56.167 - - [30/Jun/2026:21:18:02 +0000] "GET /products/702949673181 HTTP/1.1" 301 4559 "-" "meta-externalagent/1.1 (+https://developers.facebook.com/docs/sharing/webmasters/crawler)"
162.158.116.170 - - [30/Jun/2026:21:18:03 +0000] "POST /xmlrpc.php HTTP/1.1" 200 4457 "-" "Jetpack by WordPress.com"
172.69.176.127 - - [30/Jun/2026:21:18:11 +0000] "POST /wp-cron.php?doing_wp_cron=1782854291.0835649967193603515625 HTTP/1.1" 200 4035 "-" "WordPress/7.0; https://www.simottodesign.com"
172.71.30.40 - - [30/Jun/2026:21:18:10 +0000] "GET /products/4156850322352 HTTP/1.1" 301 4560 "-" "meta-externalagent/1.1 (+https://developers.facebook.com/docs/sharing/webmasters/crawler)"
104.23.219.43 - - [30/Jun/2026:21:18:11 +0000] "POST /xmlrpc.php HTTP/1.1" 403 4800 "-" "WordPress.com; https://wordpress.com"
162.158.116.170 - - [30/Jun/2026:21:18:13 +0000] "POST /xmlrpc.php HTTP/1.1" 200 4457 "-" "WordPress.com; https://wordpress.com"
104.23.219.43 - - [30/Jun/2026:21:18:22 +0000] "POST /xmlrpc.php HTTP/1.1" 403 4800 "-" "WordPress.com; https://wordpress.com"
162.158.116.170 - - [30/Jun/2026:21:18:24 +0000] "POST /xmlrpc.php HTTP/1.1" 200 4457 "-" "Jetpack by WordPress.com"
172.69.70.64 - - [30/Jun/2026:21:18:25 +0000] "GET /products/5318379170154 HTTP/1.1" 301 4560 "-" "meta-externalagent/1.1 (+https://developers.facebook.com/docs/sharing/webmasters/crawler)"
104.23.245.187 - - [30/Jun/2026:21:18:26 +0000] "GET /products/5258664295990 HTTP/1.1" 301 4560 "-" "meta-externalagent/1.1 (+https://developers.facebook.com/docs/sharing/webmasters/crawler)"
104.23.219.43 - - [30/Jun/2026:21:18:32 +0000] "POST /xmlrpc.php HTTP/1.1" 403 4800 "-" "Jetpack by WordPress.com"
104.22.1.16 - - [30/Jun/2026:21:18:33 +0000] "GET /products/4235723857113 HTTP/1.1" 301 4560 "-" "meta-externalagent/1.1 (+https://developers.facebook.com/docs/sharing/webmasters/crawler)"
104.22.24.100 - - [30/Jun/2026:21:18:34 +0000] "GET /products/1145223494496 HTTP/1.1" 301 4560 "-" "meta-externalagent/1.1 (+https://developers.facebook.com/docs/sharing/webmasters/crawler)"
162.158.116.170 - - [30/Jun/2026:21:18:35 +0000] "POST /xmlrpc.php HTTP/1.1" 200 4457 "-" "Jetpack by WordPress.com"
172.68.22.177 - - [30/Jun/2026:21:18:38 +0000] "GET /about-us/ HTTP/1.1" 200 29180 "-" "Mozilla/5.0 (compatible; DotBot/1.2; +https://opensiteexplorer.org/dotbot; [email protected])"
104.23.219.43 - - [30/Jun/2026:21:18:43 +0000] "POST /xmlrpc.php HTTP/1.1" 403 4800 "-" "WordPress.com; https://wordpress.com"
104.23.245.33 - - [30/Jun/2026:21:18:43 +0000] "GET /items/R471852584/ HTTP/1.1" 404 96923 "-" "meta-externalagent/1.1 (+https://developers.facebook.com/docs/sharing/webmasters/crawler)"
162.158.116.170 - - [30/Jun/2026:21:18:45 +0000] "POST /xmlrpc.php HTTP/1.1" 403 4800 "-" "Jetpack by WordPress.com"
104.23.219.43 - - [30/Jun/2026:21:18:53 +0000] "POST /xmlrpc.php HTTP/1.1" 403 4800 "-" "WordPress.com; https://wordpress.com"
162.158.116.170 - - [30/Jun/2026:21:18:56 +0000] "POST /xmlrpc.php HTTP/1.1" 200 4457 "-" "Jetpack/13.0; WordPress/6.2; http://site57551259.com"
104.23.245.187 - - [30/Jun/2026:21:18:56 +0000] "GET /products/4020163546481 HTTP/1.1" 301 4560 "-" "meta-externalagent/1.1 (+https://developers.facebook.com/docs/sharing/webmasters/crawler)"
104.23.219.43 - - [30/Jun/2026:21:19:04 +0000] "POST /xmlrpc.php HTTP/1.1" 200 4457 "-" "Jetpack by WordPress.com (Jetpack 12.0; WordPress 6.2)"
104.22.24.100 - - [30/Jun/2026:21:19:04 +0000] "GET /items/R472892483/ HTTP/1.1" 301 4555 "-" "meta-externalagent/1.1 (+https://developers.facebook.com/docs/sharing/webmasters/crawler)"
162.158.116.170 - - [30/Jun/2026:21:19:07 +0000] "POST /xmlrpc.php HTTP/1.1" 200 4457 "-" "WordPress.com; https://wordpress.com"
104.23.219.43 - - [30/Jun/2026:21:19:14 +0000] "POST /xmlrpc.php HTTP/1.1" 403 4800 "-" "Jetpack by WordPress.com"
104.23.175.205 - - [30/Jun/2026:21:19:16 +0000] "POST /wp-cron.php?doing_wp_cron=1782854356.8313100337982177734375 HTTP/1.1" 200 4035 "-" "WordPress/7.0; https://www.simottodesign.com"
172.68.71.113 - - [30/Jun/2026:21:19:16 +0000] "GET /products/1146546369813 HTTP/1.1" 301 4560 "-" "meta-externalagent/1.1 (+https://developers.facebook.com/docs/sharing/webmasters/crawler)"
104.22.56.166 - - [30/Jun/2026:21:19:17 +0000] "GET /products/4722972490646 HTTP/1.1" 301 4560 "-" "meta-externalagent/1.1 (+https://developers.facebook.com/docs/sharing/webmasters/crawler)"
162.158.116.170 - - [30/Jun/2026:21:19:17 +0000] "POST /xmlrpc.php HTTP/1.1" 200 4457 "-" "Jetpack/12.1; WordPress/6.4; http://site80346571.com"
104.23.219.43 - - [30/Jun/2026:21:19:25 +0000] "POST /xmlrpc.php HTTP/1.1" 403 4800 "-" "WordPress.com; https://wordpress.com"
172.71.22.224 - - [30/Jun/2026:21:19:24 +0000] "GET /products/4342535553556 HTTP/1.1" 301 4560 "-" "meta-externalagent/1.1 (+https://developers.facebook.com/docs/sharing/webmasters/crawler)"
104.22.24.100 - - [30/Jun/2026:21:19:26 +0000] "GET /items/R476801492/ HTTP/1.1" 301 4555 "-" "meta-externalagent/1.1 (+https://developers.facebook.com/docs/sharing/webmasters/crawler)"
162.158.116.170 - - [30/Jun/2026:21:19:28 +0000] "POST /xmlrpc.php HTTP/1.1" 403 4800 "-" "Jetpack by WordPress.com"
172.71.30.41 - - [30/Jun/2026:21:19:31 +0000] "GET /products/882104062794 HTTP/1.1" 301 4559 "-" "meta-externalagent/1.1 (+https://developers.facebook.com/docs/sharing/webmasters/crawler)"
104.22.56.166 - - [30/Jun/2026:21:19:33 +0000] "GET /products/5356539308198 HTTP/1.1" 301 4560 "-" "meta-externalagent/1.1 (+https://developers.facebook.com/docs/sharing/webmasters/crawler)"
104.23.219.43 - - [30/Jun/2026:21:19:35 +0000] "POST /xmlrpc.php HTTP/1.1" 200 4457 "-" "Jetpack by WordPress.com (Jetpack 12.5; WordPress 6.3)"
162.158.116.170 - - [30/Jun/2026:21:19:39 +0000] "POST /xmlrpc.php HTTP/1.1" 200 4457 "-" "WordPress.com; https://wordpress.com"
104.23.219.43 - - [30/Jun/2026:21:19:46 +0000] "POST /xmlrpc.php HTTP/1.1" 200 4457 "-" "Jetpack by WordPress.com (Jetpack 12.5; WordPress 6.1)"
104.22.56.166 - - [30/Jun/2026:21:19:49 +0000] "GET /products/450903746889 HTTP/1.1" 301 4559 "-" "meta-externalagent/1.1 (+https://developers.facebook.com/docs/sharing/webmasters/crawler)"
162.158.116.170 - - [30/Jun/2026:21:19:49 +0000] "POST /xmlrpc.php HTTP/1.1" 200 4457 "-" "Jetpack/12.5; WordPress/6.1; http://site36277390.com"
104.22.24.100 - - [30/Jun/2026:21:19:50 +0000] "GET /items/R473676711/ HTTP/1.1" 301 4555 "-" "meta-externalagent/1.1 (+https://developers.facebook.com/docs/sharing/webmasters/crawler)"
104.23.219.43 - - [30/Jun/2026:21:19:56 +0000] "POST /xmlrpc.php HTTP/1.1" 200 4457 "-" "Jetpack/13.0; WordPress/6.2; http://site73991919.com"
172.71.147.93 - - [30/Jun/2026:21:19:58 +0000] "GET /products/1098559078211 HTTP/1.1" 404 96928 "-" "Mozilla/5.0 (Linux; Android 6.0.1; Nexus 5X Build/MMB29P) AppleWebKit/537.36 (KHTML, like Gecko) Chrome/149.0.7827.200 Mobile Safari/537.36 (compatible; Googlebot/2.1; +http://www.google.com/bot.html)"
162.158.116.170 - - [30/Jun/2026:21:20:00 +0000] "POST /xmlrpc.php HTTP/1.1" 200 4457 "-" "Jetpack/12.0; WordPress/6.2; http://site81965393.com"
104.23.219.43 - - [30/Jun/2026:21:20:07 +0000] "POST /xmlrpc.php HTTP/1.1" 200 4457 "-" "Jetpack by WordPress.com (Jetpack 13.0; WordPress 6.4)"
162.158.116.170 - - [30/Jun/2026:21:20:10 +0000] "POST /xmlrpc.php HTTP/1.1" 403 4800 "-" "Jetpack by WordPress.com"
172.69.165.82 - - [30/Jun/2026:21:20:11 +0000] "POST /wp-cron.php?doing_wp_cron=1782854411.9437789916992187500000 HTTP/1.1" 200 4035 "-" "WordPress/7.0; https://www.simottodesign.com"
104.22.24.100 - - [30/Jun/2026:21:20:11 +0000] "GET /products/999500014260 HTTP/1.1" 301 4559 "-" "meta-externalagent/1.1 (+https://developers.facebook.com/docs/sharing/webmasters/crawler)"
104.22.56.166 - - [30/Jun/2026:21:20:12 +0000] "GET /products/491332521038 HTTP/1.1" 301 4559 "-" "meta-externalagent/1.1 (+https://developers.facebook.com/docs/sharing/webmasters/crawler)"
104.23.190.202 - - [30/Jun/2026:21:20:15 +0000] "GET /wp-login.php HTTP/1.1" 200 6481 "-" "Mozilla/5.0 (Macintosh; Intel Mac OS X 14_7_4) AppleWebKit/537.36 (KHTML, like Gecko) Chrome/133.0.0.0 Safari/537.36"
172.68.71.113 - - [30/Jun/2026:21:20:15 +0000] "GET /items/R472194926/ HTTP/1.1" 301 4555 "-" "meta-externalagent/1.1 (+https://developers.facebook.com/docs/sharing/webmasters/crawler)"
104.23.219.43 - - [30/Jun/2026:21:20:17 +0000] "POST /xmlrpc.php HTTP/1.1" 403 4800 "-" "WordPress.com; https://wordpress.com"
104.23.190.188 - - [30/Jun/2026:21:20:17 +0000] "POST /wp-login.php HTTP/1.1" 200 6553 "https://simottodesign.com/wp-login.php" "Mozilla/5.0 (Macintosh; Intel Mac OS X 14_7_4) AppleWebKit/537.36 (KHTML, like Gecko) Chrome/133.0.0.0 Safari/537.36"
162.158.116.170 - - [30/Jun/2026:21:20:21 +0000] "POST /xmlrpc.php HTTP/1.1" 403 4800 "-" "WordPress.com; https://wordpress.com"
172.68.71.113 - - [30/Jun/2026:21:20:24 +0000] "GET /products/4316531759108 HTTP/1.1" 301 4560 "-" "meta-externalagent/1.1 (+https://developers.facebook.com/docs/sharing/webmasters/crawler)"
104.23.219.43 - - [30/Jun/2026:21:20:28 +0000] "POST /xmlrpc.php HTTP/1.1" 403 4800 "-" "WordPress.com; https://wordpress.com"
162.158.116.170 - - [30/Jun/2026:21:20:32 +0000] "POST /xmlrpc.php HTTP/1.1" 403 4800 "-" "WordPress.com; https://wordpress.com"
172.71.22.224 - - [30/Jun/2026:21:20:32 +0000] "GET /products/4272008706942 HTTP/1.1" 301 4560 "-" "meta-externalagent/1.1 (+https://developers.facebook.com/docs/sharing/webmasters/crawler)"
104.22.1.17 - - [30/Jun/2026:21:20:32 +0000] "GET /items/R475396533/ HTTP/1.1" 301 4555 "-" "meta-externalagent/1.1 (+https://developers.facebook.com/docs/sharing/webmasters/crawler)"
104.23.219.43 - - [30/Jun/2026:21:20:38 +0000] "POST /xmlrpc.php HTTP/1.1" 200 4457 "-" "Jetpack by WordPress.com (Jetpack 12.1; WordPress 6.2)"
162.158.116.170 - - [30/Jun/2026:21:20:42 +0000] "POST /xmlrpc.php HTTP/1.1" 403 4800 "-" "Jetpack by WordPress.com"
104.22.1.17 - - [30/Jun/2026:21:20:43 +0000] "GET /items/R472564602/ HTTP/1.1" 301 4555 "-" "meta-externalagent/1.1 (+https://developers.facebook.com/docs/sharing/webmasters/crawler)"
172.71.23.122 - - [30/Jun/2026:21:20:47 +0000] "GET /products/5060102335802 HTTP/1.1" 404 97001 "-" "meta-externalagent/1.1 (+https://developers.facebook.com/docs/sharing/webmasters/crawler)"
104.23.219.43 - - [30/Jun/2026:21:20:49 +0000] "POST /xmlrpc.php HTTP/1.1" 200 4457 "-" "Jetpack/12.1; WordPress/6.1; http://site78920818.com"
162.158.116.170 - - [30/Jun/2026:21:20:53 +0000] "POST /xmlrpc.php HTTP/1.1" 200 4457 "-" "Jetpack/12.1; WordPress/6.4; http://site26014795.com"
104.23.219.43 - - [30/Jun/2026:21:20:59 +0000] "POST /xmlrpc.php HTTP/1.1" 200 4457 "-" "Jetpack/12.0; WordPress/6.2; http://site64425988.com"
162.158.116.170 - - [30/Jun/2026:21:21:04 +0000] "POST /xmlrpc.php HTTP/1.1" 403 4800 "-" "WordPress.com; https://wordpress.com"
104.23.175.204 - - [30/Jun/2026:21:21:10 +0000] "POST /wp-cron.php?doing_wp_cron=1782854470.6561200618743896484375 HTTP/1.1" 200 4035 "-" "WordPress/7.0; https://www.simottodesign.com"
104.23.219.43 - - [30/Jun/2026:21:21:10 +0000] "POST /xmlrpc.php HTTP/1.1" 200 4457 "-" "Jetpack by WordPress.com (Jetpack 12.0; WordPress 6.4)"
162.158.116.170 - - [30/Jun/2026:21:21:15 +0000] "POST /xmlrpc.php HTTP/1.1" 403 4800 "-" "Jetpack by WordPress.com"
104.22.56.166 - - [30/Jun/2026:21:21:18 +0000] "GET /items/R472095273/ HTTP/1.1" 301 4555 "-" "meta-externalagent/1.1 (+https://developers.facebook.com/docs/sharing/webmasters/crawler)"
104.22.24.210 - - [30/Jun/2026:21:21:19 +0000] "GET /products/1468140567888 HTTP/1.1" 404 96928 "-" "meta-externalagent/1.1 (+https://developers.facebook.com/docs/sharing/webmasters/crawler)"
104.23.219.43 - - [30/Jun/2026:21:21:20 +0000] "POST /xmlrpc.php HTTP/1.1" 403 4800 "-" "Jetpack by WordPress.com"
162.158.116.170 - - [30/Jun/2026:21:21:25 +0000] "POST /xmlrpc.php HTTP/1.1" 200 4457 "-" "Jetpack by WordPress.com (Jetpack 13.0; WordPress 6.1)"
104.23.245.187 - - [30/Jun/2026:21:21:26 +0000] "GET /products/3935197309793 HTTP/1.1" 301 4560 "-" "meta-externalagent/1.1 (+https://developers.facebook.com/docs/sharing/webmasters/crawler)"
104.23.219.43 - - [30/Jun/2026:21:21:31 +0000] "POST /xmlrpc.php HTTP/1.1" 403 4800 "-" "WordPress.com; https://wordpress.com"
162.158.116.170 - - [30/Jun/2026:21:21:36 +0000] "POST /xmlrpc.php HTTP/1.1" 200 4457 "-" "Jetpack by WordPress.com (Jetpack 12.5; WordPress 6.2)"
104.23.175.219 - - [30/Jun/2026:21:21:40 +0000] "POST /wp-login.php HTTP/1.1" 200 6632 "-" "Mozilla/5.0 (Macintosh; Intel Mac OS X 10_15_7) AppleWebKit/605.1.15 Version/17.0 Safari/605.1.15"
104.23.219.43 - - [30/Jun/2026:21:21:41 +0000] "POST /xmlrpc.php HTTP/1.1" 403 4800 "-" "Jetpack by WordPress.com"
172.71.30.40 - - [30/Jun/2026:21:21:41 +0000] "GET /products/3637094830764 HTTP/1.1" 301 4560 "-" "meta-externalagent/1.1 (+https://developers.facebook.com/docs/sharing/webmasters/crawler)"
162.158.116.170 - - [30/Jun/2026:21:21:46 +0000] "POST /xmlrpc.php HTTP/1.1" 200 4457 "-" "Jetpack/13.0; WordPress/6.2; http://site74335811.com"
104.23.219.43 - - [30/Jun/2026:21:21:52 +0000] "POST /xmlrpc.php HTTP/1.1" 200 4457 "-" "Jetpack by WordPress.com (Jetpack 12.0; WordPress 6.3)"
162.158.116.170 - - [30/Jun/2026:21:21:57 +0000] "POST /xmlrpc.php HTTP/1.1" 200 4457 "-" "Jetpack by WordPress.com (Jetpack 13.0; WordPress 6.2)"
104.23.219.43 - - [30/Jun/2026:21:22:02 +0000] "POST /xmlrpc.php HTTP/1.1" 403 4800 "-" "Jetpack by WordPress.com"
162.158.116.170 - - [30/Jun/2026:21:22:08 +0000] "POST /xmlrpc.php HTTP/1.1" 403 4800 "-" "WordPress.com; https://wordpress.com"
104.23.219.43 - - [30/Jun/2026:21:22:13 +0000] "POST /xmlrpc.php HTTP/1.1" 403 4800 "-" "WordPress.com; https://wordpress.com"
172.68.164.126 - - [30/Jun/2026:21:22:16 +0000] "POST /wp-cron.php?doing_wp_cron=1782854536.3753659725189208984375 HTTP/1.1" 200 4035 "-" "WordPress/7.0; https://www.simottodesign.com"
104.22.56.206 - - [30/Jun/2026:21:22:15 +0000] "GET /products/3043985925488 HTTP/1.1" 404 96928 "-" "meta-externalagent/1.1 (+https://developers.facebook.com/docs/sharing/webmasters/crawler)"
162.158.116.170 - - [30/Jun/2026:21:22:18 +0000] "POST /xmlrpc.php HTTP/1.1" 200 4457 "-" "Jetpack/12.0; WordPress/6.1; http://site59250620.com"
104.23.219.43 - - [30/Jun/2026:21:22:23 +0000] "POST /xmlrpc.php HTTP/1.1" 200 4457 "-" "Jetpack by WordPress.com (Jetpack 13.0; WordPress 6.3)"
104.22.56.167 - - [30/Jun/2026:21:22:25 +0000] "GET /products/314444123490 HTTP/1.1" 301 4559 "-" "meta-externalagent/1.1 (+https://developers.facebook.com/docs/sharing/webmasters/crawler)"
162.158.116.170 - - [30/Jun/2026:21:22:29 +0000] "POST /xmlrpc.php HTTP/1.1" 403 4800 "-" "Jetpack by WordPress.com"
104.23.219.43 - - [30/Jun/2026:21:22:34 +0000] "POST /xmlrpc.php HTTP/1.1" 403 4800 "-" "WordPress.com; https://wordpress.com"
162.158.116.170 - - [30/Jun/2026:21:22:40 +0000] "POST /xmlrpc.php HTTP/1.1" 200 4457 "-" "Jetpack/13.0; WordPress/6.3; http://site62755038.com"
104.23.219.43 - - [30/Jun/2026:21:22:44 +0000] "POST /xmlrpc.php HTTP/1.1" 200 4457 "-" "Jetpack by WordPress.com (Jetpack 12.5; WordPress 6.2)"
104.23.245.186 - - [30/Jun/2026:21:22:49 +0000] "GET /products/3012778811633 HTTP/1.1" 301 4560 "-" "meta-externalagent/1.1 (+https://developers.facebook.com/docs/sharing/webmasters/crawler)"
162.158.116.170 - - [30/Jun/2026:21:22:50 +0000] "POST /xmlrpc.php HTTP/1.1" 200 4457 "-" "Jetpack by WordPress.com (Jetpack 13.0; WordPress 6.4)"
104.22.24.101 - - [30/Jun/2026:21:22:50 +0000] "GET /products/3513388882823 HTTP/1.1" 301 4560 "-" "meta-externalagent/1.1 (+https://developers.facebook.com/docs/sharing/webmasters/crawler)"
104.22.24.101 - - [30/Jun/2026:21:22:51 +0000] "GET /items/R471435908/ HTTP/1.1" 301 4555 "-" "meta-externalagent/1.1 (+https://developers.facebook.com/docs/sharing/webmasters/crawler)"
104.22.1.16 - - [30/Jun/2026:21:22:53 +0000] "GET /items/R476364083/ HTTP/1.1" 301 4555 "-" "meta-externalagent/1.1 (+https://developers.facebook.com/docs/sharing/webmasters/crawler)"
104.23.219.43 - - [30/Jun/2026:21:22:55 +0000] "POST /xmlrpc.php HTTP/1.1" 200 4457 "-" "Jetpack by WordPress.com (Jetpack 12.5; WordPress 6.4)"
162.158.116.170 - - [30/Jun/2026:21:23:01 +0000] "POST /xmlrpc.php HTTP/1.1" 200 4457 "-" "Jetpack by WordPress.com (Jetpack 12.1; WordPress 6.2)"
108.162.245.212 - - [30/Jun/2026:21:23:02 +0000] "GET /products/5402755830014 HTTP/1.1" 301 4560 "-" "Mozilla/5.0 (Linux; Android 6.0.1; Nexus 5X Build/MMB29P) AppleWebKit/537.36 (KHTML, like Gecko) Chrome/149.0.7827.200 Mobile Safari/537.36 (compatible; Googlebot/2.1; +http://www.google.com/bot.html)"
172.68.22.177 - - [30/Jun/2026:21:23:04 +0000] "GET /products/5402755830014 HTTP/1.1" 404 96928 "-" "Mozilla/5.0 (Linux; Android 6.0.1; Nexus 5X Build/MMB29P) AppleWebKit/537.36 (KHTML, like Gecko) Chrome/149.0.7827.200 Mobile Safari/537.36 (compatible; Googlebot/2.1; +http://www.google.com/bot.html)"
104.23.219.43 - - [30/Jun/2026:21:23:05 +0000] "POST /xmlrpc.php HTTP/1.1" 403 4800 "-" "WordPress.com; https://wordpress.com"
162.158.116.170 - - [30/Jun/2026:21:23:12 +0000] "POST /xmlrpc.php HTTP/1.1" 403 4800 "-" "WordPress.com; https://wordpress.com"
108.162.226.185 - - [30/Jun/2026:21:23:13 +0000] "POST /wp-cron.php?doing_wp_cron=1782854593.2811310291290283203125 HTTP/1.1" 200 4035 "-" "WordPress/7.0; https://www.simottodesign.com"
108.162.238.60 - - [30/Jun/2026:21:23:12 +0000] "GET /products/2701940793494 HTTP/1.1" 301 4560 "-" "meta-externalagent/1.1 (+https://developers.facebook.com/docs/sharing/webmasters/crawler)"
104.23.219.43 - - [30/Jun/2026:21:23:16 +0000] "POST /xmlrpc.php HTTP/1.1" 403 4800 "-" "Jetpack by WordPress.com"
104.22.56.167 - - [30/Jun/2026:21:23:18 +0000] "GET /products/3072063546930 HTTP/1.1" 301 4560 "-" "meta-externalagent/1.1 (+https://developers.facebook.com/docs/sharing/webmasters/crawler)"
162.158.116.170 - - [30/Jun/2026:21:23:22 +0000] "POST /xmlrpc.php HTTP/1.1" 200 4457 "-" "Jetpack by WordPress.com (Jetpack 12.5; WordPress 6.2)"
104.23.219.43 - - [30/Jun/2026:21:23:26 +0000] "POST /xmlrpc.php HTTP/1.1" 200 4457 "-" "Jetpack/13.0; WordPress/6.2; http://site92528649.com"
108.162.238.60 - - [30/Jun/2026:21:23:28 +0000] "GET /items/R475237836/ HTTP/1.1" 301 4555 "-" "meta-externalagent/1.1 (+https://developers.facebook.com/docs/sharing/webmasters/crawler)"
104.23.245.186 - - [30/Jun/2026:21:23:29 +0000] "GET /items/R474546764/ HTTP/1.1" 301 4555 "-" "meta-externalagent/1.1 (+https://developers.facebook.com/docs/sharing/webmasters/crawler)"
162.158.23.176 - - [30/Jun/2026:21:23:33 +0000] "POST /xmlrpc.php HTTP/1.1" 403 4800 "-" "WordPress.com; https://wordpress.com"
172.71.30.135 - - [30/Jun/2026:21:23:35 +0000] "GET /items/R474644628/ HTTP/1.1" 404 96923 "-" "meta-externalagent/1.1 (+https://developers.facebook.com/docs/sharing/webmasters/crawler)"
104.23.219.43 - - [30/Jun/2026:21:23:37 +0000] "POST /xmlrpc.php HTTP/1.1" 200 4457 "-" "Jetpack by WordPress.com (Jetpack 13.0; WordPress 6.1)"
104.22.24.101 - - [30/Jun/2026:21:23:43 +0000] "GET /items/R473350318/ HTTP/1.1" 301 4555 "-" "meta-externalagent/1.1 (+https://developers.facebook.com/docs/sharing/webmasters/crawler)"
162.158.23.176 - - [30/Jun/2026:21:23:44 +0000] "POST /xmlrpc.php HTTP/1.1" 200 4457 "-" "Jetpack/13.0; WordPress/6.4; http://site88877429.com"
172.68.70.35 - - [30/Jun/2026:21:23:44 +0000] "GET /items/R473282754/ HTTP/1.1" 404 96923 "-" "meta-externalagent/1.1 (+https://developers.facebook.com/docs/sharing/webmasters/crawler)"
104.23.219.43 - - [30/Jun/2026:21:23:47 +0000] "POST /xmlrpc.php HTTP/1.1" 403 4800 "-" "Jetpack by WordPress.com"
162.158.23.176 - - [30/Jun/2026:21:23:54 +0000] "POST /xmlrpc.php HTTP/1.1" 403 4800 "-" "WordPress.com; https://wordpress.com"
104.23.219.43 - - [30/Jun/2026:21:23:58 +0000] "POST /xmlrpc.php HTTP/1.1" 403 4800 "-" "WordPress.com; https://wordpress.com"
162.158.23.176 - - [30/Jun/2026:21:24:05 +0000] "POST /xmlrpc.php HTTP/1.1" 403 4800 "-" "Jetpack by WordPress.com"
104.23.219.43 - - [30/Jun/2026:21:24:08 +0000] "POST /xmlrpc.php HTTP/1.1" 403 4800 "-" "WordPress.com; https://wordpress.com"
172.70.92.153 - - [30/Jun/2026:21:24:16 +0000] "POST /wp-cron.php?doing_wp_cron=1782854656.6371319293975830078125 HTTP/1.1" 200 4035 "-" "WordPress/7.0; https://www.simottodesign.com"
162.158.23.176 - - [30/Jun/2026:21:24:16 +0000] "POST /xmlrpc.php HTTP/1.1" 200 4457 "-" "Jetpack by WordPress.com (Jetpack 12.0; WordPress 6.1)"
172.71.30.40 - - [30/Jun/2026:21:24:16 +0000] "GET /items/R474315994/ HTTP/1.1" 301 4555 "-" "meta-externalagent/1.1 (+https://developers.facebook.com/docs/sharing/webmasters/crawler)"
172.68.71.113 - - [30/Jun/2026:21:24:18 +0000] "GET /products/1786353978992 HTTP/1.1" 301 4560 "-" "meta-externalagent/1.1 (+https://developers.facebook.com/docs/sharing/webmasters/crawler)"
104.23.219.43 - - [30/Jun/2026:21:24:19 +0000] "POST /xmlrpc.php HTTP/1.1" 200 4457 "-" "Jetpack/12.1; WordPress/6.4; http://site34074586.com"
162.158.23.176 - - [30/Jun/2026:21:24:26 +0000] "POST /xmlrpc.php HTTP/1.1" 403 4800 "-" "WordPress.com; https://wordpress.com"
104.23.219.43 - - [30/Jun/2026:21:24:29 +0000] "POST /xmlrpc.php HTTP/1.1" 200 4457 "-" "Jetpack by WordPress.com (Jetpack 12.5; WordPress 6.1)"
172.71.30.40 - - [30/Jun/2026:21:24:30 +0000] "GET /items/R473127081/ HTTP/1.1" 301 4555 "-" "meta-externalagent/1.1 (+https://developers.facebook.com/docs/sharing/webmasters/crawler)"
162.158.23.176 - - [30/Jun/2026:21:24:37 +0000] "POST /xmlrpc.php HTTP/1.1" 403 4800 "-" "Jetpack by WordPress.com"
104.23.219.43 - - [30/Jun/2026:21:24:40 +0000] "POST /xmlrpc.php HTTP/1.1" 403 4800 "-" "WordPress.com; https://wordpress.com"
104.22.24.211 - - [30/Jun/2026:21:24:45 +0000] "GET /products/530805800809 HTTP/1.1" 404 96922 "-" "meta-externalagent/1.1 (+https://developers.facebook.com/docs/sharing/webmasters/crawler)"
