172.70.143.212 - - [30/Jun/2026:15:03:30 +0000] "POST /wp-cron.php?doing_wp_cron=1782831810.0794138908386230468750 HTTP/1.1" 200 4035 "-" "WordPress/7.0; https://www.simottodesign.com"
104.23.245.187 - - [30/Jun/2026:15:03:29 +0000] "GET /items/R471231346/ HTTP/1.1" 301 4154 "-" "meta-externalagent/1.1 (+https://developers.facebook.com/docs/sharing/webmasters/crawler)"
162.158.88.101 - - [30/Jun/2026:15:03:31 +0000] "GET / HTTP/1.1" 200 29816 "-" "Mozilla/5.0 (Windows NT 10.0; Win64; x64) AppleWebKit/537.36 (KHTML, like Gecko) Chrome/114.0.0.0 Safari/537.36"
104.22.56.167 - - [30/Jun/2026:15:03:31 +0000] "GET /products/3966447713196 HTTP/1.1" 301 4159 "-" "meta-externalagent/1.1 (+https://developers.facebook.com/docs/sharing/webmasters/crawler)"
172.70.143.212 - - [30/Jun/2026:15:03:32 +0000] "GET /home-2/ HTTP/1.1" 200 29804 "-" "Mozilla/5.0 (Windows NT 10.0; Win64; x64) AppleWebKit/537.36 (KHTML, like Gecko) Chrome/114.0.0.0 Safari/537.36"
162.159.98.208 - - [30/Jun/2026:15:03:33 +0000] "GET /product/schementic-design/ HTTP/1.1" 200 28676 "-" "Mozilla/5.0 (Windows NT 10.0; Win64; x64) AppleWebKit/537.36 (KHTML, like Gecko) Chrome/114.0.0.0 Safari/537.36"
104.23.175.204 - - [30/Jun/2026:15:03:34 +0000] "GET /product/site-measurement-within-500-square-foot/ HTTP/1.1" 200 28741 "-" "Mozilla/5.0 (Windows NT 10.0; Win64; x64) AppleWebKit/537.36 (KHTML, like Gecko) Chrome/114.0.0.0 Safari/537.36"
172.70.208.127 - - [30/Jun/2026:15:03:35 +0000] "GET /product/first-consultation/ HTTP/1.1" 200 28657 "-" "Mozilla/5.0 (Windows NT 10.0; Win64; x64) AppleWebKit/537.36 (KHTML, like Gecko) Chrome/114.0.0.0 Safari/537.36"
104.23.175.204 - - [30/Jun/2026:15:03:36 +0000] "GET /shop/ HTTP/1.1" 200 26248 "-" "Mozilla/5.0 (Windows NT 10.0; Win64; x64) AppleWebKit/537.36 (KHTML, like Gecko) Chrome/114.0.0.0 Safari/537.36"
162.158.88.101 - - [30/Jun/2026:15:03:37 +0000] "GET /cart/ HTTP/1.1" 200 26798 "-" "Mozilla/5.0 (Windows NT 10.0; Win64; x64) AppleWebKit/537.36 (KHTML, like Gecko) Chrome/114.0.0.0 Safari/537.36"
162.158.108.88 - - [30/Jun/2026:15:03:37 +0000] "GET /checkout/ HTTP/1.1" 302 4130 "-" "Mozilla/5.0 (Windows NT 10.0; Win64; x64) AppleWebKit/537.36 (KHTML, like Gecko) Chrome/114.0.0.0 Safari/537.36"
162.158.108.88 - - [30/Jun/2026:15:03:38 +0000] "GET /my-account/ HTTP/1.1" 200 26549 "-" "Mozilla/5.0 (Windows NT 10.0; Win64; x64) AppleWebKit/537.36 (KHTML, like Gecko) Chrome/114.0.0.0 Safari/537.36"
172.71.214.9 - - [30/Jun/2026:15:03:39 +0000] "GET /hello-world/ HTTP/1.1" 200 28550 "-" "Mozilla/5.0 (Windows NT 10.0; Win64; x64) AppleWebKit/537.36 (KHTML, like Gecko) Chrome/114.0.0.0 Safari/537.36"
162.158.214.144 - - [30/Jun/2026:15:03:39 +0000] "POST /xmlrpc.php HTTP/1.1" 403 4800 "-" "WordPress.com; https://wordpress.com"
104.22.56.167 - - [30/Jun/2026:15:03:41 +0000] "GET /items/R475685487/ HTTP/1.1" 301 4154 "-" "meta-externalagent/1.1 (+https://developers.facebook.com/docs/sharing/webmasters/crawler)"
162.158.214.144 - - [30/Jun/2026:15:03:51 +0000] "POST /xmlrpc.php HTTP/1.1" 403 4800 "-" "Jetpack by WordPress.com"
172.68.70.35 - - [30/Jun/2026:15:03:55 +0000] "GET /products/3993606258881 HTTP/1.1" 404 99757 "-" "meta-externalagent/1.1 (+https://developers.facebook.com/docs/sharing/webmasters/crawler)"
172.71.22.224 - - [30/Jun/2026:15:03:57 +0000] "GET /items/R475846208/ HTTP/1.1" 301 4154 "-" "meta-externalagent/1.1 (+https://developers.facebook.com/docs/sharing/webmasters/crawler)"
162.158.214.144 - - [30/Jun/2026:15:04:02 +0000] "POST /xmlrpc.php HTTP/1.1" 200 4217 "-" "Jetpack/12.1; WordPress/6.4; http://site74612611.com"
172.70.143.212 - - [30/Jun/2026:15:04:10 +0000] "POST /wp-cron.php?doing_wp_cron=1782831850.1667139530181884765625 HTTP/1.1" 200 4035 "-" "WordPress/7.0; https://www.simottodesign.com"
172.71.151.111 - - [30/Jun/2026:15:04:09 +0000] "GET /products/5120931404320 HTTP/1.1" 404 99757 "-" "Mozilla/5.0 (Linux; Android 6.0.1; Nexus 5X Build/MMB29P) AppleWebKit/537.36 (KHTML, like Gecko) Chrome/148.0.7778.96 Mobile Safari/537.36 (compatible; Googlebot/2.1; +http://www.google.com/bot.html)"
162.158.214.144 - - [30/Jun/2026:15:04:13 +0000] "POST /xmlrpc.php HTTP/1.1" 200 4217 "-" "Jetpack/12.5; WordPress/6.4; http://site50397159.com"
108.162.238.59 - - [30/Jun/2026:15:04:26 +0000] "GET /items/R471196567/ HTTP/1.1" 301 4154 "-" "meta-externalagent/1.1 (+https://developers.facebook.com/docs/sharing/webmasters/crawler)"
104.22.1.16 - - [30/Jun/2026:15:04:28 +0000] "GET /products/1149759199874 HTTP/1.1" 301 4159 "-" "meta-externalagent/1.1 (+https://developers.facebook.com/docs/sharing/webmasters/crawler)"
162.158.214.144 - - [30/Jun/2026:15:04:30 +0000] "POST /xmlrpc.php HTTP/1.1" 200 4217 "-" "Jetpack by WordPress.com (Jetpack 12.5; WordPress 6.2)"
104.22.56.206 - - [30/Jun/2026:15:04:31 +0000] "GET /products/5160144292722 HTTP/1.1" 404 99757 "-" "meta-externalagent/1.1 (+https://developers.facebook.com/docs/sharing/webmasters/crawler)"
162.158.214.144 - - [30/Jun/2026:15:04:45 +0000] "POST /xmlrpc.php HTTP/1.1" 200 4217 "-" "Jetpack/12.5; WordPress/6.2; http://site77569444.com"
162.159.98.208 - - [30/Jun/2026:15:04:46 +0000] "POST /wp-cron.php?doing_wp_cron=1782831886.1287639141082763671875 HTTP/1.1" 200 4035 "-" "WordPress/7.0; https://www.simottodesign.com"
104.22.1.16 - - [30/Jun/2026:15:04:45 +0000] "GET /products/594466905730 HTTP/1.1" 301 4158 "-" "meta-externalagent/1.1 (+https://developers.facebook.com/docs/sharing/webmasters/crawler)"
172.69.165.83 - - [30/Jun/2026:15:04:46 +0000] "GET /sample-page/ HTTP/1.1" 200 26653 "-" "Mozilla/5.0 (Windows NT 10.0; Win64; x64) AppleWebKit/537.36 (KHTML, like Gecko) Chrome/114.0.0.0 Safari/537.36"
172.69.165.83 - - [30/Jun/2026:15:04:47 +0000] "GET /contact/ HTTP/1.1" 200 27946 "-" "Mozilla/5.0 (Windows NT 10.0; Win64; x64) AppleWebKit/537.36 (KHTML, like Gecko) Chrome/114.0.0.0 Safari/537.36"
172.69.165.83 - - [30/Jun/2026:15:04:48 +0000] "GET /projects/ HTTP/1.1" 200 26835 "-" "Mozilla/5.0 (Windows NT 10.0; Win64; x64) AppleWebKit/537.36 (KHTML, like Gecko) Chrome/114.0.0.0 Safari/537.36"
162.158.107.13 - - [30/Jun/2026:15:04:48 +0000] "GET /service-process/ HTTP/1.1" 200 27804 "-" "Mozilla/5.0 (Windows NT 10.0; Win64; x64) AppleWebKit/537.36 (KHTML, like Gecko) Chrome/114.0.0.0 Safari/537.36"
104.23.175.204 - - [30/Jun/2026:15:04:49 +0000] "GET /about-us/ HTTP/1.1" 200 29889 "-" "Mozilla/5.0 (Windows NT 10.0; Win64; x64) AppleWebKit/537.36 (KHTML, like Gecko) Chrome/114.0.0.0 Safari/537.36"
162.158.108.88 - - [30/Jun/2026:15:04:50 +0000] "GET /hello-world-2/ HTTP/1.1" 200 28329 "-" "Mozilla/5.0 (Windows NT 10.0; Win64; x64) AppleWebKit/537.36 (KHTML, like Gecko) Chrome/114.0.0.0 Safari/537.36"
172.71.124.201 - - [30/Jun/2026:15:04:51 +0000] "GET / HTTP/1.1" 200 29817 "-" "Mozilla/5.0 (Windows NT 10.0; Win64; x64) AppleWebKit/537.36 (KHTML, like Gecko) Chrome/114.0.0.0 Safari/537.36"
162.158.214.144 - - [30/Jun/2026:15:04:59 +0000] "POST /xmlrpc.php HTTP/1.1" 403 4800 "-" "WordPress.com; https://wordpress.com"
104.23.175.204 - - [30/Jun/2026:15:05:10 +0000] "POST /wp-cron.php?doing_wp_cron=1782831910.0014429092407226562500 HTTP/1.1" 200 4035 "-" "WordPress/7.0; https://www.simottodesign.com"
104.23.245.187 - - [30/Jun/2026:15:05:09 +0000] "GET /items/R473452417/ HTTP/1.1" 301 4154 "-" "meta-externalagent/1.1 (+https://developers.facebook.com/docs/sharing/webmasters/crawler)"
162.158.214.144 - - [30/Jun/2026:15:05:11 +0000] "POST /xmlrpc.php HTTP/1.1" 200 4217 "-" "Jetpack/13.0; WordPress/6.1; http://site49519637.com"
104.22.93.59 - - [30/Jun/2026:15:05:17 +0000] "GET /r/item/gift-voucher/413c53141455702.html HTTP/1.1" 404 99775 "-" "Mozilla/5.0 AppleWebKit/537.36 (KHTML, like Gecko; compatible; bingbot/2.0; +http://www.bing.com/bingbot.htm) Chrome/116.0.1938.76 Safari/537.36"
172.71.151.112 - - [30/Jun/2026:15:05:19 +0000] "GET /products/4730862147537 HTTP/1.1" 404 99757 "-" "Mozilla/5.0 (Linux; Android 6.0.1; Nexus 5X Build/MMB29P) AppleWebKit/537.36 (KHTML, like Gecko) Chrome/148.0.7778.96 Mobile Safari/537.36 (compatible; Googlebot/2.1; +http://www.google.com/bot.html)"
162.158.214.144 - - [30/Jun/2026:15:05:23 +0000] "POST /xmlrpc.php HTTP/1.1" 200 4217 "-" "Jetpack by WordPress.com (Jetpack 13.0; WordPress 6.4)"
104.22.1.16 - - [30/Jun/2026:15:05:40 +0000] "GET /items/R472062919/ HTTP/1.1" 301 4154 "-" "meta-externalagent/1.1 (+https://developers.facebook.com/docs/sharing/webmasters/crawler)"
162.158.214.144 - - [30/Jun/2026:15:05:35 +0000] "POST /xmlrpc.php HTTP/1.1" 200 4217 "-" "Jetpack/13.0; WordPress/6.3; http://site33483301.com"
104.22.56.166 - - [30/Jun/2026:15:05:41 +0000] "GET /items/R471293201/ HTTP/1.1" 301 4154 "-" "meta-externalagent/1.1 (+https://developers.facebook.com/docs/sharing/webmasters/crawler)"
104.22.24.101 - - [30/Jun/2026:15:05:41 +0000] "GET /products/2796994939323 HTTP/1.1" 301 4159 "-" "meta-externalagent/1.1 (+https://developers.facebook.com/docs/sharing/webmasters/crawler)"
108.162.237.97 - - [30/Jun/2026:15:05:45 +0000] "GET /products/308549657350 HTTP/1.1" 404 99756 "-" "meta-externalagent/1.1 (+https://developers.facebook.com/docs/sharing/webmasters/crawler)"
162.158.214.144 - - [30/Jun/2026:15:05:48 +0000] "POST /xmlrpc.php HTTP/1.1" 200 4217 "-" "Jetpack/12.1; WordPress/6.2; http://site21754461.com"
162.158.214.144 - - [30/Jun/2026:15:06:00 +0000] "POST /xmlrpc.php HTTP/1.1" 403 4800 "-" "WordPress.com; https://wordpress.com"
162.158.214.144 - - [30/Jun/2026:15:06:15 +0000] "POST /xmlrpc.php HTTP/1.1" 403 4800 "-" "WordPress.com; https://wordpress.com"
172.70.143.212 - - [30/Jun/2026:15:06:19 +0000] "POST /wp-cron.php?doing_wp_cron=1782831978.6365230083465576171875 HTTP/1.1" 200 4035 "-" "WordPress/7.0; https://www.simottodesign.com"
108.162.238.59 - - [30/Jun/2026:15:06:18 +0000] "GET /items/R474826810/ HTTP/1.1" 301 4154 "-" "meta-externalagent/1.1 (+https://developers.facebook.com/docs/sharing/webmasters/crawler)"
104.22.56.166 - - [30/Jun/2026:15:06:28 +0000] "GET /products/4971506381115 HTTP/1.1" 301 4159 "-" "meta-externalagent/1.1 (+https://developers.facebook.com/docs/sharing/webmasters/crawler)"
162.158.214.144 - - [30/Jun/2026:15:06:30 +0000] "POST /xmlrpc.php HTTP/1.1" 403 4800 "-" "WordPress.com; https://wordpress.com"
172.68.22.177 - - [30/Jun/2026:15:06:30 +0000] "GET /products/3664238223738 HTTP/1.1" 404 99757 "-" "Mozilla/5.0 (Linux; Android 6.0.1; Nexus 5X Build/MMB29P) AppleWebKit/537.36 (KHTML, like Gecko) Chrome/148.0.7778.96 Mobile Safari/537.36 (compatible; Googlebot/2.1; +http://www.google.com/bot.html)"
162.158.214.144 - - [30/Jun/2026:15:06:42 +0000] "POST /xmlrpc.php HTTP/1.1" 403 4800 "-" "WordPress.com; https://wordpress.com"
172.70.208.127 - - [30/Jun/2026:15:06:53 +0000] "POST /wp-cron.php?doing_wp_cron=1782832013.9241280555725097656250 HTTP/1.1" 200 4035 "-" "WordPress/7.0; https://www.simottodesign.com"
172.69.71.204 - - [30/Jun/2026:15:06:53 +0000] "GET /items/R476226171/ HTTP/1.1" 404 99752 "-" "meta-externalagent/1.1 (+https://developers.facebook.com/docs/sharing/webmasters/crawler)"
162.158.214.144 - - [30/Jun/2026:15:06:55 +0000] "POST /xmlrpc.php HTTP/1.1" 403 4800 "-" "WordPress.com; https://wordpress.com"
104.22.24.100 - - [30/Jun/2026:15:07:05 +0000] "GET /products/541954624402 HTTP/1.1" 301 4158 "-" "meta-externalagent/1.1 (+https://developers.facebook.com/docs/sharing/webmasters/crawler)"
104.23.245.187 - - [30/Jun/2026:15:07:06 +0000] "GET /products/1851399967966 HTTP/1.1" 301 4159 "-" "meta-externalagent/1.1 (+https://developers.facebook.com/docs/sharing/webmasters/crawler)"
162.158.178.133 - - [30/Jun/2026:15:07:11 +0000] "POST /wp-cron.php?doing_wp_cron=1782832030.9108049869537353515625 HTTP/1.1" 200 4035 "-" "WordPress/7.0; https://www.simottodesign.com"
162.158.214.144 - - [30/Jun/2026:15:07:10 +0000] "POST /xmlrpc.php HTTP/1.1" 200 4217 "-" "Jetpack by WordPress.com (Jetpack 13.0; WordPress 6.1)"
104.22.56.166 - - [30/Jun/2026:15:07:21 +0000] "GET /products/1458323794966 HTTP/1.1" 301 4159 "-" "meta-externalagent/1.1 (+https://developers.facebook.com/docs/sharing/webmasters/crawler)"
172.71.30.29 - - [30/Jun/2026:15:07:23 +0000] "GET /products/5657743595401 HTTP/1.1" 404 99757 "-" "meta-externalagent/1.1 (+https://developers.facebook.com/docs/sharing/webmasters/crawler)"
162.158.214.144 - - [30/Jun/2026:15:07:25 +0000] "POST /xmlrpc.php HTTP/1.1" 200 4217 "-" "Jetpack by WordPress.com (Jetpack 12.0; WordPress 6.4)"
162.158.214.144 - - [30/Jun/2026:15:07:38 +0000] "POST /xmlrpc.php HTTP/1.1" 403 4800 "-" "Jetpack by WordPress.com"
172.68.22.176 - - [30/Jun/2026:15:07:40 +0000] "GET /products/4749697062888 HTTP/1.1" 404 99757 "-" "Mozilla/5.0 (Linux; Android 6.0.1; Nexus 5X Build/MMB29P) AppleWebKit/537.36 (KHTML, like Gecko) Chrome/148.0.7778.96 Mobile Safari/537.36 (compatible; Googlebot/2.1; +http://www.google.com/bot.html)"
162.158.214.144 - - [30/Jun/2026:15:07:51 +0000] "POST /xmlrpc.php HTTP/1.1" 403 4800 "-" "Jetpack by WordPress.com"
172.69.70.64 - - [30/Jun/2026:15:07:55 +0000] "GET /products/3578054358108 HTTP/1.1" 301 4159 "-" "meta-externalagent/1.1 (+https://developers.facebook.com/docs/sharing/webmasters/crawler)"
162.158.214.144 - - [30/Jun/2026:15:08:02 +0000] "POST /xmlrpc.php HTTP/1.1" 200 4217 "-" "Jetpack by WordPress.com (Jetpack 12.1; WordPress 6.3)"
162.158.214.144 - - [30/Jun/2026:15:08:15 +0000] "POST /xmlrpc.php HTTP/1.1" 403 4800 "-" "WordPress.com; https://wordpress.com"
172.70.143.212 - - [30/Jun/2026:15:08:16 +0000] "POST /wp-cron.php?doing_wp_cron=1782832096.5257990360260009765625 HTTP/1.1" 200 4035 "-" "WordPress/7.0; https://www.simottodesign.com"
108.162.238.60 - - [30/Jun/2026:15:08:15 +0000] "GET /products/5561674134852 HTTP/1.1" 301 4159 "-" "meta-externalagent/1.1 (+https://developers.facebook.com/docs/sharing/webmasters/crawler)"
162.158.214.144 - - [30/Jun/2026:15:08:27 +0000] "POST /xmlrpc.php HTTP/1.1" 403 4800 "-" "Jetpack by WordPress.com"
162.158.214.144 - - [30/Jun/2026:15:08:38 +0000] "POST /xmlrpc.php HTTP/1.1" 403 4800 "-" "Jetpack by WordPress.com"
172.71.124.201 - - [30/Jun/2026:15:08:50 +0000] "POST /wp-cron.php?doing_wp_cron=1782832130.4365749359130859375000 HTTP/1.1" 200 4035 "-" "WordPress/7.0; https://www.simottodesign.com"
162.158.214.144 - - [30/Jun/2026:15:08:49 +0000] "POST /xmlrpc.php HTTP/1.1" 200 4217 "-" "Jetpack/13.0; WordPress/6.1; http://site16846877.com"
162.158.88.101 - - [30/Jun/2026:15:08:59 +0000] "POST /wp-cron.php?doing_wp_cron=1782832139.7251350879669189453125 HTTP/1.1" 200 4035 "-" "WordPress/7.0; https://www.simottodesign.com"
162.159.120.160 - - [30/Jun/2026:15:08:59 +0000] "GET /products/384468288004 HTTP/1.1" 404 99756 "-" "Mozilla/5.0 (Linux; Android 6.0.1; Nexus 5X Build/MMB29P) AppleWebKit/537.36 (KHTML, like Gecko) Chrome/148.0.7778.96 Mobile Safari/537.36 (compatible; Googlebot/2.1; +http://www.google.com/bot.html)"
162.158.214.144 - - [30/Jun/2026:15:09:00 +0000] "POST /xmlrpc.php HTTP/1.1" 200 4217 "-" "Jetpack/12.5; WordPress/6.3; http://site95928548.com"
172.71.124.201 - - [30/Jun/2026:15:09:13 +0000] "POST /wp-cron.php?doing_wp_cron=1782832153.0931329727172851562500 HTTP/1.1" 200 4035 "-" "WordPress/7.0; https://www.simottodesign.com"
162.158.214.144 - - [30/Jun/2026:15:09:12 +0000] "POST /xmlrpc.php HTTP/1.1" 200 4217 "-" "Jetpack by WordPress.com (Jetpack 12.0; WordPress 6.1)"
162.158.214.144 - - [30/Jun/2026:15:09:23 +0000] "POST /xmlrpc.php HTTP/1.1" 403 4800 "-" "WordPress.com; https://wordpress.com"
172.69.166.124 - - [30/Jun/2026:15:09:25 +0000] "GET /wp-login.php HTTP/1.1" 200 6261 "https://duckduckgo.com/" "Mozilla/5.0 (Macintosh; Intel Mac OS X 13_6_1; rv:119.0) Gecko/20100101 Firefox/119.0"
172.69.166.124 - - [30/Jun/2026:15:09:31 +0000] "GET /wp-login.php HTTP/1.1" 200 6261 "" "Mozilla/5.0 (Macintosh; Intel Mac OS X 13_6_1) AppleWebKit/537.36 (KHTML, like Gecko) Chrome/120.0.0.0 Safari/537.36"
172.68.71.113 - - [30/Jun/2026:15:09:32 +0000] "GET /products/3315032893493 HTTP/1.1" 301 4159 "-" "meta-externalagent/1.1 (+https://developers.facebook.com/docs/sharing/webmasters/crawler)"
162.158.214.144 - - [30/Jun/2026:15:09:35 +0000] "POST /xmlrpc.php HTTP/1.1" 403 4800 "-" "Jetpack by WordPress.com"
172.69.166.124 - - [30/Jun/2026:15:09:34 +0000] "GET /wp-admin/ HTTP/1.1" 302 4664 "-" "Mozilla/5.0 (Windows NT 10.0; Win64; x64) AppleWebKit/537.36 (KHTML, like Gecko) Chrome/120.0.0.0 Safari/537.36"
172.68.164.126 - - [30/Jun/2026:15:09:41 +0000] "GET /wp-login.php?redirect_to=https%3A%2F%2Fsimottodesign.com%2Fwp-admin%2F&reauth=1 HTTP/1.1" 200 8301 "-" "Mozilla/5.0 (Windows NT 10.0; Win64; x64) AppleWebKit/537.36 (KHTML, like Gecko) Chrome/120.0.0.0 Safari/537.36"
162.158.214.144 - - [30/Jun/2026:15:09:46 +0000] "POST /xmlrpc.php HTTP/1.1" 200 4217 "-" "Jetpack/12.1; WordPress/6.2; http://site96168416.com"
162.158.214.144 - - [30/Jun/2026:15:09:58 +0000] "POST /xmlrpc.php HTTP/1.1" 403 4800 "-" "WordPress.com; https://wordpress.com"
172.69.70.65 - - [30/Jun/2026:15:09:58 +0000] "GET /products/5262203065329 HTTP/1.1" 301 4159 "-" "meta-externalagent/1.1 (+https://developers.facebook.com/docs/sharing/webmasters/crawler)"
104.23.245.187 - - [30/Jun/2026:15:09:59 +0000] "GET /items/R474529981/ HTTP/1.1" 301 4154 "-" "meta-externalagent/1.1 (+https://developers.facebook.com/docs/sharing/webmasters/crawler)"
104.22.66.98 - - [30/Jun/2026:15:10:10 +0000] "POST /wp-cron.php?doing_wp_cron=1782832210.2289140224456787109375 HTTP/1.1" 200 4035 "-" "WordPress/7.0; https://www.simottodesign.com"
162.158.214.144 - - [30/Jun/2026:15:10:09 +0000] "POST /xmlrpc.php HTTP/1.1" 200 4217 "-" "Jetpack/13.0; WordPress/6.1; http://site39706452.com"
162.158.214.144 - - [30/Jun/2026:15:10:20 +0000] "POST /xmlrpc.php HTTP/1.1" 403 4800 "-" "WordPress.com; https://wordpress.com"
104.22.24.101 - - [30/Jun/2026:15:10:31 +0000] "GET /products/3891370864396 HTTP/1.1" 301 4159 "-" "meta-externalagent/1.1 (+https://developers.facebook.com/docs/sharing/webmasters/crawler)"
162.158.214.144 - - [30/Jun/2026:15:10:32 +0000] "POST /xmlrpc.php HTTP/1.1" 403 4800 "-" "WordPress.com; https://wordpress.com"
172.71.31.120 - - [30/Jun/2026:15:10:42 +0000] "GET /items/R473903168/ HTTP/1.1" 301 4154 "-" "meta-externalagent/1.1 (+https://developers.facebook.com/docs/sharing/webmasters/crawler)"
162.158.214.144 - - [30/Jun/2026:15:10:43 +0000] "POST /xmlrpc.php HTTP/1.1" 403 4800 "-" "WordPress.com; https://wordpress.com"
162.158.42.195 - - [30/Jun/2026:15:10:45 +0000] "GET /products/3969786154193 HTTP/1.1" 404 99757 "-" "Mozilla/5.0 (Linux; Android 6.0.1; Nexus 5X Build/MMB29P) AppleWebKit/537.36 (KHTML, like Gecko) Chrome/148.0.7778.96 Mobile Safari/537.36 (compatible; Googlebot/2.1; +http://www.google.com/bot.html)"
104.22.24.211 - - [30/Jun/2026:15:10:46 +0000] "GET /items/R475516823/ HTTP/1.1" 404 99752 "-" "meta-externalagent/1.1 (+https://developers.facebook.com/docs/sharing/webmasters/crawler)"
172.68.22.176 - - [30/Jun/2026:15:10:47 +0000] "GET /products/4009318764673 HTTP/1.1" 404 99757 "-" "Mozilla/5.0 (Linux; Android 6.0.1; Nexus 5X Build/MMB29P) AppleWebKit/537.36 (KHTML, like Gecko) Chrome/148.0.7778.96 Mobile Safari/537.36 (compatible; Googlebot/2.1; +http://www.google.com/bot.html)"
162.158.41.81 - - [30/Jun/2026:15:10:49 +0000] "GET /products/2734457679315 HTTP/1.1" 404 99757 "-" "Mozilla/5.0 (Linux; Android 6.0.1; Nexus 5X Build/MMB29P) AppleWebKit/537.36 (KHTML, like Gecko) Chrome/148.0.7778.96 Mobile Safari/537.36 (compatible; Googlebot/2.1; +http://www.google.com/bot.html)"
162.158.214.144 - - [30/Jun/2026:15:10:55 +0000] "POST /xmlrpc.php HTTP/1.1" 200 4217 "-" "Jetpack by WordPress.com (Jetpack 12.0; WordPress 6.3)"
104.22.1.17 - - [30/Jun/2026:15:11:00 +0000] "GET /items/R475135988/ HTTP/1.1" 301 4154 "-" "meta-externalagent/1.1 (+https://developers.facebook.com/docs/sharing/webmasters/crawler)"
162.158.214.144 - - [30/Jun/2026:15:11:06 +0000] "POST /xmlrpc.php HTTP/1.1" 403 4800 "-" "Jetpack by WordPress.com"
172.71.81.81 - - [30/Jun/2026:15:11:10 +0000] "POST /wp-cron.php?doing_wp_cron=1782832270.9281580448150634765625 HTTP/1.1" 200 4035 "-" "WordPress/7.0; https://www.simottodesign.com"
162.158.108.88 - - [30/Jun/2026:15:11:10 +0000] "GET /service-process HTTP/1.1" 301 4041 "https://www.simottodesign.com/service-process" "Mozilla/5.0 (Linux; Android 7.0;) AppleWebKit/537.36 (HTML, like Gecko) Mobile Safari/537.36 (compatible; PetalBot;+https://webmaster.petalsearch.com/site/petalbot)"
172.70.208.126 - - [30/Jun/2026:15:11:11 +0000] "GET /service-process/ HTTP/1.1" 200 27802 "https://www.simottodesign.com/service-process" "Mozilla/5.0 (Linux; Android 7.0;) AppleWebKit/537.36 (HTML, like Gecko) Mobile Safari/537.36 (compatible; PetalBot;+https://webmaster.petalsearch.com/site/petalbot)"
162.158.214.144 - - [30/Jun/2026:15:11:18 +0000] "POST /xmlrpc.php HTTP/1.1" 200 4217 "-" "Jetpack/12.5; WordPress/6.3; http://site16047230.com"
104.22.56.167 - - [30/Jun/2026:15:11:24 +0000] "GET /products/896206778959 HTTP/1.1" 301 4158 "-" "meta-externalagent/1.1 (+https://developers.facebook.com/docs/sharing/webmasters/crawler)"
162.158.214.144 - - [30/Jun/2026:15:11:29 +0000] "POST /xmlrpc.php HTTP/1.1" 403 4800 "-" "WordPress.com; https://wordpress.com"
162.158.214.144 - - [30/Jun/2026:15:11:41 +0000] "POST /xmlrpc.php HTTP/1.1" 200 4217 "-" "Jetpack by WordPress.com (Jetpack 12.5; WordPress 6.1)"
162.159.120.160 - - [30/Jun/2026:15:11:43 +0000] "GET /products/357901524832 HTTP/1.1" 404 99756 "-" "Mozilla/5.0 (Linux; Android 6.0.1; Nexus 5X Build/MMB29P) AppleWebKit/537.36 (KHTML, like Gecko) Chrome/148.0.7778.96 Mobile Safari/537.36 (compatible; Googlebot/2.1; +http://www.google.com/bot.html)"
162.158.214.144 - - [30/Jun/2026:15:11:52 +0000] "POST /xmlrpc.php HTTP/1.1" 403 4800 "-" "Jetpack by WordPress.com"
104.22.56.167 - - [30/Jun/2026:15:11:59 +0000] "GET /items/R474826949/ HTTP/1.1" 301 4154 "-" "meta-externalagent/1.1 (+https://developers.facebook.com/docs/sharing/webmasters/crawler)"
162.158.214.144 - - [30/Jun/2026:15:12:04 +0000] "POST /xmlrpc.php HTTP/1.1" 403 4800 "-" "WordPress.com; https://wordpress.com"
172.69.165.83 - - [30/Jun/2026:15:12:16 +0000] "POST /wp-cron.php?doing_wp_cron=1782832336.1313400268554687500000 HTTP/1.1" 200 4035 "-" "WordPress/7.0; https://www.simottodesign.com"
162.158.214.144 - - [30/Jun/2026:15:12:15 +0000] "POST /xmlrpc.php HTTP/1.1" 200 4217 "-" "Jetpack by WordPress.com (Jetpack 12.5; WordPress 6.4)"
162.158.214.144 - - [30/Jun/2026:15:12:26 +0000] "POST /xmlrpc.php HTTP/1.1" 403 4800 "-" "Jetpack by WordPress.com"
172.69.165.83 - - [30/Jun/2026:15:12:33 +0000] "GET /items/R475758060/ HTTP/1.1" 404 99752 "https://www.simottodesign.com/sitemap-hot-4965491.xml" "Mozilla/5.0 (Linux; Android 7.0;) AppleWebKit/537.36 (HTML, like Gecko) Mobile Safari/537.36 (compatible; PetalBot;+https://webmaster.petalsearch.com/site/petalbot)"
162.158.214.144 - - [30/Jun/2026:15:12:38 +0000] "POST /xmlrpc.php HTTP/1.1" 403 4800 "-" "Jetpack by WordPress.com"
104.22.72.11 - - [30/Jun/2026:15:12:37 +0000] "GET /products/5668920831998 HTTP/1.1" 404 99757 "-" "Mozilla/5.0 (Linux; Android 6.0.1; Nexus 5X Build/MMB29P) AppleWebKit/537.36 (KHTML, like Gecko) Chrome/148.0.7778.96 Mobile Safari/537.36 (compatible; Googlebot/2.1; +http://www.google.com/bot.html)"
104.22.1.17 - - [30/Jun/2026:15:12:45 +0000] "GET /products/833878947175 HTTP/1.1" 301 4158 "-" "meta-externalagent/1.1 (+https://developers.facebook.com/docs/sharing/webmasters/crawler)"
172.71.22.225 - - [30/Jun/2026:15:12:46 +0000] "GET /products/2994218245452 HTTP/1.1" 301 4159 "-" "meta-externalagent/1.1 (+https://developers.facebook.com/docs/sharing/webmasters/crawler)"
108.162.238.60 - - [30/Jun/2026:15:12:48 +0000] "GET /products/2171698724517 HTTP/1.1" 301 4159 "-" "meta-externalagent/1.1 (+https://developers.facebook.com/docs/sharing/webmasters/crawler)"
104.22.56.167 - - [30/Jun/2026:15:12:48 +0000] "GET /products/892520226082 HTTP/1.1" 301 4158 "-" "meta-externalagent/1.1 (+https://developers.facebook.com/docs/sharing/webmasters/crawler)"
162.158.214.144 - - [30/Jun/2026:15:12:49 +0000] "POST /xmlrpc.php HTTP/1.1" 200 4217 "-" "Jetpack by WordPress.com (Jetpack 12.0; WordPress 6.2)"
162.158.214.144 - - [30/Jun/2026:15:13:00 +0000] "POST /xmlrpc.php HTTP/1.1" 200 4217 "-" "Jetpack by WordPress.com (Jetpack 12.5; WordPress 6.3)"
172.69.70.64 - - [30/Jun/2026:15:13:01 +0000] "GET /products/1106957054356 HTTP/1.1" 301 4159 "-" "meta-externalagent/1.1 (+https://developers.facebook.com/docs/sharing/webmasters/crawler)"
172.70.143.212 - - [30/Jun/2026:15:13:12 +0000] "POST /wp-cron.php?doing_wp_cron=1782832392.1937160491943359375000 HTTP/1.1" 200 4035 "-" "WordPress/7.0; https://www.simottodesign.com"
162.158.214.144 - - [30/Jun/2026:15:13:11 +0000] "POST /xmlrpc.php HTTP/1.1" 200 4217 "-" "Jetpack by WordPress.com (Jetpack 12.5; WordPress 6.2)"
172.69.70.64 - - [30/Jun/2026:15:13:21 +0000] "GET /items/R476528654/ HTTP/1.1" 301 4154 "-" "meta-externalagent/1.1 (+https://developers.facebook.com/docs/sharing/webmasters/crawler)"
104.23.245.186 - - [30/Jun/2026:15:13:22 +0000] "GET /products/199379707400 HTTP/1.1" 301 4158 "-" "meta-externalagent/1.1 (+https://developers.facebook.com/docs/sharing/webmasters/crawler)"
162.158.214.144 - - [30/Jun/2026:15:13:22 +0000] "POST /xmlrpc.php HTTP/1.1" 200 4217 "-" "Jetpack by WordPress.com (Jetpack 12.5; WordPress 6.3)"
104.22.1.17 - - [30/Jun/2026:15:13:23 +0000] "GET /items/R474578521/ HTTP/1.1" 301 4154 "-" "meta-externalagent/1.1 (+https://developers.facebook.com/docs/sharing/webmasters/crawler)"
108.162.237.97 - - [30/Jun/2026:15:13:24 +0000] "GET /products/3706092567298 HTTP/1.1" 404 99830 "-" "meta-externalagent/1.1 (+https://developers.facebook.com/docs/sharing/webmasters/crawler)"
162.158.214.144 - - [30/Jun/2026:15:13:34 +0000] "POST /xmlrpc.php HTTP/1.1" 200 4217 "-" "Jetpack by WordPress.com (Jetpack 13.0; WordPress 6.3)"
162.158.214.144 - - [30/Jun/2026:15:13:45 +0000] "POST /xmlrpc.php HTTP/1.1" 403 4800 "-" "Jetpack by WordPress.com"
104.22.24.100 - - [30/Jun/2026:15:13:52 +0000] "GET /products/696079039569 HTTP/1.1" 301 4158 "-" "meta-externalagent/1.1 (+https://developers.facebook.com/docs/sharing/webmasters/crawler)"
104.22.24.100 - - [30/Jun/2026:15:13:53 +0000] "GET /items/R474449904/ HTTP/1.1" 301 4154 "-" "meta-externalagent/1.1 (+https://developers.facebook.com/docs/sharing/webmasters/crawler)"
162.158.214.144 - - [30/Jun/2026:15:13:56 +0000] "POST /xmlrpc.php HTTP/1.1" 403 4800 "-" "WordPress.com; https://wordpress.com"
172.70.143.212 - - [30/Jun/2026:15:13:56 +0000] "GET /items/R475049190/ HTTP/1.1" 404 99752 "https://www.simottodesign.com/sitemap-hot-4965491.xml" "Mozilla/5.0 (Linux; Android 7.0;) AppleWebKit/537.36 (HTML, like Gecko) Mobile Safari/537.36 (compatible; PetalBot;+https://webmaster.petalsearch.com/site/petalbot)"
162.158.214.144 - - [30/Jun/2026:15:14:07 +0000] "POST /xmlrpc.php HTTP/1.1" 403 4800 "-" "WordPress.com; https://wordpress.com"
172.71.31.119 - - [30/Jun/2026:15:14:07 +0000] "GET /products/4140095222899 HTTP/1.1" 301 4159 "-" "meta-externalagent/1.1 (+https://developers.facebook.com/docs/sharing/webmasters/crawler)"
104.23.175.204 - - [30/Jun/2026:15:14:14 +0000] "POST /wp-cron.php?doing_wp_cron=1782832454.0542819499969482421875 HTTP/1.1" 200 4035 "-" "WordPress/7.0; https://www.simottodesign.com"
104.22.20.208 - - [30/Jun/2026:15:14:13 +0000] "GET /wp-login.php HTTP/1.1" 200 6261 "-" "Mozilla/5.0 (Macintosh; Intel Mac OS X 10_15_7) AppleWebKit/605.1.15 (KHTML, like Gecko) Version/18.3 Safari/605.1.15"
162.158.214.144 - - [30/Jun/2026:15:14:19 +0000] "POST /xmlrpc.php HTTP/1.1" 403 4800 "-" "WordPress.com; https://wordpress.com"
104.22.20.208 - - [30/Jun/2026:15:14:18 +0000] "POST /wp-login.php HTTP/1.1" 200 6395 "https://www.simottodesign.com/wp-login.php" "Mozilla/5.0 (Macintosh; Intel Mac OS X 10_15_7) AppleWebKit/605.1.15 (KHTML, like Gecko) Version/18.3 Safari/605.1.15"
108.162.237.97 - - [30/Jun/2026:15:14:19 +0000] "GET /products/486412067262 HTTP/1.1" 404 99756 "-" "meta-externalagent/1.1 (+https://developers.facebook.com/docs/sharing/webmasters/crawler)"
104.22.72.11 - - [30/Jun/2026:15:14:24 +0000] "GET /products/3429166186732 HTTP/1.1" 404 99757 "-" "Mozilla/5.0 (Linux; Android 6.0.1; Nexus 5X Build/MMB29P) AppleWebKit/537.36 (KHTML, like Gecko) Chrome/148.0.7778.96 Mobile Safari/537.36 (compatible; Googlebot/2.1; +http://www.google.com/bot.html)"
104.22.24.100 - - [30/Jun/2026:15:14:27 +0000] "GET /items/R471659491/ HTTP/1.1" 301 4154 "-" "meta-externalagent/1.1 (+https://developers.facebook.com/docs/sharing/webmasters/crawler)"
162.158.214.144 - - [30/Jun/2026:15:14:30 +0000] "POST /xmlrpc.php HTTP/1.1" 200 4217 "-" "Jetpack by WordPress.com (Jetpack 12.1; WordPress 6.3)"
172.71.30.29 - - [30/Jun/2026:15:14:35 +0000] "GET /items/R471753463/ HTTP/1.1" 404 99752 "-" "meta-externalagent/1.1 (+https://developers.facebook.com/docs/sharing/webmasters/crawler)"
162.158.214.144 - - [30/Jun/2026:15:14:41 +0000] "POST /xmlrpc.php HTTP/1.1" 403 4800 "-" "Jetpack by WordPress.com"
108.162.238.60 - - [30/Jun/2026:15:14:42 +0000] "GET /products/2358851512035 HTTP/1.1" 301 4159 "-" "meta-externalagent/1.1 (+https://developers.facebook.com/docs/sharing/webmasters/crawler)"
104.22.56.166 - - [30/Jun/2026:15:14:42 +0000] "GET /products/5275727367154 HTTP/1.1" 301 4159 "-" "meta-externalagent/1.1 (+https://developers.facebook.com/docs/sharing/webmasters/crawler)"
162.158.214.144 - - [30/Jun/2026:15:14:52 +0000] "POST /xmlrpc.php HTTP/1.1" 200 4217 "-" "Jetpack/13.0; WordPress/6.3; http://site96578258.com"
162.158.214.144 - - [30/Jun/2026:15:15:03 +0000] "POST /xmlrpc.php HTTP/1.1" 200 4217 "-" "Jetpack/12.5; WordPress/6.1; http://site98202336.com"
162.158.214.144 - - [30/Jun/2026:15:15:15 +0000] "POST /xmlrpc.php HTTP/1.1" 403 4800 "-" "Jetpack by WordPress.com"
172.70.143.212 - - [30/Jun/2026:15:15:16 +0000] "POST /wp-cron.php?doing_wp_cron=1782832516.5764150619506835937500 HTTP/1.1" 200 4035 "-" "WordPress/7.0; https://www.simottodesign.com"
104.23.245.186 - - [30/Jun/2026:15:15:16 +0000] "GET /items/R474850024/ HTTP/1.1" 301 4154 "-" "meta-externalagent/1.1 (+https://developers.facebook.com/docs/sharing/webmasters/crawler)"
104.22.72.11 - - [30/Jun/2026:15:15:17 +0000] "GET /products/1655728210607 HTTP/1.1" 404 99757 "-" "Mozilla/5.0 (Linux; Android 6.0.1; Nexus 5X Build/MMB29P) AppleWebKit/537.36 (KHTML, like Gecko) Chrome/148.0.7778.96 Mobile Safari/537.36 (compatible; Googlebot/2.1; +http://www.google.com/bot.html)"
162.158.42.40 - - [30/Jun/2026:15:15:19 +0000] "GET /products/3314880118151 HTTP/1.1" 301 4159 "-" "Mozilla/5.0 (Linux; Android 6.0.1; Nexus 5X Build/MMB29P) AppleWebKit/537.36 (KHTML, like Gecko) Chrome/148.0.7778.96 Mobile Safari/537.36 (compatible; Googlebot/2.1; +http://www.google.com/bot.html)"
104.22.72.11 - - [30/Jun/2026:15:15:20 +0000] "GET /products/3314880118151 HTTP/1.1" 404 99757 "-" "Mozilla/5.0 (Linux; Android 6.0.1; Nexus 5X Build/MMB29P) AppleWebKit/537.36 (KHTML, like Gecko) Chrome/148.0.7778.96 Mobile Safari/537.36 (compatible; Googlebot/2.1; +http://www.google.com/bot.html)"
172.70.143.212 - - [30/Jun/2026:15:15:21 +0000] "GET /items/R473222162/ HTTP/1.1" 404 99752 "https://www.simottodesign.com/sitemap-hot-4965491.xml" "Mozilla/5.0 (Linux; Android 7.0;) AppleWebKit/537.36 (HTML, like Gecko) Mobile Safari/537.36 (compatible; PetalBot;+https://webmaster.petalsearch.com/site/petalbot)"
162.158.214.144 - - [30/Jun/2026:15:15:26 +0000] "POST /xmlrpc.php HTTP/1.1" 403 4800 "-" "WordPress.com; https://wordpress.com"
104.22.56.166 - - [30/Jun/2026:15:15:30 +0000] "GET /products/1105634577429 HTTP/1.1" 301 4159 "-" "meta-externalagent/1.1 (+https://developers.facebook.com/docs/sharing/webmasters/crawler)"
162.158.214.144 - - [30/Jun/2026:15:15:37 +0000] "POST /xmlrpc.php HTTP/1.1" 403 4800 "-" "Jetpack by WordPress.com"
162.158.214.144 - - [30/Jun/2026:15:15:48 +0000] "POST /xmlrpc.php HTTP/1.1" 403 4800 "-" "WordPress.com; https://wordpress.com"
104.22.24.101 - - [30/Jun/2026:15:15:51 +0000] "GET /items/R472831080/ HTTP/1.1" 301 4154 "-" "meta-externalagent/1.1 (+https://developers.facebook.com/docs/sharing/webmasters/crawler)"
162.158.214.144 - - [30/Jun/2026:15:15:59 +0000] "POST /xmlrpc.php HTTP/1.1" 403 4800 "-" "Jetpack by WordPress.com"
104.22.24.101 - - [30/Jun/2026:15:16:00 +0000] "GET /items/R474855496/ HTTP/1.1" 301 4154 "-" "meta-externalagent/1.1 (+https://developers.facebook.com/docs/sharing/webmasters/crawler)"
104.23.245.186 - - [30/Jun/2026:15:16:06 +0000] "GET /products/1512477007690 HTTP/1.1" 301 4159 "-" "meta-externalagent/1.1 (+https://developers.facebook.com/docs/sharing/webmasters/crawler)"
162.158.170.241 - - [30/Jun/2026:15:16:11 +0000] "POST /wp-cron.php?doing_wp_cron=1782832571.4051411151885986328125 HTTP/1.1" 200 4035 "-" "WordPress/7.0; https://www.simottodesign.com"
162.158.214.144 - - [30/Jun/2026:15:16:10 +0000] "POST /xmlrpc.php HTTP/1.1" 200 4217 "-" "Jetpack by WordPress.com (Jetpack 13.0; WordPress 6.2)"
104.22.72.11 - - [30/Jun/2026:15:16:14 +0000] "GET /products/31245238852 HTTP/1.1" 404 99755 "-" "Mozilla/5.0 (Linux; Android 6.0.1; Nexus 5X Build/MMB29P) AppleWebKit/537.36 (KHTML, like Gecko) Chrome/148.0.7778.96 Mobile Safari/537.36 (compatible; Googlebot/2.1; +http://www.google.com/bot.html)"
172.68.71.114 - - [30/Jun/2026:15:16:16 +0000] "GET /items/R474123408/ HTTP/1.1" 301 4154 "-" "meta-externalagent/1.1 (+https://developers.facebook.com/docs/sharing/webmasters/crawler)"
162.158.214.144 - - [30/Jun/2026:15:16:22 +0000] "POST /xmlrpc.php HTTP/1.1" 200 4217 "-" "Jetpack/12.0; WordPress/6.4; http://site16667325.com"
172.68.71.114 - - [30/Jun/2026:15:16:28 +0000] "GET /products/2493727936554 HTTP/1.1" 301 4159 "-" "meta-externalagent/1.1 (+https://developers.facebook.com/docs/sharing/webmasters/crawler)"
162.158.214.144 - - [30/Jun/2026:15:16:33 +0000] "POST /xmlrpc.php HTTP/1.1" 403 4800 "-" "Jetpack by WordPress.com"
172.69.70.65 - - [30/Jun/2026:15:16:35 +0000] "GET /items/R475671785/ HTTP/1.1" 301 4154 "-" "meta-externalagent/1.1 (+https://developers.facebook.com/docs/sharing/webmasters/crawler)"
104.22.56.166 - - [30/Jun/2026:15:16:36 +0000] "GET /products/3739419008131 HTTP/1.1" 301 4159 "-" "meta-externalagent/1.1 (+https://developers.facebook.com/docs/sharing/webmasters/crawler)"
104.22.56.166 - - [30/Jun/2026:15:16:38 +0000] "GET /products/2620559992088 HTTP/1.1" 301 4159 "-" "meta-externalagent/1.1 (+https://developers.facebook.com/docs/sharing/webmasters/crawler)"
108.162.238.60 - - [30/Jun/2026:15:16:38 +0000] "GET /products/1975813197360 HTTP/1.1" 301 4159 "-" "meta-externalagent/1.1 (+https://developers.facebook.com/docs/sharing/webmasters/crawler)"
162.158.214.144 - - [30/Jun/2026:15:16:44 +0000] "POST /xmlrpc.php HTTP/1.1" 403 4800 "-" "WordPress.com; https://wordpress.com"
172.70.143.212 - - [30/Jun/2026:15:16:46 +0000] "GET /items/R472821016/ HTTP/1.1" 404 99752 "https://www.simottodesign.com/sitemap-hot-4965491.xml" "Mozilla/5.0 (Linux; Android 7.0;) AppleWebKit/537.36 (HTML, like Gecko) Mobile Safari/537.36 (compatible; PetalBot;+https://webmaster.petalsearch.com/site/petalbot)"
162.158.214.144 - - [30/Jun/2026:15:16:55 +0000] "POST /xmlrpc.php HTTP/1.1" 200 4217 "-" "Jetpack/13.0; WordPress/6.4; http://site58467167.com"
162.158.214.144 - - [30/Jun/2026:15:17:07 +0000] "POST /xmlrpc.php HTTP/1.1" 200 4217 "-" "Jetpack/13.0; WordPress/6.3; http://site77958160.com"
172.69.176.126 - - [30/Jun/2026:15:17:09 +0000] "POST /wp-cron.php?doing_wp_cron=1782832629.0963239669799804687500 HTTP/1.1" 200 4035 "-" "WordPress/7.0; https://www.simottodesign.com"
104.22.72.11 - - [30/Jun/2026:15:17:08 +0000] "GET /products/2231718209174 HTTP/1.1" 404 99757 "-" "Mozilla/5.0 (Linux; Android 6.0.1; Nexus 5X Build/MMB29P) AppleWebKit/537.36 (KHTML, like Gecko) Chrome/148.0.7778.96 Mobile Safari/537.36 (compatible; Googlebot/2.1; +http://www.google.com/bot.html)"
172.68.71.114 - - [30/Jun/2026:15:17:11 +0000] "GET /items/R476857155/ HTTP/1.1" 301 4154 "-" "meta-externalagent/1.1 (+https://developers.facebook.com/docs/sharing/webmasters/crawler)"
162.158.214.144 - - [30/Jun/2026:15:17:18 +0000] "POST /xmlrpc.php HTTP/1.1" 403 4800 "-" "Jetpack by WordPress.com"
162.158.214.144 - - [30/Jun/2026:15:17:29 +0000] "POST /xmlrpc.php HTTP/1.1" 200 4217 "-" "Jetpack by WordPress.com (Jetpack 13.0; WordPress 6.3)"
104.23.245.187 - - [30/Jun/2026:15:17:35 +0000] "GET /products/2340558000008 HTTP/1.1" 301 4159 "-" "meta-externalagent/1.1 (+https://developers.facebook.com/docs/sharing/webmasters/crawler)"
162.158.214.144 - - [30/Jun/2026:15:17:40 +0000] "POST /xmlrpc.php HTTP/1.1" 403 4800 "-" "Jetpack by WordPress.com"
162.158.214.144 - - [30/Jun/2026:15:17:51 +0000] "POST /xmlrpc.php HTTP/1.1" 403 4800 "-" "Jetpack by WordPress.com"
162.158.214.144 - - [30/Jun/2026:15:18:02 +0000] "POST /xmlrpc.php HTTP/1.1" 403 4800 "-" "Jetpack by WordPress.com"
104.22.72.11 - - [30/Jun/2026:15:18:02 +0000] "GET /products/2025274703985 HTTP/1.1" 404 99757 "-" "Mozilla/5.0 (Linux; Android 6.0.1; Nexus 5X Build/MMB29P) AppleWebKit/537.36 (KHTML, like Gecko) Chrome/148.0.7778.96 Mobile Safari/537.36 (compatible; Googlebot/2.1; +http://www.google.com/bot.html)"
172.69.165.82 - - [30/Jun/2026:15:18:09 +0000] "POST /wp-cron.php?doing_wp_cron=1782832689.5278499126434326171875 HTTP/1.1" 200 4035 "-" "WordPress/7.0; https://www.simottodesign.com"
172.69.165.82 - - [30/Jun/2026:15:18:08 +0000] "GET /items/R472109870/ HTTP/1.1" 404 99825 "https://www.simottodesign.com/sitemap-hot-4965491.xml" "Mozilla/5.0 (Linux; Android 7.0;) AppleWebKit/537.36 (HTML, like Gecko) Mobile Safari/537.36 (compatible; PetalBot;+https://webmaster.petalsearch.com/site/petalbot)"
104.23.245.187 - - [30/Jun/2026:15:18:12 +0000] "GET /products/118604698045 HTTP/1.1" 301 4158 "-" "meta-externalagent/1.1 (+https://developers.facebook.com/docs/sharing/webmasters/crawler)"
162.158.214.144 - - [30/Jun/2026:15:18:14 +0000] "POST /xmlrpc.php HTTP/1.1" 200 4217 "-" "Jetpack/13.0; WordPress/6.4; http://site87615954.com"
162.158.214.144 - - [30/Jun/2026:15:18:25 +0000] "POST /xmlrpc.php HTTP/1.1" 403 4800 "-" "WordPress.com; https://wordpress.com"
162.158.214.144 - - [30/Jun/2026:15:18:36 +0000] "POST /xmlrpc.php HTTP/1.1" 403 4800 "-" "WordPress.com; https://wordpress.com"
104.22.1.17 - - [30/Jun/2026:15:18:41 +0000] "GET /items/R474760210/ HTTP/1.1" 301 4154 "-" "meta-externalagent/1.1 (+https://developers.facebook.com/docs/sharing/webmasters/crawler)"
104.22.56.166 - - [30/Jun/2026:15:18:46 +0000] "GET /products/1723260583356 HTTP/1.1" 301 4159 "-" "meta-externalagent/1.1 (+https://developers.facebook.com/docs/sharing/webmasters/crawler)"
172.68.71.113 - - [30/Jun/2026:15:18:47 +0000] "GET /products/5454350264570 HTTP/1.1" 301 4159 "-" "meta-externalagent/1.1 (+https://developers.facebook.com/docs/sharing/webmasters/crawler)"
162.158.214.144 - - [30/Jun/2026:15:18:47 +0000] "POST /xmlrpc.php HTTP/1.1" 200 4217 "-" "Jetpack/13.0; WordPress/6.4; http://site67517363.com"
162.159.120.160 - - [30/Jun/2026:15:18:56 +0000] "GET /products/2492252482084 HTTP/1.1" 404 99757 "-" "Mozilla/5.0 (Linux; Android 6.0.1; Nexus 5X Build/MMB29P) AppleWebKit/537.36 (KHTML, like Gecko) Chrome/148.0.7778.96 Mobile Safari/537.36 (compatible; Googlebot/2.1; +http://www.google.com/bot.html)"
162.158.214.144 - - [30/Jun/2026:15:18:58 +0000] "POST /xmlrpc.php HTTP/1.1" 403 4800 "-" "Jetpack by WordPress.com"
104.23.245.187 - - [30/Jun/2026:15:19:00 +0000] "GET /products/994738280739 HTTP/1.1" 301 4158 "-" "meta-externalagent/1.1 (+https://developers.facebook.com/docs/sharing/webmasters/crawler)"
172.69.70.65 - - [30/Jun/2026:15:19:08 +0000] "GET /products/4369497587137 HTTP/1.1" 301 4159 "-" "meta-externalagent/1.1 (+https://developers.facebook.com/docs/sharing/webmasters/crawler)"
162.158.214.144 - - [30/Jun/2026:15:19:10 +0000] "POST /xmlrpc.php HTTP/1.1" 403 4800 "-" "Jetpack by WordPress.com"
104.22.66.98 - - [30/Jun/2026:15:19:20 +0000] "POST /wp-cron.php?doing_wp_cron=1782832760.6718270778656005859375 HTTP/1.1" 200 4035 "-" "WordPress/7.0; https://www.simottodesign.com"
104.22.24.101 - - [30/Jun/2026:15:19:20 +0000] "GET /products/685390375418 HTTP/1.1" 301 4158 "-" "meta-externalagent/1.1 (+https://developers.facebook.com/docs/sharing/webmasters/crawler)"
162.158.214.144 - - [30/Jun/2026:15:19:21 +0000] "POST /xmlrpc.php HTTP/1.1" 200 4217 "-" "Jetpack by WordPress.com (Jetpack 13.0; WordPress 6.3)"
172.69.70.65 - - [30/Jun/2026:15:19:25 +0000] "GET /products/2342258536401 HTTP/1.1" 301 4159 "-" "meta-externalagent/1.1 (+https://developers.facebook.com/docs/sharing/webmasters/crawler)"
162.158.214.144 - - [30/Jun/2026:15:19:32 +0000] "POST /xmlrpc.php HTTP/1.1" 403 4800 "-" "WordPress.com; https://wordpress.com"
162.158.214.144 - - [30/Jun/2026:15:19:43 +0000] "POST /xmlrpc.php HTTP/1.1" 403 4800 "-" "Jetpack by WordPress.com (Jetpack 12.5; WordPress 6.2)"
104.22.72.11 - - [30/Jun/2026:15:19:50 +0000] "GET /products/4661133544176 HTTP/1.1" 404 99757 "-" "Mozilla/5.0 (Linux; Android 6.0.1; Nexus 5X Build/MMB29P) AppleWebKit/537.36 (KHTML, like Gecko) Chrome/148.0.7778.96 Mobile Safari/537.36 (compatible; Googlebot/2.1; +http://www.google.com/bot.html)"
162.158.214.144 - - [30/Jun/2026:15:19:56 +0000] "POST /xmlrpc.php HTTP/1.1" 403 4800 "-" "WordPress.com; https://wordpress.com"
172.71.23.121 - - [30/Jun/2026:15:20:02 +0000] "GET /products/2257520030490 HTTP/1.1" 404 99757 "-" "meta-externalagent/1.1 (+https://developers.facebook.com/docs/sharing/webmasters/crawler)"
162.158.214.144 - - [30/Jun/2026:15:20:07 +0000] "POST /xmlrpc.php HTTP/1.1" 200 4217 "-" "Jetpack by WordPress.com (Jetpack 13.0; WordPress 6.4)"
162.158.214.144 - - [30/Jun/2026:15:20:19 +0000] "POST /xmlrpc.php HTTP/1.1" 403 4800 "-" "Jetpack by WordPress.com"
172.70.92.152 - - [30/Jun/2026:15:20:22 +0000] "POST /wp-cron.php?doing_wp_cron=1782832822.8036229610443115234375 HTTP/1.1" 200 4035 "-" "WordPress/7.0; https://www.simottodesign.com"
104.22.24.101 - - [30/Jun/2026:15:20:22 +0000] "GET /products/5247106637222 HTTP/1.1" 301 4159 "-" "meta-externalagent/1.1 (+https://developers.facebook.com/docs/sharing/webmasters/crawler)"
104.22.56.206 - - [30/Jun/2026:15:20:26 +0000] "GET /items/R471784323/ HTTP/1.1" 404 99752 "-" "meta-externalagent/1.1 (+https://developers.facebook.com/docs/sharing/webmasters/crawler)"
162.158.214.144 - - [30/Jun/2026:15:20:30 +0000] "POST /xmlrpc.php HTTP/1.1" 200 4217 "-" "Jetpack/12.1; WordPress/6.4; http://site44362174.com"
104.22.56.206 - - [30/Jun/2026:15:20:37 +0000] "GET /products/4412915046478 HTTP/1.1" 404 99757 "-" "meta-externalagent/1.1 (+https://developers.facebook.com/docs/sharing/webmasters/crawler)"
162.158.214.144 - - [30/Jun/2026:15:20:41 +0000] "POST /xmlrpc.php HTTP/1.1" 200 4217 "-" "Jetpack/12.1; WordPress/6.4; http://site50842196.com"
104.23.175.204 - - [30/Jun/2026:15:20:42 +0000] "GET /projects/sorrento HTTP/1.1" 301 4164 "https://www.google.com/" "Mozilla/5.0 (Linux; Android 10; K) AppleWebKit/537.36 (KHTML, like Gecko) Chrome/132.0.0.0 Mobile Safari/537.36"
104.23.175.214 - - [30/Jun/2026:15:20:44 +0000] "GET /projects/sorrento-870sq-ft/ HTTP/1.1" 200 27519 "https://www.google.com/" "Mozilla/5.0 (Linux; Android 10; K) AppleWebKit/537.36 (KHTML, like Gecko) Chrome/132.0.0.0 Mobile Safari/537.36"
104.22.72.11 - - [30/Jun/2026:15:20:44 +0000] "GET /products/5802968648920 HTTP/1.1" 404 99757 "-" "Mozilla/5.0 (Linux; Android 6.0.1; Nexus 5X Build/MMB29P) AppleWebKit/537.36 (KHTML, like Gecko) Chrome/148.0.7778.96 Mobile Safari/537.36 (compatible; Googlebot/2.1; +http://www.google.com/bot.html)"
162.158.42.195 - - [30/Jun/2026:15:20:46 +0000] "GET /products/1688481188302 HTTP/1.1" 404 99757 "-" "Mozilla/5.0 (Linux; Android 6.0.1; Nexus 5X Build/MMB29P) AppleWebKit/537.36 (KHTML, like Gecko) Chrome/148.0.7778.96 Mobile Safari/537.36 (compatible; Googlebot/2.1; +http://www.google.com/bot.html)"
162.158.214.144 - - [30/Jun/2026:15:20:52 +0000] "POST /xmlrpc.php HTTP/1.1" 403 4800 "-" "Jetpack by WordPress.com"
172.68.71.114 - - [30/Jun/2026:15:20:55 +0000] "GET /products/4863638984006 HTTP/1.1" 301 4159 "-" "meta-externalagent/1.1 (+https://developers.facebook.com/docs/sharing/webmasters/crawler)"
162.158.214.144 - - [30/Jun/2026:15:21:03 +0000] "POST /xmlrpc.php HTTP/1.1" 403 4800 "-" "WordPress.com; https://wordpress.com"
104.22.56.167 - - [30/Jun/2026:15:21:08 +0000] "GET /items/R475039052/ HTTP/1.1" 301 4154 "-" "meta-externalagent/1.1 (+https://developers.facebook.com/docs/sharing/webmasters/crawler)"
172.70.143.213 - - [30/Jun/2026:15:21:12 +0000] "POST /wp-cron.php?doing_wp_cron=1782832872.3631429672241210937500 HTTP/1.1" 200 4035 "-" "WordPress/7.0; https://www.simottodesign.com"
172.68.164.126 - - [30/Jun/2026:15:21:11 +0000] "GET /wp-login.php HTTP/1.1" 200 6261 "-" "Mozilla/5.0 (Windows NT 10.0; Win64; x64) AppleWebKit/537.36 (KHTML, like Gecko) Chrome/133.0.0.0 Safari/537.36"
172.68.164.126 - - [30/Jun/2026:15:21:12 +0000] "POST /wp-login.php HTTP/1.1" 200 6395 "https://www.simottodesign.com/wp-login.php" "Mozilla/5.0 (Windows NT 10.0; Win64; x64) AppleWebKit/537.36 (KHTML, like Gecko) Chrome/133.0.0.0 Safari/537.36"
162.158.214.144 - - [30/Jun/2026:15:21:14 +0000] "POST /xmlrpc.php HTTP/1.1" 403 4800 "-" "Jetpack by WordPress.com"
104.22.24.101 - - [30/Jun/2026:15:21:22 +0000] "GET /items/R474968851/ HTTP/1.1" 301 4154 "-" "meta-externalagent/1.1 (+https://developers.facebook.com/docs/sharing/webmasters/crawler)"
162.158.214.144 - - [30/Jun/2026:15:21:25 +0000] "POST /xmlrpc.php HTTP/1.1" 200 4217 "-" "Jetpack by WordPress.com (Jetpack 12.1; WordPress 6.4)"
172.68.71.114 - - [30/Jun/2026:15:21:26 +0000] "GET /products/2557318455053 HTTP/1.1" 301 4159 "-" "meta-externalagent/1.1 (+https://developers.facebook.com/docs/sharing/webmasters/crawler)"
104.22.24.211 - - [30/Jun/2026:15:21:28 +0000] "GET /items/R476854558/ HTTP/1.1" 404 99752 "-" "meta-externalagent/1.1 (+https://developers.facebook.com/docs/sharing/webmasters/crawler)"
162.158.214.144 - - [30/Jun/2026:15:21:38 +0000] "POST /xmlrpc.php HTTP/1.1" 403 4800 "-" "WordPress.com; https://wordpress.com"
162.158.42.195 - - [30/Jun/2026:15:21:43 +0000] "GET /products/1485112673586 HTTP/1.1" 404 99757 "-" "Mozilla/5.0 (Linux; Android 6.0.1; Nexus 5X Build/MMB29P) AppleWebKit/537.36 (KHTML, like Gecko) Chrome/148.0.7778.96 Mobile Safari/537.36 (compatible; Googlebot/2.1; +http://www.google.com/bot.html)"
162.158.214.144 - - [30/Jun/2026:15:21:49 +0000] "POST /xmlrpc.php HTTP/1.1" 200 4217 "-" "Jetpack/12.1; WordPress/6.4; http://site64003592.com"
162.158.214.144 - - [30/Jun/2026:15:22:00 +0000] "POST /xmlrpc.php HTTP/1.1" 200 4217 "-" "Jetpack by WordPress.com (Jetpack 12.0; WordPress 6.1)"
104.23.245.187 - - [30/Jun/2026:15:22:01 +0000] "GET /items/R476309752/ HTTP/1.1" 301 4154 "-" "meta-externalagent/1.1 (+https://developers.facebook.com/docs/sharing/webmasters/crawler)"
172.69.176.127 - - [30/Jun/2026:15:22:12 +0000] "POST /wp-cron.php?doing_wp_cron=1782832932.7547540664672851562500 HTTP/1.1" 200 4035 "-" "WordPress/7.0; https://www.simottodesign.com"
162.158.214.144 - - [30/Jun/2026:15:22:12 +0000] "POST /xmlrpc.php HTTP/1.1" 200 4217 "-" "Jetpack by WordPress.com (Jetpack 12.1; WordPress 6.1)"
104.22.17.32 - - [30/Jun/2026:15:22:12 +0000] "GET / HTTP/1.1" 200 29818 "http://www.simottodesign.com" "Mozilla/5.0 (iPhone; CPU iPhone OS 13_2_3 like Mac OS X) AppleWebKit/605.1.15 (KHTML, like Gecko) Version/13.0.3 Mobile/15E148 Safari/604.1"
104.22.24.101 - - [30/Jun/2026:15:22:14 +0000] "GET /items/R476858481/ HTTP/1.1" 301 4154 "-" "meta-externalagent/1.1 (+https://developers.facebook.com/docs/sharing/webmasters/crawler)"
172.68.71.114 - - [30/Jun/2026:15:22:19 +0000] "GET /products/2066467554874 HTTP/1.1" 301 4159 "-" "meta-externalagent/1.1 (+https://developers.facebook.com/docs/sharing/webmasters/crawler)"
162.158.214.144 - - [30/Jun/2026:15:22:23 +0000] "POST /xmlrpc.php HTTP/1.1" 200 4217 "-" "Jetpack by WordPress.com (Jetpack 12.1; WordPress 6.3)"
162.158.214.144 - - [30/Jun/2026:15:22:35 +0000] "POST /xmlrpc.php HTTP/1.1" 403 4800 "-" "Jetpack by WordPress.com"
162.158.214.144 - - [30/Jun/2026:15:22:46 +0000] "POST /xmlrpc.php HTTP/1.1" 403 4800 "-" "Jetpack by WordPress.com"
104.22.72.11 - - [30/Jun/2026:15:22:54 +0000] "GET /products/2300466214913 HTTP/1.1" 404 99830 "-" "Mozilla/5.0 (Linux; Android 6.0.1; Nexus 5X Build/MMB29P) AppleWebKit/537.36 (KHTML, like Gecko) Chrome/148.0.7778.96 Mobile Safari/537.36 (compatible; Googlebot/2.1; +http://www.google.com/bot.html)"
162.158.214.144 - - [30/Jun/2026:15:22:57 +0000] "POST /xmlrpc.php HTTP/1.1" 403 4800 "-" "WordPress.com; https://wordpress.com"
104.22.24.210 - - [30/Jun/2026:15:23:05 +0000] "GET /products/4517398504960 HTTP/1.1" 404 99830 "-" "meta-externalagent/1.1 (+https://developers.facebook.com/docs/sharing/webmasters/crawler)"
104.22.24.101 - - [30/Jun/2026:15:23:06 +0000] "GET /products/4695619046085 HTTP/1.1" 301 4159 "-" "meta-externalagent/1.1 (+https://developers.facebook.com/docs/sharing/webmasters/crawler)"
162.158.214.144 - - [30/Jun/2026:15:23:10 +0000] "POST /xmlrpc.php HTTP/1.1" 403 4800 "-" "Jetpack by WordPress.com"
162.158.214.144 - - [30/Jun/2026:15:23:21 +0000] "POST /xmlrpc.php HTTP/1.1" 403 4800 "-" "WordPress.com; https://wordpress.com"
172.70.143.212 - - [30/Jun/2026:15:23:27 +0000] "POST /wp-cron.php?doing_wp_cron=1782833006.8482038974761962890625 HTTP/1.1" 200 4035 "-" "WordPress/7.0; https://www.simottodesign.com"
172.68.71.114 - - [30/Jun/2026:15:23:26 +0000] "GET /products/1764309292870 HTTP/1.1" 301 4159 "-" "meta-externalagent/1.1 (+https://developers.facebook.com/docs/sharing/webmasters/crawler)"
162.158.214.144 - - [30/Jun/2026:15:23:32 +0000] "POST /xmlrpc.php HTTP/1.1" 403 4800 "-" "WordPress.com; https://wordpress.com"
162.158.214.144 - - [30/Jun/2026:15:23:44 +0000] "POST /xmlrpc.php HTTP/1.1" 200 4217 "-" "Jetpack/12.1; WordPress/6.2; http://site60590459.com"
