104.22.56.167 - - [30/Jun/2026:19:46:22 +0000] "GET /products/1299456622307 HTTP/1.1" 301 4560 "-" "meta-externalagent/1.1 (+https://developers.facebook.com/docs/sharing/webmasters/crawler)"
172.69.52.153 - - [30/Jun/2026:19:46:28 +0000] "GET /wp-login.php HTTP/1.1" 200 6481 "-" "Mozilla/5.0 (X11; Linux x86_64; rv:133.0) Gecko/20100101 Firefox/133.0"
104.22.1.16 - - [30/Jun/2026:19:46:28 +0000] "GET /products/543725427389 HTTP/1.1" 301 4559 "-" "meta-externalagent/1.1 (+https://developers.facebook.com/docs/sharing/webmasters/crawler)"
172.69.52.153 - - [30/Jun/2026:19:46:29 +0000] "POST /wp-login.php HTTP/1.1" 200 6576 "https://simottodesign.com/wp-login.php" "Mozilla/5.0 (X11; Linux x86_64; rv:133.0) Gecko/20100101 Firefox/133.0"
172.69.70.64 - - [30/Jun/2026:19:46:35 +0000] "GET /items/R474768782/ HTTP/1.1" 301 4555 "-" "meta-externalagent/1.1 (+https://developers.facebook.com/docs/sharing/webmasters/crawler)"
172.71.22.225 - - [30/Jun/2026:19:46:36 +0000] "GET /items/R475536486/ HTTP/1.1" 301 4555 "-" "meta-externalagent/1.1 (+https://developers.facebook.com/docs/sharing/webmasters/crawler)"
172.71.30.135 - - [30/Jun/2026:19:46:37 +0000] "GET /products/5127087341140 HTTP/1.1" 404 96928 "-" "meta-externalagent/1.1 (+https://developers.facebook.com/docs/sharing/webmasters/crawler)"
104.22.56.167 - - [30/Jun/2026:19:46:50 +0000] "GET /products/694256622767 HTTP/1.1" 301 4559 "-" "meta-externalagent/1.1 (+https://developers.facebook.com/docs/sharing/webmasters/crawler)"
104.22.1.16 - - [30/Jun/2026:19:46:51 +0000] "GET /items/R471148528/ HTTP/1.1" 301 4555 "-" "meta-externalagent/1.1 (+https://developers.facebook.com/docs/sharing/webmasters/crawler)"
104.22.72.11 - - [30/Jun/2026:19:46:57 +0000] "GET /products/5582535127346 HTTP/1.1" 404 96928 "-" "Mozilla/5.0 (Linux; Android 6.0.1; Nexus 5X Build/MMB29P) AppleWebKit/537.36 (KHTML, like Gecko) Chrome/149.0.7827.200 Mobile Safari/537.36 (compatible; Googlebot/2.1; +http://www.google.com/bot.html)"
104.23.245.187 - - [30/Jun/2026:19:47:04 +0000] "GET /items/R476676344/ HTTP/1.1" 301 4555 "-" "meta-externalagent/1.1 (+https://developers.facebook.com/docs/sharing/webmasters/crawler)"
162.158.107.13 - - [30/Jun/2026:19:47:17 +0000] "POST /wp-cron.php?doing_wp_cron=1782848836.9452450275421142578125 HTTP/1.1" 200 4035 "-" "WordPress/7.0; https://www.simottodesign.com"
104.22.24.100 - - [30/Jun/2026:19:47:16 +0000] "GET /items/R476352467/ HTTP/1.1" 301 4555 "-" "meta-externalagent/1.1 (+https://developers.facebook.com/docs/sharing/webmasters/crawler)"
172.68.71.114 - - [30/Jun/2026:19:47:38 +0000] "GET /products/1745973168239 HTTP/1.1" 301 4560 "-" "meta-externalagent/1.1 (+https://developers.facebook.com/docs/sharing/webmasters/crawler)"
172.68.71.114 - - [30/Jun/2026:19:47:45 +0000] "GET /products/436126244338 HTTP/1.1" 301 4559 "-" "meta-externalagent/1.1 (+https://developers.facebook.com/docs/sharing/webmasters/crawler)"
172.71.30.40 - - [30/Jun/2026:19:47:51 +0000] "GET /products/1065335579371 HTTP/1.1" 301 4560 "-" "meta-externalagent/1.1 (+https://developers.facebook.com/docs/sharing/webmasters/crawler)"
104.22.56.167 - - [30/Jun/2026:19:47:53 +0000] "GET /products/4004406489700 HTTP/1.1" 301 4560 "-" "meta-externalagent/1.1 (+https://developers.facebook.com/docs/sharing/webmasters/crawler)"
104.22.24.210 - - [30/Jun/2026:19:48:07 +0000] "GET /products/1286990657288 HTTP/1.1" 404 96928 "-" "meta-externalagent/1.1 (+https://developers.facebook.com/docs/sharing/webmasters/crawler)"
162.158.88.100 - - [30/Jun/2026:19:48:09 +0000] "POST /wp-cron.php?doing_wp_cron=1782848889.8494839668273925781250 HTTP/1.1" 200 4035 "-" "WordPress/7.0; https://www.simottodesign.com"
172.71.30.40 - - [30/Jun/2026:19:48:09 +0000] "GET /products/5049966444861 HTTP/1.1" 301 4560 "-" "meta-externalagent/1.1 (+https://developers.facebook.com/docs/sharing/webmasters/crawler)"
104.22.56.167 - - [30/Jun/2026:19:48:09 +0000] "GET /items/R472234111/ HTTP/1.1" 301 4555 "-" "meta-externalagent/1.1 (+https://developers.facebook.com/docs/sharing/webmasters/crawler)"
172.68.71.114 - - [30/Jun/2026:19:48:09 +0000] "GET /items/R476219458/ HTTP/1.1" 301 4555 "-" "meta-externalagent/1.1 (+https://developers.facebook.com/docs/sharing/webmasters/crawler)"
172.71.23.121 - - [30/Jun/2026:19:48:12 +0000] "GET /products/364099131399 HTTP/1.1" 404 96922 "-" "meta-externalagent/1.1 (+https://developers.facebook.com/docs/sharing/webmasters/crawler)"
162.159.120.160 - - [30/Jun/2026:19:48:15 +0000] "GET /shopdetail/referral-bonus/5b67b642160403.html HTTP/1.1" 404 97019 "-" "Mozilla/5.0 AppleWebKit/537.36 (KHTML, like Gecko; compatible; bingbot/2.0; +http://www.bing.com/bingbot.htm) Chrome/116.0.1938.76 Safari/537.36"
104.23.197.86 - - [30/Jun/2026:19:48:21 +0000] "GET / HTTP/1.1" 200 27173 "-" "Mozilla/5.0 AppleWebKit/537.36 (KHTML, like Gecko; compatible; ClaudeBot/1.0; [email protected])"
104.23.175.219 - - [30/Jun/2026:19:48:27 +0000] "POST /wp-login.php HTTP/1.1" 200 6632 "-" "Mozilla/5.0 (Windows NT 10.0; Win64; x64) AppleWebKit/537.36 Chrome/129.0.0.0 Safari/537.36"
172.68.71.114 - - [30/Jun/2026:19:48:30 +0000] "GET /items/R475814891/ HTTP/1.1" 301 4555 "-" "meta-externalagent/1.1 (+https://developers.facebook.com/docs/sharing/webmasters/crawler)"
108.162.237.96 - - [30/Jun/2026:19:48:33 +0000] "GET /items/R475627543/ HTTP/1.1" 404 96996 "-" "meta-externalagent/1.1 (+https://developers.facebook.com/docs/sharing/webmasters/crawler)"
104.22.24.101 - - [30/Jun/2026:19:48:34 +0000] "GET /products/2936898325546 HTTP/1.1" 301 4560 "-" "meta-externalagent/1.1 (+https://developers.facebook.com/docs/sharing/webmasters/crawler)"
104.22.56.206 - - [30/Jun/2026:19:48:36 +0000] "GET /products/5048743268260 HTTP/1.1" 404 97001 "-" "meta-externalagent/1.1 (+https://developers.facebook.com/docs/sharing/webmasters/crawler)"
172.71.30.40 - - [30/Jun/2026:19:48:37 +0000] "GET /items/R472355195/ HTTP/1.1" 301 4555 "-" "meta-externalagent/1.1 (+https://developers.facebook.com/docs/sharing/webmasters/crawler)"
104.22.1.17 - - [30/Jun/2026:19:48:42 +0000] "GET /products/1800589897401 HTTP/1.1" 301 4560 "-" "meta-externalagent/1.1 (+https://developers.facebook.com/docs/sharing/webmasters/crawler)"
172.68.71.114 - - [30/Jun/2026:19:48:58 +0000] "GET /products/5811340018982 HTTP/1.1" 301 4560 "-" "meta-externalagent/1.1 (+https://developers.facebook.com/docs/sharing/webmasters/crawler)"
108.162.238.59 - - [30/Jun/2026:19:49:06 +0000] "GET /products/4472631633136 HTTP/1.1" 301 4560 "-" "meta-externalagent/1.1 (+https://developers.facebook.com/docs/sharing/webmasters/crawler)"
172.68.164.127 - - [30/Jun/2026:19:49:15 +0000] "POST /wp-cron.php?doing_wp_cron=1782848955.2577500343322753906250 HTTP/1.1" 200 4035 "-" "WordPress/7.0; https://www.simottodesign.com"
104.22.24.101 - - [30/Jun/2026:19:49:14 +0000] "GET /items/R473282392/ HTTP/1.1" 301 4555 "-" "meta-externalagent/1.1 (+https://developers.facebook.com/docs/sharing/webmasters/crawler)"
104.22.1.17 - - [30/Jun/2026:19:49:22 +0000] "GET /items/R471622440/ HTTP/1.1" 301 4555 "-" "meta-externalagent/1.1 (+https://developers.facebook.com/docs/sharing/webmasters/crawler)"
104.22.1.17 - - [30/Jun/2026:19:49:34 +0000] "GET /items/R475889325/ HTTP/1.1" 301 4555 "-" "meta-externalagent/1.1 (+https://developers.facebook.com/docs/sharing/webmasters/crawler)"
104.22.24.101 - - [30/Jun/2026:19:49:58 +0000] "GET /products/4345523641243 HTTP/1.1" 301 4560 "-" "meta-externalagent/1.1 (+https://developers.facebook.com/docs/sharing/webmasters/crawler)"
104.22.24.101 - - [30/Jun/2026:19:50:02 +0000] "GET /items/R471354248/ HTTP/1.1" 301 4555 "-" "meta-externalagent/1.1 (+https://developers.facebook.com/docs/sharing/webmasters/crawler)"
172.68.71.114 - - [30/Jun/2026:19:50:03 +0000] "GET /items/R471953170/ HTTP/1.1" 301 4555 "-" "meta-externalagent/1.1 (+https://developers.facebook.com/docs/sharing/webmasters/crawler)"
172.70.208.126 - - [30/Jun/2026:19:50:19 +0000] "POST /wp-cron.php?doing_wp_cron=1782849019.9230320453643798828125 HTTP/1.1" 200 4035 "-" "WordPress/7.0; https://www.simottodesign.com"
104.22.56.206 - - [30/Jun/2026:19:50:19 +0000] "GET /products/224554797459 HTTP/1.1" 404 96922 "-" "meta-externalagent/1.1 (+https://developers.facebook.com/docs/sharing/webmasters/crawler)"
104.22.56.167 - - [30/Jun/2026:19:50:24 +0000] "GET /products/5888407882037 HTTP/1.1" 301 4560 "-" "meta-externalagent/1.1 (+https://developers.facebook.com/docs/sharing/webmasters/crawler)"
104.22.56.206 - - [30/Jun/2026:19:50:41 +0000] "GET /items/R476286746/ HTTP/1.1" 404 96996 "-" "meta-externalagent/1.1 (+https://developers.facebook.com/docs/sharing/webmasters/crawler)"
172.68.71.114 - - [30/Jun/2026:19:50:41 +0000] "GET /items/R471048598/ HTTP/1.1" 301 4555 "-" "meta-externalagent/1.1 (+https://developers.facebook.com/docs/sharing/webmasters/crawler)"
104.22.56.167 - - [30/Jun/2026:19:50:59 +0000] "GET /products/1331627059414 HTTP/1.1" 301 4560 "-" "meta-externalagent/1.1 (+https://developers.facebook.com/docs/sharing/webmasters/crawler)"
104.22.1.17 - - [30/Jun/2026:19:51:03 +0000] "GET /products/4375904876440 HTTP/1.1" 301 4560 "-" "meta-externalagent/1.1 (+https://developers.facebook.com/docs/sharing/webmasters/crawler)"
104.23.245.186 - - [30/Jun/2026:19:51:08 +0000] "GET /products/4067120568648 HTTP/1.1" 301 4560 "-" "meta-externalagent/1.1 (+https://developers.facebook.com/docs/sharing/webmasters/crawler)"
162.158.170.240 - - [30/Jun/2026:19:51:13 +0000] "POST /wp-cron.php?doing_wp_cron=1782849073.4905641078948974609375 HTTP/1.1" 200 4035 "-" "WordPress/7.0; https://www.simottodesign.com"
104.23.245.186 - - [30/Jun/2026:19:51:13 +0000] "GET /items/R475479810/ HTTP/1.1" 301 4555 "-" "meta-externalagent/1.1 (+https://developers.facebook.com/docs/sharing/webmasters/crawler)"
104.22.1.17 - - [30/Jun/2026:19:51:14 +0000] "GET /items/R471895061/ HTTP/1.1" 301 4555 "-" "meta-externalagent/1.1 (+https://developers.facebook.com/docs/sharing/webmasters/crawler)"
104.23.245.186 - - [30/Jun/2026:19:51:23 +0000] "GET /products/3306021396689 HTTP/1.1" 301 4560 "-" "meta-externalagent/1.1 (+https://developers.facebook.com/docs/sharing/webmasters/crawler)"
104.22.24.100 - - [30/Jun/2026:19:51:29 +0000] "GET /products/2972600387863 HTTP/1.1" 301 4560 "-" "meta-externalagent/1.1 (+https://developers.facebook.com/docs/sharing/webmasters/crawler)"
172.71.30.40 - - [30/Jun/2026:19:51:29 +0000] "GET /items/R475778333/ HTTP/1.1" 301 4555 "-" "meta-externalagent/1.1 (+https://developers.facebook.com/docs/sharing/webmasters/crawler)"
104.22.24.100 - - [30/Jun/2026:19:51:35 +0000] "GET /products/1799613597491 HTTP/1.1" 301 4560 "-" "meta-externalagent/1.1 (+https://developers.facebook.com/docs/sharing/webmasters/crawler)"
104.23.245.33 - - [30/Jun/2026:19:51:40 +0000] "GET /products/3751220102207 HTTP/1.1" 404 96928 "-" "meta-externalagent/1.1 (+https://developers.facebook.com/docs/sharing/webmasters/crawler)"
104.23.245.186 - - [30/Jun/2026:19:51:43 +0000] "GET /items/R473105875/ HTTP/1.1" 301 4555 "-" "meta-externalagent/1.1 (+https://developers.facebook.com/docs/sharing/webmasters/crawler)"
108.162.226.185 - - [30/Jun/2026:19:52:12 +0000] "POST /wp-cron.php?doing_wp_cron=1782849131.9951770305633544921875 HTTP/1.1" 200 4035 "-" "WordPress/7.0; https://www.simottodesign.com"
104.22.24.100 - - [30/Jun/2026:19:52:11 +0000] "GET /products/2267858084315 HTTP/1.1" 301 4560 "-" "meta-externalagent/1.1 (+https://developers.facebook.com/docs/sharing/webmasters/crawler)"
108.162.238.60 - - [30/Jun/2026:19:52:24 +0000] "GET /items/R475452686/ HTTP/1.1" 301 4555 "-" "meta-externalagent/1.1 (+https://developers.facebook.com/docs/sharing/webmasters/crawler)"
104.23.245.186 - - [30/Jun/2026:19:52:55 +0000] "GET /items/R476828120/ HTTP/1.1" 301 4555 "-" "meta-externalagent/1.1 (+https://developers.facebook.com/docs/sharing/webmasters/crawler)"
104.22.1.16 - - [30/Jun/2026:19:53:04 +0000] "GET /items/R473619386/ HTTP/1.1" 301 4555 "-" "meta-externalagent/1.1 (+https://developers.facebook.com/docs/sharing/webmasters/crawler)"
172.69.70.65 - - [30/Jun/2026:19:53:07 +0000] "GET /items/R471763522/ HTTP/1.1" 301 4555 "-" "meta-externalagent/1.1 (+https://developers.facebook.com/docs/sharing/webmasters/crawler)"
104.23.245.186 - - [30/Jun/2026:19:53:08 +0000] "GET /products/1878024659215 HTTP/1.1" 301 4560 "-" "meta-externalagent/1.1 (+https://developers.facebook.com/docs/sharing/webmasters/crawler)"
104.23.175.204 - - [30/Jun/2026:19:53:14 +0000] "POST /wp-cron.php?doing_wp_cron=1782849194.3685340881347656250000 HTTP/1.1" 200 4035 "-" "WordPress/7.0; https://www.simottodesign.com"
104.22.56.167 - - [30/Jun/2026:19:53:13 +0000] "GET /items/R474085806/ HTTP/1.1" 301 4555 "-" "meta-externalagent/1.1 (+https://developers.facebook.com/docs/sharing/webmasters/crawler)"
104.22.56.167 - - [30/Jun/2026:19:53:46 +0000] "GET /products/2973106376800 HTTP/1.1" 301 4560 "-" "meta-externalagent/1.1 (+https://developers.facebook.com/docs/sharing/webmasters/crawler)"
172.70.208.126 - - [30/Jun/2026:19:54:10 +0000] "POST /wp-cron.php?doing_wp_cron=1782849250.9574289321899414062500 HTTP/1.1" 200 4035 "-" "WordPress/7.0; https://www.simottodesign.com"
104.22.56.167 - - [30/Jun/2026:19:54:10 +0000] "GET /products/2701992358672 HTTP/1.1" 301 4560 "-" "meta-externalagent/1.1 (+https://developers.facebook.com/docs/sharing/webmasters/crawler)"
172.71.22.225 - - [30/Jun/2026:19:54:13 +0000] "GET /products/1514868298594 HTTP/1.1" 301 4560 "-" "meta-externalagent/1.1 (+https://developers.facebook.com/docs/sharing/webmasters/crawler)"
104.22.24.100 - - [30/Jun/2026:19:54:56 +0000] "GET /products/3205789134135 HTTP/1.1" 301 4560 "-" "meta-externalagent/1.1 (+https://developers.facebook.com/docs/sharing/webmasters/crawler)"
104.22.72.59 - - [30/Jun/2026:19:54:59 +0000] "GET /products/740454130904 HTTP/1.1" 301 4559 "-" "Mozilla/5.0 (Linux; Android 6.0.1; Nexus 5X Build/MMB29P) AppleWebKit/537.36 (KHTML, like Gecko) Chrome/149.0.7827.200 Mobile Safari/537.36 (compatible; Googlebot/2.1; +http://www.google.com/bot.html)"
162.159.120.160 - - [30/Jun/2026:19:55:01 +0000] "GET /products/740454130904 HTTP/1.1" 404 96922 "-" "Mozilla/5.0 (Linux; Android 6.0.1; Nexus 5X Build/MMB29P) AppleWebKit/537.36 (KHTML, like Gecko) Chrome/149.0.7827.200 Mobile Safari/537.36 (compatible; Googlebot/2.1; +http://www.google.com/bot.html)"
172.69.130.46 - - [30/Jun/2026:19:55:03 +0000] "GET /wp-login.php HTTP/1.1" 200 6481 "-" "Mozilla/5.0 (X11; Linux x86_64) AppleWebKit/537.36 (KHTML, like Gecko) Chrome/133.0.0.0 Safari/537.36"
172.71.120.147 - - [30/Jun/2026:19:55:05 +0000] "POST /wp-login.php HTTP/1.1" 200 6553 "https://simottodesign.com/wp-login.php" "Mozilla/5.0 (X11; Linux x86_64) AppleWebKit/537.36 (KHTML, like Gecko) Chrome/133.0.0.0 Safari/537.36"
172.70.92.152 - - [30/Jun/2026:19:55:13 +0000] "POST /wp-cron.php?doing_wp_cron=1782849313.8009009361267089843750 HTTP/1.1" 200 4035 "-" "WordPress/7.0; https://www.simottodesign.com"
104.22.24.100 - - [30/Jun/2026:19:55:13 +0000] "GET /items/R471717473/ HTTP/1.1" 301 4555 "-" "meta-externalagent/1.1 (+https://developers.facebook.com/docs/sharing/webmasters/crawler)"
172.69.71.204 - - [30/Jun/2026:19:55:19 +0000] "GET /products/3717488800185 HTTP/1.1" 404 96928 "-" "meta-externalagent/1.1 (+https://developers.facebook.com/docs/sharing/webmasters/crawler)"
104.23.245.186 - - [30/Jun/2026:19:55:44 +0000] "GET /products/3524194139565 HTTP/1.1" 301 4560 "-" "meta-externalagent/1.1 (+https://developers.facebook.com/docs/sharing/webmasters/crawler)"
104.22.24.100 - - [30/Jun/2026:19:55:53 +0000] "GET /products/4099336189416 HTTP/1.1" 301 4560 "-" "meta-externalagent/1.1 (+https://developers.facebook.com/docs/sharing/webmasters/crawler)"
104.22.24.100 - - [30/Jun/2026:19:55:55 +0000] "GET /items/R473311204/ HTTP/1.1" 301 4555 "-" "meta-externalagent/1.1 (+https://developers.facebook.com/docs/sharing/webmasters/crawler)"
104.23.245.186 - - [30/Jun/2026:19:55:56 +0000] "GET /products/3748877088664 HTTP/1.1" 301 4560 "-" "meta-externalagent/1.1 (+https://developers.facebook.com/docs/sharing/webmasters/crawler)"
104.22.24.100 - - [30/Jun/2026:19:56:00 +0000] "GET /products/1819299861030 HTTP/1.1" 301 4560 "-" "meta-externalagent/1.1 (+https://developers.facebook.com/docs/sharing/webmasters/crawler)"
162.158.88.101 - - [30/Jun/2026:19:56:13 +0000] "POST /wp-cron.php?doing_wp_cron=1782849373.9297211170196533203125 HTTP/1.1" 200 4035 "-" "WordPress/7.0; https://www.simottodesign.com"
104.22.72.11 - - [30/Jun/2026:19:56:13 +0000] "GET /ctg/search/similarImageSearchResultView/?ctgItemCd=78470034 HTTP/1.1" 404 97038 "-" "Mozilla/5.0 (Linux; Android 6.0.1; Nexus 5X Build/MMB29P) AppleWebKit/537.36 (KHTML, like Gecko) Chrome/149.0.7827.200 Mobile Safari/537.36 (compatible; Googlebot/2.1; +http://www.google.com/bot.html)"
104.22.1.17 - - [30/Jun/2026:19:56:24 +0000] "GET /products/637763451244 HTTP/1.1" 301 4559 "-" "meta-externalagent/1.1 (+https://developers.facebook.com/docs/sharing/webmasters/crawler)"
172.71.22.224 - - [30/Jun/2026:19:56:29 +0000] "GET /products/5475900509144 HTTP/1.1" 301 4560 "-" "meta-externalagent/1.1 (+https://developers.facebook.com/docs/sharing/webmasters/crawler)"
172.68.71.113 - - [30/Jun/2026:19:56:35 +0000] "GET /items/R476465355/ HTTP/1.1" 301 4555 "-" "meta-externalagent/1.1 (+https://developers.facebook.com/docs/sharing/webmasters/crawler)"
172.70.208.91 - - [30/Jun/2026:19:56:46 +0000] "GET /wp-login.php HTTP/1.1" 200 6481 "https://simottodesign.com" "Mozilla/5.0 (X11; Fedora; Linux x86_64; rv:79.0) Gecko/20100101 Firefox/79.0"
104.22.56.166 - - [30/Jun/2026:19:57:03 +0000] "GET /products/3084481806121 HTTP/1.1" 301 4560 "-" "meta-externalagent/1.1 (+https://developers.facebook.com/docs/sharing/webmasters/crawler)"
104.22.56.166 - - [30/Jun/2026:19:57:07 +0000] "GET /products/2287313095036 HTTP/1.1" 301 4560 "-" "meta-externalagent/1.1 (+https://developers.facebook.com/docs/sharing/webmasters/crawler)"
172.69.165.83 - - [30/Jun/2026:19:57:09 +0000] "POST /wp-cron.php?doing_wp_cron=1782849429.1735060214996337890625 HTTP/1.1" 200 4035 "-" "WordPress/7.0; https://www.simottodesign.com"
172.71.30.135 - - [30/Jun/2026:19:57:08 +0000] "GET /products/4148477432422 HTTP/1.1" 404 96928 "-" "meta-externalagent/1.1 (+https://developers.facebook.com/docs/sharing/webmasters/crawler)"
104.22.1.200 - - [30/Jun/2026:19:57:21 +0000] "GET /products/4470602808865 HTTP/1.1" 404 96928 "-" "meta-externalagent/1.1 (+https://developers.facebook.com/docs/sharing/webmasters/crawler)"
172.71.30.40 - - [30/Jun/2026:19:57:42 +0000] "GET /products/4108088584859 HTTP/1.1" 301 4560 "-" "meta-externalagent/1.1 (+https://developers.facebook.com/docs/sharing/webmasters/crawler)"
104.22.56.166 - - [30/Jun/2026:19:57:57 +0000] "GET /products/4741225919292 HTTP/1.1" 301 4560 "-" "meta-externalagent/1.1 (+https://developers.facebook.com/docs/sharing/webmasters/crawler)"
162.158.108.89 - - [30/Jun/2026:19:58:26 +0000] "POST /wp-cron.php?doing_wp_cron=1782849506.1084229946136474609375 HTTP/1.1" 200 4035 "-" "WordPress/7.0; https://www.simottodesign.com"
104.22.56.166 - - [30/Jun/2026:19:58:25 +0000] "GET /items/R475888491/ HTTP/1.1" 301 4555 "-" "meta-externalagent/1.1 (+https://developers.facebook.com/docs/sharing/webmasters/crawler)"
104.22.1.17 - - [30/Jun/2026:19:58:41 +0000] "GET /items/R471355095/ HTTP/1.1" 301 4555 "-" "meta-externalagent/1.1 (+https://developers.facebook.com/docs/sharing/webmasters/crawler)"
104.22.1.17 - - [30/Jun/2026:19:58:44 +0000] "GET /products/1511509962586 HTTP/1.1" 301 4560 "-" "meta-externalagent/1.1 (+https://developers.facebook.com/docs/sharing/webmasters/crawler)"
162.159.120.161 - - [30/Jun/2026:19:58:50 +0000] "GET /products/194472273890 HTTP/1.1" 404 96922 "-" "Mozilla/5.0 (Linux; Android 6.0.1; Nexus 5X Build/MMB29P) AppleWebKit/537.36 (KHTML, like Gecko) Chrome/149.0.7827.200 Mobile Safari/537.36 (compatible; Googlebot/2.1; +http://www.google.com/bot.html)"
162.159.120.161 - - [30/Jun/2026:19:58:52 +0000] "GET /products/1244262913924 HTTP/1.1" 404 96928 "-" "Mozilla/5.0 (Linux; Android 6.0.1; Nexus 5X Build/MMB29P) AppleWebKit/537.36 (KHTML, like Gecko) Chrome/149.0.7827.200 Mobile Safari/537.36 (compatible; Googlebot/2.1; +http://www.google.com/bot.html)"
172.71.30.41 - - [30/Jun/2026:19:59:08 +0000] "GET /products/2828811765158 HTTP/1.1" 301 4560 "-" "meta-externalagent/1.1 (+https://developers.facebook.com/docs/sharing/webmasters/crawler)"
172.70.208.127 - - [30/Jun/2026:19:59:10 +0000] "POST /wp-cron.php?doing_wp_cron=1782849550.8593890666961669921875 HTTP/1.1" 200 4035 "-" "WordPress/7.0; https://www.simottodesign.com"
104.22.56.166 - - [30/Jun/2026:19:59:10 +0000] "GET /products/269428831484 HTTP/1.1" 301 4559 "-" "meta-externalagent/1.1 (+https://developers.facebook.com/docs/sharing/webmasters/crawler)"
188.114.111.16 - - [30/Jun/2026:19:59:11 +0000] "GET /wp-json/wp/v2/users/me HTTP/1.1" 403 4800 "-" "Mozilla/5.0 (Windows NT 10.0; Win64; x64; rv:133.0) Gecko/20100101 Firefox/133.0"
172.71.30.41 - - [30/Jun/2026:19:59:26 +0000] "GET /items/R475411062/ HTTP/1.1" 301 4555 "-" "meta-externalagent/1.1 (+https://developers.facebook.com/docs/sharing/webmasters/crawler)"
172.69.71.204 - - [30/Jun/2026:19:59:40 +0000] "GET /products/1007420846645 HTTP/1.1" 404 96928 "-" "meta-externalagent/1.1 (+https://developers.facebook.com/docs/sharing/webmasters/crawler)"
172.71.30.41 - - [30/Jun/2026:19:59:42 +0000] "GET /products/328378451227 HTTP/1.1" 301 4559 "-" "meta-externalagent/1.1 (+https://developers.facebook.com/docs/sharing/webmasters/crawler)"
108.162.238.60 - - [30/Jun/2026:19:59:45 +0000] "GET /products/70490381933 HTTP/1.1" 301 4558 "-" "meta-externalagent/1.1 (+https://developers.facebook.com/docs/sharing/webmasters/crawler)"
172.69.176.110 - - [30/Jun/2026:19:59:52 +0000] "GET /wp-login.php HTTP/1.1" 200 6481 "https://simottodesign.com" "Mozilla/5.0 (Windows NT 10.0; Win64; x64) AppleWebKit/537.36 (KHTML, like Gecko) Chrome/70.0.3538.110 Safari/537.36"
104.22.56.207 - - [30/Jun/2026:19:59:52 +0000] "GET /products/2820701726586 HTTP/1.1" 404 97001 "-" "meta-externalagent/1.1 (+https://developers.facebook.com/docs/sharing/webmasters/crawler)"
172.69.176.160 - - [30/Jun/2026:19:59:53 +0000] "POST /wp-login.php HTTP/1.1" 302 5617 "https://simottodesign.com" "Mozilla/5.0 (Windows NT 10.0; Win64; x64) AppleWebKit/537.36 (KHTML, like Gecko) Chrome/70.0.3538.110 Safari/537.36"
172.69.176.160 - - [30/Jun/2026:19:59:54 +0000] "GET /wp-admin/ HTTP/1.1" 200 66243 "https://simottodesign.com" "Mozilla/5.0 (Windows NT 10.0; Win64; x64) AppleWebKit/537.36 (KHTML, like Gecko) Chrome/70.0.3538.110 Safari/537.36"
172.69.176.160 - - [30/Jun/2026:19:59:56 +0000] "GET /wp-admin/ HTTP/1.1" 200 65499 "https://simottodesign.com" "Mozilla/5.0 (Windows NT 10.0; Win64; x64) AppleWebKit/537.36 (KHTML, like Gecko) Chrome/70.0.3538.110 Safari/537.36"
172.69.176.160 - - [30/Jun/2026:19:59:57 +0000] "GET /wp-admin/user-new.php HTTP/1.1" 200 46137 "https://www.simottodesign.com" "Mozilla/5.0 (Windows NT 10.0; Win64; x64) AppleWebKit/537.36 (KHTML, like Gecko) Chrome/70.0.3538.110 Safari/537.36"
172.69.176.126 - - [30/Jun/2026:19:59:58 +0000] "POST /wp-admin/user-new.php HTTP/1.1" 200 46219 "https://www.simottodesign.com" "Mozilla/5.0 (Windows NT 10.0; Win64; x64) AppleWebKit/537.36 (KHTML, like Gecko) Chrome/70.0.3538.110 Safari/537.36"
172.69.176.126 - - [30/Jun/2026:19:59:59 +0000] "GET /wp-admin/plugin-install.php?tab=upload HTTP/1.1" 403 4800 "https://www.simottodesign.com" "Mozilla/5.0 (Windows NT 10.0; Win64; x64) AppleWebKit/537.36 (KHTML, like Gecko) Chrome/70.0.3538.110 Safari/537.36"
172.69.176.126 - - [30/Jun/2026:19:59:59 +0000] "GET /wp-admin/media-new.php HTTP/1.1" 200 46042 "https://www.simottodesign.com" "Mozilla/5.0 (Windows NT 10.0; Win64; x64) AppleWebKit/537.36 (KHTML, like Gecko) Chrome/70.0.3538.110 Safari/537.36"
172.69.176.126 - - [30/Jun/2026:20:00:00 +0000] "POST /wp-admin/async-upload.php HTTP/1.1" 200 4634 "https://www.simottodesign.com" "Mozilla/5.0 (Windows NT 10.0; Win64; x64) AppleWebKit/537.36 (KHTML, like Gecko) Chrome/70.0.3538.110 Safari/537.36"
172.69.176.126 - - [30/Jun/2026:20:00:01 +0000] "GET /wp-content/uploads/2026/07/nyhgctok.php HTTP/1.1" 403 4800 "https://www.simottodesign.com" "Mozilla/5.0 (Windows NT 10.0; Win64; x64) AppleWebKit/537.36 (KHTML, like Gecko) Chrome/70.0.3538.110 Safari/537.36"
172.69.176.126 - - [30/Jun/2026:20:00:01 +0000] "POST /wp-admin/async-upload.php HTTP/1.1" 200 4635 "https://www.simottodesign.com" "Mozilla/5.0 (Windows NT 10.0; Win64; x64) AppleWebKit/537.36 (KHTML, like Gecko) Chrome/70.0.3538.110 Safari/537.36"
172.69.176.126 - - [30/Jun/2026:20:00:02 +0000] "GET /wp-content/uploads/2026/07/nyhgctok.phtml HTTP/1.1" 404 97020 "https://www.simottodesign.com" "Mozilla/5.0 (Windows NT 10.0; Win64; x64) AppleWebKit/537.36 (KHTML, like Gecko) Chrome/70.0.3538.110 Safari/537.36"
162.158.189.203 - - [30/Jun/2026:20:00:25 +0000] "POST /wp-cron.php?doing_wp_cron=1782849625.3703520298004150390625 HTTP/1.1" 200 4035 "-" "WordPress/7.0; https://www.simottodesign.com"
172.71.30.41 - - [30/Jun/2026:20:00:24 +0000] "GET /items/R476722093/ HTTP/1.1" 301 4555 "-" "meta-externalagent/1.1 (+https://developers.facebook.com/docs/sharing/webmasters/crawler)"
104.22.56.166 - - [30/Jun/2026:20:00:25 +0000] "GET /products/4689154836851 HTTP/1.1" 301 4560 "-" "meta-externalagent/1.1 (+https://developers.facebook.com/docs/sharing/webmasters/crawler)"
104.23.245.32 - - [30/Jun/2026:20:00:27 +0000] "GET /products/3198804088732 HTTP/1.1" 404 96928 "-" "meta-externalagent/1.1 (+https://developers.facebook.com/docs/sharing/webmasters/crawler)"
104.22.1.16 - - [30/Jun/2026:20:00:30 +0000] "GET /products/3655690450931 HTTP/1.1" 301 4560 "-" "meta-externalagent/1.1 (+https://developers.facebook.com/docs/sharing/webmasters/crawler)"
104.23.245.186 - - [30/Jun/2026:20:00:47 +0000] "GET /products/5085611054602 HTTP/1.1" 301 4560 "-" "meta-externalagent/1.1 (+https://developers.facebook.com/docs/sharing/webmasters/crawler)"
172.68.23.164 - - [30/Jun/2026:20:00:51 +0000] "HEAD / HTTP/1.1" 301 4006 "http://simottodesign.com/" "Mozilla/5.0 (Linux; Android 14; RMX3842) AppleWebKit/537.36 (KHTML, like Gecko) Chrome/126.0.6478.44 Mobile Safari/537.36"
162.159.120.161 - - [30/Jun/2026:20:00:53 +0000] "HEAD / HTTP/1.1" 200 4158 "https://simottodesign.com/" "Mozilla/5.0 (Linux; Android 14; RMX3842) AppleWebKit/537.36 (KHTML, like Gecko) Chrome/126.0.6478.44 Mobile Safari/537.36"
172.68.23.164 - - [30/Jun/2026:20:00:55 +0000] "HEAD /wordpress/ HTTP/1.1" 301 4128 "http://simottodesign.com/wordpress/" "Mozilla/5.0 (Macintosh; Intel Mac OS X 15_0) AppleWebKit/537.36 (KHTML, like Gecko) Chrome/125.0.6422.141 Safari/537.36"
162.159.120.161 - - [30/Jun/2026:20:00:56 +0000] "HEAD /wordpress/ HTTP/1.1" 404 4116 "https://simottodesign.com/wordpress/" "Mozilla/5.0 (Macintosh; Intel Mac OS X 15_0) AppleWebKit/537.36 (KHTML, like Gecko) Chrome/125.0.6422.141 Safari/537.36"
172.71.30.41 - - [30/Jun/2026:20:00:59 +0000] "GET /items/R473914007/ HTTP/1.1" 301 4555 "-" "meta-externalagent/1.1 (+https://developers.facebook.com/docs/sharing/webmasters/crawler)"
172.68.23.164 - - [30/Jun/2026:20:01:01 +0000] "HEAD /blog/ HTTP/1.1" 301 4123 "http://simottodesign.com/blog/" "Mozilla/5.0 (Linux; Android 14; Samsung SM-A546B) AppleWebKit/537.36 (KHTML, like Gecko) Chrome/126.0.6478.14 Mobile Safari/537.36"
162.159.120.161 - - [30/Jun/2026:20:01:02 +0000] "HEAD /blog/ HTTP/1.1" 404 4116 "https://simottodesign.com/blog/" "Mozilla/5.0 (Linux; Android 14; Samsung SM-A546B) AppleWebKit/537.36 (KHTML, like Gecko) Chrome/126.0.6478.14 Mobile Safari/537.36"
172.68.23.164 - - [30/Jun/2026:20:01:04 +0000] "HEAD /wp/ HTTP/1.1" 301 4121 "http://simottodesign.com/wp/" "Mozilla/5.0 (Linux; Android 13; Nokia G42 5G) AppleWebKit/537.36 (KHTML, like Gecko) Chrome/126.0.6478.41 Mobile Safari/537.36"
162.159.120.161 - - [30/Jun/2026:20:01:04 +0000] "HEAD /wp/ HTTP/1.1" 404 4116 "https://simottodesign.com/wp/" "Mozilla/5.0 (Linux; Android 13; Nokia G42 5G) AppleWebKit/537.36 (KHTML, like Gecko) Chrome/126.0.6478.41 Mobile Safari/537.36"
172.68.23.164 - - [30/Jun/2026:20:01:06 +0000] "HEAD /new/ HTTP/1.1" 301 4122 "http://simottodesign.com/new/" "Mozilla/5.0 (Macintosh; Intel Mac OS X 15_0) AppleWebKit/537.36 (KHTML, like Gecko) Chrome/125.0.6422.141 Safari/537.36"
162.159.120.161 - - [30/Jun/2026:20:01:07 +0000] "HEAD /new/ HTTP/1.1" 404 4116 "https://simottodesign.com/new/" "Mozilla/5.0 (Macintosh; Intel Mac OS X 15_0) AppleWebKit/537.36 (KHTML, like Gecko) Chrome/125.0.6422.141 Safari/537.36"
172.70.208.126 - - [30/Jun/2026:20:01:10 +0000] "POST /wp-cron.php?doing_wp_cron=1782849670.0033040046691894531250 HTTP/1.1" 200 4035 "-" "WordPress/7.0; https://www.simottodesign.com"
172.68.23.164 - - [30/Jun/2026:20:01:09 +0000] "HEAD /backup/ HTTP/1.1" 301 4125 "http://simottodesign.com/backup/" "Mozilla/5.0 (X11; Linux x86_64; rv:127.0) Gecko/20100101 Firefox/127.0"
162.159.120.161 - - [30/Jun/2026:20:01:10 +0000] "HEAD /backup/ HTTP/1.1" 404 4116 "https://simottodesign.com/backup/" "Mozilla/5.0 (X11; Linux x86_64; rv:127.0) Gecko/20100101 Firefox/127.0"
172.68.23.164 - - [30/Jun/2026:20:01:12 +0000] "HEAD /old/ HTTP/1.1" 301 4122 "http://simottodesign.com/old/" "Mozilla/5.0 (X11; Linux x86_64) AppleWebKit/537.36 (KHTML, like Gecko) Chrome/125.0.6422.76 Safari/537.36"
162.159.120.161 - - [30/Jun/2026:20:01:13 +0000] "HEAD /old/ HTTP/1.1" 404 4116 "https://simottodesign.com/old/" "Mozilla/5.0 (X11; Linux x86_64) AppleWebKit/537.36 (KHTML, like Gecko) Chrome/125.0.6422.76 Safari/537.36"
104.22.1.16 - - [30/Jun/2026:20:01:19 +0000] "GET /items/R476496529/ HTTP/1.1" 301 4555 "-" "meta-externalagent/1.1 (+https://developers.facebook.com/docs/sharing/webmasters/crawler)"
104.22.56.207 - - [30/Jun/2026:20:01:19 +0000] "GET /products/5860577342741 HTTP/1.1" 404 96928 "-" "meta-externalagent/1.1 (+https://developers.facebook.com/docs/sharing/webmasters/crawler)"
104.22.56.167 - - [30/Jun/2026:20:01:33 +0000] "GET /items/R475026378/ HTTP/1.1" 301 4555 "-" "meta-externalagent/1.1 (+https://developers.facebook.com/docs/sharing/webmasters/crawler)"
104.23.245.186 - - [30/Jun/2026:20:01:37 +0000] "GET /items/R475074525/ HTTP/1.1" 301 4555 "-" "meta-externalagent/1.1 (+https://developers.facebook.com/docs/sharing/webmasters/crawler)"
172.68.71.113 - - [30/Jun/2026:20:01:39 +0000] "GET /products/1137891238306 HTTP/1.1" 301 4560 "-" "meta-externalagent/1.1 (+https://developers.facebook.com/docs/sharing/webmasters/crawler)"
172.70.208.127 - - [30/Jun/2026:20:02:21 +0000] "POST /wp-cron.php?doing_wp_cron=1782849741.1296670436859130859375 HTTP/1.1" 200 4035 "-" "WordPress/7.0; https://www.simottodesign.com"
172.71.147.93 - - [30/Jun/2026:20:02:20 +0000] "GET /products/1410640517834 HTTP/1.1" 404 96928 "-" "Mozilla/5.0 (Linux; Android 6.0.1; Nexus 5X Build/MMB29P) AppleWebKit/537.36 (KHTML, like Gecko) Chrome/149.0.7827.200 Mobile Safari/537.36 (compatible; Googlebot/2.1; +http://www.google.com/bot.html)"
104.22.56.166 - - [30/Jun/2026:20:02:45 +0000] "GET /items/R474464010/ HTTP/1.1" 301 4555 "-" "meta-externalagent/1.1 (+https://developers.facebook.com/docs/sharing/webmasters/crawler)"
104.22.56.166 - - [30/Jun/2026:20:02:55 +0000] "GET /products/5111736818533 HTTP/1.1" 301 4560 "-" "meta-externalagent/1.1 (+https://developers.facebook.com/docs/sharing/webmasters/crawler)"
104.23.245.186 - - [30/Jun/2026:20:03:00 +0000] "GET /items/R471140643/ HTTP/1.1" 301 4555 "-" "meta-externalagent/1.1 (+https://developers.facebook.com/docs/sharing/webmasters/crawler)"
104.22.1.17 - - [30/Jun/2026:20:03:01 +0000] "GET /items/R476229591/ HTTP/1.1" 301 4555 "-" "meta-externalagent/1.1 (+https://developers.facebook.com/docs/sharing/webmasters/crawler)"
172.70.92.153 - - [30/Jun/2026:20:03:14 +0000] "POST /wp-cron.php?doing_wp_cron=1782849794.1479759216308593750000 HTTP/1.1" 200 4035 "-" "WordPress/7.0; https://www.simottodesign.com"
172.71.22.225 - - [30/Jun/2026:20:03:13 +0000] "GET /items/R475891886/ HTTP/1.1" 301 4555 "-" "meta-externalagent/1.1 (+https://developers.facebook.com/docs/sharing/webmasters/crawler)"
104.22.24.101 - - [30/Jun/2026:20:03:26 +0000] "GET /products/1227405788443 HTTP/1.1" 301 4560 "-" "meta-externalagent/1.1 (+https://developers.facebook.com/docs/sharing/webmasters/crawler)"
104.22.56.166 - - [30/Jun/2026:20:03:28 +0000] "GET /products/5571079632374 HTTP/1.1" 301 4560 "-" "meta-externalagent/1.1 (+https://developers.facebook.com/docs/sharing/webmasters/crawler)"
104.23.245.186 - - [30/Jun/2026:20:03:37 +0000] "GET /items/R476706906/ HTTP/1.1" 301 4555 "-" "meta-externalagent/1.1 (+https://developers.facebook.com/docs/sharing/webmasters/crawler)"
172.71.23.121 - - [30/Jun/2026:20:03:38 +0000] "GET /wp-sitemap.xml HTTP/1.1" 200 4491 "-" "Mozilla/5.0 AppleWebKit/537.36 (KHTML, like Gecko; compatible; GPTBot/1.4; +https://openai.com/gptbot)"
104.22.1.17 - - [30/Jun/2026:20:04:01 +0000] "GET /products/3068452782747 HTTP/1.1" 301 4560 "-" "meta-externalagent/1.1 (+https://developers.facebook.com/docs/sharing/webmasters/crawler)"
104.22.56.166 - - [30/Jun/2026:20:04:03 +0000] "GET /items/R472320239/ HTTP/1.1" 301 4555 "-" "meta-externalagent/1.1 (+https://developers.facebook.com/docs/sharing/webmasters/crawler)"
104.22.1.17 - - [30/Jun/2026:20:04:06 +0000] "GET /products/1714845407317 HTTP/1.1" 301 4560 "-" "meta-externalagent/1.1 (+https://developers.facebook.com/docs/sharing/webmasters/crawler)"
162.158.170.241 - - [30/Jun/2026:20:04:19 +0000] "POST /wp-cron.php?doing_wp_cron=1782849859.0302369594573974609375 HTTP/1.1" 200 4035 "-" "WordPress/7.0; https://www.simottodesign.com"
104.22.56.207 - - [30/Jun/2026:20:04:18 +0000] "GET /products/5528477913044 HTTP/1.1" 404 96928 "-" "meta-externalagent/1.1 (+https://developers.facebook.com/docs/sharing/webmasters/crawler)"
104.23.245.186 - - [30/Jun/2026:20:04:20 +0000] "GET /products/2654643866524 HTTP/1.1" 301 4560 "-" "meta-externalagent/1.1 (+https://developers.facebook.com/docs/sharing/webmasters/crawler)"
172.71.30.135 - - [30/Jun/2026:20:04:33 +0000] "GET /products/4791752252136 HTTP/1.1" 404 96928 "-" "meta-externalagent/1.1 (+https://developers.facebook.com/docs/sharing/webmasters/crawler)"
104.23.245.33 - - [30/Jun/2026:20:04:34 +0000] "GET /items/R475485510/ HTTP/1.1" 404 96923 "-" "meta-externalagent/1.1 (+https://developers.facebook.com/docs/sharing/webmasters/crawler)"
172.69.70.65 - - [30/Jun/2026:20:04:37 +0000] "GET /products/368629857567 HTTP/1.1" 301 4559 "-" "meta-externalagent/1.1 (+https://developers.facebook.com/docs/sharing/webmasters/crawler)"
104.22.24.100 - - [30/Jun/2026:20:04:38 +0000] "GET /products/5158720389033 HTTP/1.1" 301 4560 "-" "meta-externalagent/1.1 (+https://developers.facebook.com/docs/sharing/webmasters/crawler)"
104.22.24.211 - - [30/Jun/2026:20:04:48 +0000] "GET /products/2620497193130 HTTP/1.1" 404 96928 "-" "meta-externalagent/1.1 (+https://developers.facebook.com/docs/sharing/webmasters/crawler)"
172.69.70.65 - - [30/Jun/2026:20:05:02 +0000] "GET /products/2362533117917 HTTP/1.1" 301 4560 "-" "meta-externalagent/1.1 (+https://developers.facebook.com/docs/sharing/webmasters/crawler)"
162.158.108.88 - - [30/Jun/2026:20:05:30 +0000] "POST /wp-cron.php?doing_wp_cron=1782849930.7964320182800292968750 HTTP/1.1" 200 4035 "-" "WordPress/7.0; https://www.simottodesign.com"
172.69.70.65 - - [30/Jun/2026:20:05:30 +0000] "GET /products/3985842136275 HTTP/1.1" 301 4560 "-" "meta-externalagent/1.1 (+https://developers.facebook.com/docs/sharing/webmasters/crawler)"
104.22.24.101 - - [30/Jun/2026:20:05:48 +0000] "GET /items/R476424762/ HTTP/1.1" 301 4555 "-" "meta-externalagent/1.1 (+https://developers.facebook.com/docs/sharing/webmasters/crawler)"
104.22.56.207 - - [30/Jun/2026:20:05:48 +0000] "GET /items/R475445293/ HTTP/1.1" 404 96996 "-" "meta-externalagent/1.1 (+https://developers.facebook.com/docs/sharing/webmasters/crawler)"
104.22.56.166 - - [30/Jun/2026:20:05:49 +0000] "GET /items/R474876210/ HTTP/1.1" 301 4555 "-" "meta-externalagent/1.1 (+https://developers.facebook.com/docs/sharing/webmasters/crawler)"
104.22.1.16 - - [30/Jun/2026:20:05:56 +0000] "GET /products/894771527039 HTTP/1.1" 301 4559 "-" "meta-externalagent/1.1 (+https://developers.facebook.com/docs/sharing/webmasters/crawler)"
104.22.24.101 - - [30/Jun/2026:20:05:58 +0000] "GET /products/3727315629892 HTTP/1.1" 301 4560 "-" "meta-externalagent/1.1 (+https://developers.facebook.com/docs/sharing/webmasters/crawler)"
172.69.165.82 - - [30/Jun/2026:20:06:05 +0000] "POST /wp-cron.php?doing_wp_cron=1782849965.2160830497741699218750 HTTP/1.1" 200 4035 "-" "WordPress/7.0; https://www.simottodesign.com"
104.22.24.101 - - [30/Jun/2026:20:06:04 +0000] "GET /items/R474894455/ HTTP/1.1" 301 4555 "-" "meta-externalagent/1.1 (+https://developers.facebook.com/docs/sharing/webmasters/crawler)"
172.69.176.110 - - [30/Jun/2026:20:06:07 +0000] "GET /wp-login.php HTTP/1.1" 200 6481 "https://simottodesign.com" "Mozilla/5.0 (Windows NT 10.0; Win64; x64) AppleWebKit/537.36 (KHTML, like Gecko) Chrome/70.0.3538.110 Safari/537.36"
172.69.176.127 - - [30/Jun/2026:20:06:08 +0000] "POST /wp-login.php HTTP/1.1" 302 5617 "https://simottodesign.com" "Mozilla/5.0 (Windows NT 10.0; Win64; x64) AppleWebKit/537.36 (KHTML, like Gecko) Chrome/70.0.3538.110 Safari/537.36"
162.158.88.101 - - [30/Jun/2026:20:06:09 +0000] "POST /wp-cron.php?doing_wp_cron=1782849969.7070798873901367187500 HTTP/1.1" 200 4035 "-" "WordPress/7.0; https://www.simottodesign.com"
172.69.176.127 - - [30/Jun/2026:20:06:08 +0000] "GET /wp-admin/ HTTP/1.1" 200 66243 "https://simottodesign.com" "Mozilla/5.0 (Windows NT 10.0; Win64; x64) AppleWebKit/537.36 (KHTML, like Gecko) Chrome/70.0.3538.110 Safari/537.36"
172.69.176.127 - - [30/Jun/2026:20:06:10 +0000] "GET /wp-admin/ HTTP/1.1" 200 65500 "https://simottodesign.com" "Mozilla/5.0 (Windows NT 10.0; Win64; x64) AppleWebKit/537.36 (KHTML, like Gecko) Chrome/70.0.3538.110 Safari/537.36"
104.22.56.166 - - [30/Jun/2026:20:06:11 +0000] "GET /items/R473454827/ HTTP/1.1" 301 4555 "-" "meta-externalagent/1.1 (+https://developers.facebook.com/docs/sharing/webmasters/crawler)"
172.69.176.127 - - [30/Jun/2026:20:06:11 +0000] "GET /wp-admin/user-new.php HTTP/1.1" 200 46140 "https://www.simottodesign.com" "Mozilla/5.0 (Windows NT 10.0; Win64; x64) AppleWebKit/537.36 (KHTML, like Gecko) Chrome/70.0.3538.110 Safari/537.36"
172.69.176.127 - - [30/Jun/2026:20:06:12 +0000] "POST /wp-admin/user-new.php HTTP/1.1" 200 46221 "https://www.simottodesign.com" "Mozilla/5.0 (Windows NT 10.0; Win64; x64) AppleWebKit/537.36 (KHTML, like Gecko) Chrome/70.0.3538.110 Safari/537.36"
172.69.176.127 - - [30/Jun/2026:20:06:13 +0000] "GET /wp-admin/plugin-install.php?tab=upload HTTP/1.1" 403 4800 "https://www.simottodesign.com" "Mozilla/5.0 (Windows NT 10.0; Win64; x64) AppleWebKit/537.36 (KHTML, like Gecko) Chrome/70.0.3538.110 Safari/537.36"
162.158.42.195 - - [30/Jun/2026:20:06:13 +0000] "GET /products/5630619990034 HTTP/1.1" 404 96928 "-" "Mozilla/5.0 AppleWebKit/537.36 (KHTML, like Gecko; compatible; bingbot/2.0; +http://www.bing.com/bingbot.htm) Chrome/116.0.1938.76 Safari/537.36"
172.69.176.127 - - [30/Jun/2026:20:06:13 +0000] "GET /wp-admin/media-new.php HTTP/1.1" 200 46044 "https://www.simottodesign.com" "Mozilla/5.0 (Windows NT 10.0; Win64; x64) AppleWebKit/537.36 (KHTML, like Gecko) Chrome/70.0.3538.110 Safari/537.36"
172.69.176.127 - - [30/Jun/2026:20:06:14 +0000] "POST /wp-admin/async-upload.php HTTP/1.1" 200 4635 "https://www.simottodesign.com" "Mozilla/5.0 (Windows NT 10.0; Win64; x64) AppleWebKit/537.36 (KHTML, like Gecko) Chrome/70.0.3538.110 Safari/537.36"
172.69.176.127 - - [30/Jun/2026:20:06:15 +0000] "GET /wp-content/uploads/2026/07/ekctwfyl.php HTTP/1.1" 403 4800 "https://www.simottodesign.com" "Mozilla/5.0 (Windows NT 10.0; Win64; x64) AppleWebKit/537.36 (KHTML, like Gecko) Chrome/70.0.3538.110 Safari/537.36"
172.69.176.127 - - [30/Jun/2026:20:06:15 +0000] "POST /wp-admin/async-upload.php HTTP/1.1" 200 4636 "https://www.simottodesign.com" "Mozilla/5.0 (Windows NT 10.0; Win64; x64) AppleWebKit/537.36 (KHTML, like Gecko) Chrome/70.0.3538.110 Safari/537.36"
172.69.176.127 - - [30/Jun/2026:20:06:16 +0000] "GET /wp-content/uploads/2026/07/ekctwfyl.phtml HTTP/1.1" 404 96947 "https://www.simottodesign.com" "Mozilla/5.0 (Windows NT 10.0; Win64; x64) AppleWebKit/537.36 (KHTML, like Gecko) Chrome/70.0.3538.110 Safari/537.36"
104.22.56.166 - - [30/Jun/2026:20:06:19 +0000] "GET /products/4967981039631 HTTP/1.1" 301 4560 "-" "meta-externalagent/1.1 (+https://developers.facebook.com/docs/sharing/webmasters/crawler)"
172.69.70.65 - - [30/Jun/2026:20:06:28 +0000] "GET /products/3942915215416 HTTP/1.1" 301 4560 "-" "meta-externalagent/1.1 (+https://developers.facebook.com/docs/sharing/webmasters/crawler)"
104.22.56.207 - - [30/Jun/2026:20:06:31 +0000] "GET /items/R476895397/ HTTP/1.1" 404 96923 "-" "meta-externalagent/1.1 (+https://developers.facebook.com/docs/sharing/webmasters/crawler)"
104.22.24.101 - - [30/Jun/2026:20:06:32 +0000] "GET /products/2116505118902 HTTP/1.1" 301 4560 "-" "meta-externalagent/1.1 (+https://developers.facebook.com/docs/sharing/webmasters/crawler)"
172.71.30.135 - - [30/Jun/2026:20:06:33 +0000] "GET /products/4505720500116 HTTP/1.1" 404 96928 "-" "meta-externalagent/1.1 (+https://developers.facebook.com/docs/sharing/webmasters/crawler)"
104.22.56.166 - - [30/Jun/2026:20:06:34 +0000] "GET /products/1290856898711 HTTP/1.1" 301 4560 "-" "meta-externalagent/1.1 (+https://developers.facebook.com/docs/sharing/webmasters/crawler)"
172.71.30.41 - - [30/Jun/2026:20:06:37 +0000] "GET /products/4183938630823 HTTP/1.1" 301 4560 "-" "meta-externalagent/1.1 (+https://developers.facebook.com/docs/sharing/webmasters/crawler)"
104.22.66.98 - - [30/Jun/2026:20:06:42 +0000] "POST /wp-cron.php?doing_wp_cron=1782850002.6117269992828369140625 HTTP/1.1" 200 4035 "-" "WordPress/7.0; https://www.simottodesign.com"
162.159.120.160 - - [30/Jun/2026:20:06:41 +0000] "GET /products/5626307137849 HTTP/1.1" 404 96928 "-" "Mozilla/5.0 (Linux; Android 6.0.1; Nexus 5X Build/MMB29P) AppleWebKit/537.36 (KHTML, like Gecko) Chrome/149.0.7827.200 Mobile Safari/537.36 (compatible; Googlebot/2.1; +http://www.google.com/bot.html)"
104.23.245.33 - - [30/Jun/2026:20:06:41 +0000] "GET /products/3942147307891 HTTP/1.1" 404 97001 "-" "meta-externalagent/1.1 (+https://developers.facebook.com/docs/sharing/webmasters/crawler)"
104.22.24.101 - - [30/Jun/2026:20:06:53 +0000] "GET /products/62133576792 HTTP/1.1" 301 4558 "-" "meta-externalagent/1.1 (+https://developers.facebook.com/docs/sharing/webmasters/crawler)"
104.23.245.186 - - [30/Jun/2026:20:07:00 +0000] "GET /items/R472509862/ HTTP/1.1" 301 4555 "-" "meta-externalagent/1.1 (+https://developers.facebook.com/docs/sharing/webmasters/crawler)"
13.228.140.148 - - [30/Jun/2026:20:07:02 +0000] "GET / HTTP/1.1" 301 4407 "https://simottodesign.com/" "Mozilla/5.0 (Windows NT 10.0; Win64; x64) AppleWebKit/537.36 (KHTML, like Gecko) Chrome/124.0.0.0 Safari/537.36"
13.228.140.148 - - [30/Jun/2026:20:07:03 +0000] "GET / HTTP/1.1" 200 27173 "https://www.simottodesign.com/" "Mozilla/5.0 (Macintosh; Intel Mac OS X 14_4) AppleWebKit/605.1.15 (KHTML, like Gecko) Version/17.4 Safari/605.1.15"
104.22.24.101 - - [30/Jun/2026:20:07:05 +0000] "GET /products/5105745835928 HTTP/1.1" 301 4560 "-" "meta-externalagent/1.1 (+https://developers.facebook.com/docs/sharing/webmasters/crawler)"
162.158.107.13 - - [30/Jun/2026:20:07:15 +0000] "POST /wp-cron.php?doing_wp_cron=1782850035.5677189826965332031250 HTTP/1.1" 200 4035 "-" "WordPress/7.0; https://www.simottodesign.com"
104.22.56.166 - - [30/Jun/2026:20:07:15 +0000] "GET /products/4538878002963 HTTP/1.1" 301 4560 "-" "meta-externalagent/1.1 (+https://developers.facebook.com/docs/sharing/webmasters/crawler)"
172.71.30.41 - - [30/Jun/2026:20:07:24 +0000] "GET /items/R475663363/ HTTP/1.1" 301 4555 "-" "meta-externalagent/1.1 (+https://developers.facebook.com/docs/sharing/webmasters/crawler)"
104.22.56.207 - - [30/Jun/2026:20:07:24 +0000] "GET /products/2663211864376 HTTP/1.1" 404 96928 "-" "meta-externalagent/1.1 (+https://developers.facebook.com/docs/sharing/webmasters/crawler)"
108.162.238.59 - - [30/Jun/2026:20:07:29 +0000] "GET /products/3344520587585 HTTP/1.1" 301 4560 "-" "meta-externalagent/1.1 (+https://developers.facebook.com/docs/sharing/webmasters/crawler)"
104.22.24.101 - - [30/Jun/2026:20:07:39 +0000] "GET /products/460745102321 HTTP/1.1" 301 4559 "-" "meta-externalagent/1.1 (+https://developers.facebook.com/docs/sharing/webmasters/crawler)"
104.22.56.166 - - [30/Jun/2026:20:07:41 +0000] "GET /products/1414818840596 HTTP/1.1" 301 4560 "-" "meta-externalagent/1.1 (+https://developers.facebook.com/docs/sharing/webmasters/crawler)"
172.69.71.203 - - [30/Jun/2026:20:08:04 +0000] "GET /products/513108643625 HTTP/1.1" 404 96995 "-" "meta-externalagent/1.1 (+https://developers.facebook.com/docs/sharing/webmasters/crawler)"
104.22.24.101 - - [30/Jun/2026:20:08:04 +0000] "GET /products/4725138781275 HTTP/1.1" 301 4560 "-" "meta-externalagent/1.1 (+https://developers.facebook.com/docs/sharing/webmasters/crawler)"
172.68.164.127 - - [30/Jun/2026:20:08:31 +0000] "POST /wp-cron.php?doing_wp_cron=1782850111.6753790378570556640625 HTTP/1.1" 200 4035 "-" "WordPress/7.0; https://www.simottodesign.com"
104.22.24.101 - - [30/Jun/2026:20:08:31 +0000] "GET /items/R475927151/ HTTP/1.1" 301 4555 "-" "meta-externalagent/1.1 (+https://developers.facebook.com/docs/sharing/webmasters/crawler)"
104.22.24.101 - - [30/Jun/2026:20:08:41 +0000] "GET /items/R475619334/ HTTP/1.1" 301 4555 "-" "meta-externalagent/1.1 (+https://developers.facebook.com/docs/sharing/webmasters/crawler)"
104.23.245.187 - - [30/Jun/2026:20:08:55 +0000] "GET /items/R472748258/ HTTP/1.1" 301 4555 "-" "meta-externalagent/1.1 (+https://developers.facebook.com/docs/sharing/webmasters/crawler)"
104.23.245.187 - - [30/Jun/2026:20:08:58 +0000] "GET /products/4471280587738 HTTP/1.1" 301 4560 "-" "meta-externalagent/1.1 (+https://developers.facebook.com/docs/sharing/webmasters/crawler)"
104.22.1.16 - - [30/Jun/2026:20:09:06 +0000] "GET /products/1173853210639 HTTP/1.1" 301 4560 "-" "meta-externalagent/1.1 (+https://developers.facebook.com/docs/sharing/webmasters/crawler)"
172.68.164.127 - - [30/Jun/2026:20:09:25 +0000] "POST /wp-cron.php?doing_wp_cron=1782850165.2289009094238281250000 HTTP/1.1" 200 4035 "-" "WordPress/7.0; https://www.simottodesign.com"
104.23.245.32 - - [30/Jun/2026:20:09:24 +0000] "GET /products/4824860260610 HTTP/1.1" 404 96928 "-" "meta-externalagent/1.1 (+https://developers.facebook.com/docs/sharing/webmasters/crawler)"
172.71.22.225 - - [30/Jun/2026:20:09:47 +0000] "GET /items/R472056417/ HTTP/1.1" 301 4555 "-" "meta-externalagent/1.1 (+https://developers.facebook.com/docs/sharing/webmasters/crawler)"
104.22.24.211 - - [30/Jun/2026:20:09:56 +0000] "GET /items/R474232042/ HTTP/1.1" 404 96923 "-" "meta-externalagent/1.1 (+https://developers.facebook.com/docs/sharing/webmasters/crawler)"
104.23.245.32 - - [30/Jun/2026:20:10:00 +0000] "GET /products/4915368448854 HTTP/1.1" 404 96928 "-" "meta-externalagent/1.1 (+https://developers.facebook.com/docs/sharing/webmasters/crawler)"
104.23.197.87 - - [30/Jun/2026:20:10:07 +0000] "GET /wp-sitemap.xml HTTP/1.1" 200 4491 "-" "Mozilla/5.0 AppleWebKit/537.36 (KHTML, like Gecko; compatible; ClaudeBot/1.0; [email protected])"
104.23.245.187 - - [30/Jun/2026:20:10:08 +0000] "GET /products/3302834330294 HTTP/1.1" 301 4560 "-" "meta-externalagent/1.1 (+https://developers.facebook.com/docs/sharing/webmasters/crawler)"
162.158.88.100 - - [30/Jun/2026:20:10:17 +0000] "POST /wp-cron.php?doing_wp_cron=1782850217.5983259677886962890625 HTTP/1.1" 200 4035 "-" "WordPress/7.0; https://www.simottodesign.com"
108.162.238.59 - - [30/Jun/2026:20:10:17 +0000] "GET /items/R474704933/ HTTP/1.1" 301 4555 "-" "meta-externalagent/1.1 (+https://developers.facebook.com/docs/sharing/webmasters/crawler)"
104.22.104.246 - - [30/Jun/2026:20:10:18 +0000] "GET /items/E901885412/ HTTP/1.1" 404 96923 "-" "Mozilla/5.0 AppleWebKit/537.36 (KHTML, like Gecko; compatible; bingbot/2.0; +http://www.bing.com/bingbot.htm) Chrome/116.0.1938.76 Safari/537.36"
108.162.238.59 - - [30/Jun/2026:20:10:22 +0000] "GET /products/993799206157 HTTP/1.1" 301 4559 "-" "meta-externalagent/1.1 (+https://developers.facebook.com/docs/sharing/webmasters/crawler)"
162.158.88.116 - - [30/Jun/2026:20:10:28 +0000] "GET //wp-content/plugins/fix/up.php HTTP/1.1" 301 4567 "-" "Mozilla/5.0 (Windows NT 10.0; Win64; x64) AppleWebKit/537.36 (KHTML, like Gecko) Chrome/85.0.4183.102 Safari/537.36"
104.22.66.98 - - [30/Jun/2026:20:10:29 +0000] "GET /wp-content/plugins/fix/up.php HTTP/1.1" 404 96930 "-" "Mozilla/5.0 (Windows NT 10.0; Win64; x64) AppleWebKit/537.36 (KHTML, like Gecko) Chrome/85.0.4183.102 Safari/537.36"
104.22.56.167 - - [30/Jun/2026:20:10:30 +0000] "GET /items/R474128129/ HTTP/1.1" 301 4555 "-" "meta-externalagent/1.1 (+https://developers.facebook.com/docs/sharing/webmasters/crawler)"
172.69.70.64 - - [30/Jun/2026:20:10:33 +0000] "GET /products/987498003261 HTTP/1.1" 301 4559 "-" "meta-externalagent/1.1 (+https://developers.facebook.com/docs/sharing/webmasters/crawler)"
104.22.1.16 - - [30/Jun/2026:20:10:35 +0000] "GET /products/629918265009 HTTP/1.1" 301 4559 "-" "meta-externalagent/1.1 (+https://developers.facebook.com/docs/sharing/webmasters/crawler)"
104.22.24.100 - - [30/Jun/2026:20:10:40 +0000] "GET /products/3491701799472 HTTP/1.1" 301 4560 "-" "meta-externalagent/1.1 (+https://developers.facebook.com/docs/sharing/webmasters/crawler)"
104.23.245.187 - - [30/Jun/2026:20:10:41 +0000] "GET /products/5132646592954 HTTP/1.1" 301 4560 "-" "meta-externalagent/1.1 (+https://developers.facebook.com/docs/sharing/webmasters/crawler)"
