104.22.56.167 - - [30/Jun/2026:13:12:50 +0000] "GET /products/3776693887059 HTTP/1.1" 301 4159 "-" "meta-externalagent/1.1 (+https://developers.facebook.com/docs/sharing/webmasters/crawler)"
172.71.238.51 - - [30/Jun/2026:13:12:51 +0000] "POST /xmlrpc.php HTTP/1.1" 200 4217 "-" "Jetpack/12.0; WordPress/6.4; http://site49893436.com"
108.162.238.60 - - [30/Jun/2026:13:12:56 +0000] "GET /products/5094698152060 HTTP/1.1" 301 4159 "-" "meta-externalagent/1.1 (+https://developers.facebook.com/docs/sharing/webmasters/crawler)"
162.158.42.195 - - [30/Jun/2026:13:12:56 +0000] "GET /ctg/search/similarImageSearchResultView/?ctgItemCd=05974402 HTTP/1.1" 404 99789 "-" "Mozilla/5.0 (Linux; Android 6.0.1; Nexus 5X Build/MMB29P) AppleWebKit/537.36 (KHTML, like Gecko) Chrome/148.0.7778.96 Mobile Safari/537.36 (compatible; Googlebot/2.1; +http://www.google.com/bot.html)"
172.71.238.51 - - [30/Jun/2026:13:13:01 +0000] "POST /xmlrpc.php HTTP/1.1" 403 4800 "-" "Jetpack by WordPress.com"
104.22.56.167 - - [30/Jun/2026:13:13:03 +0000] "GET /products/4848495070694 HTTP/1.1" 301 4159 "-" "meta-externalagent/1.1 (+https://developers.facebook.com/docs/sharing/webmasters/crawler)"
108.162.238.60 - - [30/Jun/2026:13:13:05 +0000] "GET /products/1558847442688 HTTP/1.1" 301 4159 "-" "meta-externalagent/1.1 (+https://developers.facebook.com/docs/sharing/webmasters/crawler)"
172.71.124.200 - - [30/Jun/2026:13:13:13 +0000] "POST /wp-cron.php?doing_wp_cron=1782825193.5962409973144531250000 HTTP/1.1" 200 4035 "-" "WordPress/7.0; https://www.simottodesign.com"
172.71.238.51 - - [30/Jun/2026:13:13:13 +0000] "POST /xmlrpc.php HTTP/1.1" 200 4217 "-" "Jetpack/12.1; WordPress/6.2; http://site85996639.com"
172.71.22.224 - - [30/Jun/2026:13:13:16 +0000] "GET /products/3420848721265 HTTP/1.1" 301 4159 "-" "meta-externalagent/1.1 (+https://developers.facebook.com/docs/sharing/webmasters/crawler)"
172.71.238.51 - - [30/Jun/2026:13:13:23 +0000] "POST /xmlrpc.php HTTP/1.1" 403 4800 "-" "WordPress.com; https://wordpress.com"
172.71.238.51 - - [30/Jun/2026:13:13:33 +0000] "POST /xmlrpc.php HTTP/1.1" 200 4217 "-" "Jetpack/13.0; WordPress/6.1; http://site10195657.com"
104.22.1.200 - - [30/Jun/2026:13:13:34 +0000] "GET /products/2375565731367 HTTP/1.1" 404 99757 "-" "meta-externalagent/1.1 (+https://developers.facebook.com/docs/sharing/webmasters/crawler)"
104.23.245.187 - - [30/Jun/2026:13:13:42 +0000] "GET /products/174185436167 HTTP/1.1" 301 4158 "-" "meta-externalagent/1.1 (+https://developers.facebook.com/docs/sharing/webmasters/crawler)"
172.71.238.51 - - [30/Jun/2026:13:13:44 +0000] "POST /xmlrpc.php HTTP/1.1" 403 4800 "-" "WordPress.com; https://wordpress.com"
104.23.245.187 - - [30/Jun/2026:13:13:44 +0000] "GET /products/1234368697607 HTTP/1.1" 301 4159 "-" "meta-externalagent/1.1 (+https://developers.facebook.com/docs/sharing/webmasters/crawler)"
172.71.23.121 - - [30/Jun/2026:13:13:47 +0000] "GET /products/1617241021469 HTTP/1.1" 404 99757 "-" "meta-externalagent/1.1 (+https://developers.facebook.com/docs/sharing/webmasters/crawler)"
172.71.23.121 - - [30/Jun/2026:13:13:51 +0000] "GET /products/5005110160525 HTTP/1.1" 404 99757 "-" "meta-externalagent/1.1 (+https://developers.facebook.com/docs/sharing/webmasters/crawler)"
172.71.238.51 - - [30/Jun/2026:13:13:54 +0000] "POST /xmlrpc.php HTTP/1.1" 200 4217 "-" "Jetpack/12.5; WordPress/6.4; http://site64778614.com"
162.159.120.160 - - [30/Jun/2026:13:13:58 +0000] "GET /products/3303747496102 HTTP/1.1" 404 99830 "-" "Mozilla/5.0 (Linux; Android 6.0.1; Nexus 5X Build/MMB29P) AppleWebKit/537.36 (KHTML, like Gecko) Chrome/148.0.7778.96 Mobile Safari/537.36 (compatible; Googlebot/2.1; +http://www.google.com/bot.html)"
172.71.30.40 - - [30/Jun/2026:13:13:58 +0000] "GET /items/R475862553/ HTTP/1.1" 301 4154 "-" "meta-externalagent/1.1 (+https://developers.facebook.com/docs/sharing/webmasters/crawler)"
172.71.238.51 - - [30/Jun/2026:13:14:05 +0000] "POST /xmlrpc.php HTTP/1.1" 403 4800 "-" "Jetpack by WordPress.com"
104.22.1.17 - - [30/Jun/2026:13:14:05 +0000] "GET /items/R474611598/ HTTP/1.1" 301 4154 "-" "meta-externalagent/1.1 (+https://developers.facebook.com/docs/sharing/webmasters/crawler)"
172.70.208.127 - - [30/Jun/2026:13:14:12 +0000] "POST /wp-cron.php?doing_wp_cron=1782825252.7532749176025390625000 HTTP/1.1" 200 4035 "-" "WordPress/7.0; https://www.simottodesign.com"
172.71.30.40 - - [30/Jun/2026:13:14:12 +0000] "GET /items/R472174497/ HTTP/1.1" 301 4154 "-" "meta-externalagent/1.1 (+https://developers.facebook.com/docs/sharing/webmasters/crawler)"
172.71.238.51 - - [30/Jun/2026:13:14:15 +0000] "POST /xmlrpc.php HTTP/1.1" 200 4217 "-" "Jetpack by WordPress.com (Jetpack 12.0; WordPress 6.2)"
172.71.238.51 - - [30/Jun/2026:13:14:26 +0000] "POST /xmlrpc.php HTTP/1.1" 200 4217 "-" "Jetpack by WordPress.com (Jetpack 13.0; WordPress 6.4)"
172.69.224.157 - - [30/Jun/2026:13:14:33 +0000] "GET / HTTP/1.1" 200 29817 "-" "Mozilla/5.0 (compatible; AhrefsBot/7.0; +http://ahrefs.com/robot/)"
172.71.238.51 - - [30/Jun/2026:13:14:36 +0000] "POST /xmlrpc.php HTTP/1.1" 200 4217 "-" "Jetpack/13.0; WordPress/6.3; http://site59121746.com"
172.71.238.51 - - [30/Jun/2026:13:14:47 +0000] "POST /xmlrpc.php HTTP/1.1" 200 4217 "-" "Jetpack/12.5; WordPress/6.2; http://site84037125.com"
172.71.215.182 - - [30/Jun/2026:13:14:57 +0000] "GET /wp-content/uploads/2021/07/deerhill-bay-simotto-design-interior-1.jpeg HTTP/1.1" 200 4047 "-" "Mozilla/5.0 (compatible; relaion5b-source/0.1)"
172.71.238.51 - - [30/Jun/2026:13:14:57 +0000] "POST /xmlrpc.php HTTP/1.1" 200 4217 "-" "Jetpack/13.0; WordPress/6.3; http://site31986143.com"
172.71.215.182 - - [30/Jun/2026:13:14:57 +0000] "GET /wp-content/uploads/2021/07/deerhill-bay-simotto-design-interior-1.jpeg HTTP/2.0" 304 0 "-" "Mozilla/5.0 (compatible; relaion5b-source/0.1)"
104.22.24.101 - - [30/Jun/2026:13:15:02 +0000] "GET /products/861533647880 HTTP/1.1" 301 4158 "-" "meta-externalagent/1.1 (+https://developers.facebook.com/docs/sharing/webmasters/crawler)"
172.71.238.51 - - [30/Jun/2026:13:15:08 +0000] "POST /xmlrpc.php HTTP/1.1" 200 4217 "-" "Jetpack by WordPress.com (Jetpack 12.1; WordPress 6.2)"
172.71.238.51 - - [30/Jun/2026:13:15:18 +0000] "POST /xmlrpc.php HTTP/1.1" 403 4800 "-" "Jetpack by WordPress.com"
172.71.238.51 - - [30/Jun/2026:13:15:29 +0000] "POST /xmlrpc.php HTTP/1.1" 403 4800 "-" "Jetpack by WordPress.com"
172.70.208.126 - - [30/Jun/2026:13:15:36 +0000] "POST /wp-cron.php?doing_wp_cron=1782825336.1510109901428222656250 HTTP/1.1" 200 4035 "-" "WordPress/7.0; https://www.simottodesign.com"
104.23.245.32 - - [30/Jun/2026:13:15:35 +0000] "GET /products/144122023353 HTTP/1.1" 404 99756 "-" "meta-externalagent/1.1 (+https://developers.facebook.com/docs/sharing/webmasters/crawler)"
172.71.238.51 - - [30/Jun/2026:13:15:39 +0000] "POST /xmlrpc.php HTTP/1.1" 200 4217 "-" "Jetpack by WordPress.com (Jetpack 13.0; WordPress 6.3)"
104.22.24.101 - - [30/Jun/2026:13:15:48 +0000] "GET /products/2020763208160 HTTP/1.1" 301 4159 "-" "meta-externalagent/1.1 (+https://developers.facebook.com/docs/sharing/webmasters/crawler)"
172.71.238.51 - - [30/Jun/2026:13:15:50 +0000] "POST /xmlrpc.php HTTP/1.1" 403 4800 "-" "Jetpack by WordPress.com"
162.159.120.161 - - [30/Jun/2026:13:15:59 +0000] "GET /products/539655989651 HTTP/1.1" 404 99756 "-" "Mozilla/5.0 (Linux; Android 6.0.1; Nexus 5X Build/MMB29P) AppleWebKit/537.36 (KHTML, like Gecko) Chrome/148.0.7778.96 Mobile Safari/537.36 (compatible; Googlebot/2.1; +http://www.google.com/bot.html)"
172.71.238.51 - - [30/Jun/2026:13:16:00 +0000] "POST /xmlrpc.php HTTP/1.1" 200 4217 "-" "Jetpack/12.1; WordPress/6.3; http://site50409384.com"
172.70.208.126 - - [30/Jun/2026:13:16:12 +0000] "POST /wp-cron.php?doing_wp_cron=1782825371.9597349166870117187500 HTTP/1.1" 200 4035 "-" "WordPress/7.0; https://www.simottodesign.com"
172.71.238.51 - - [30/Jun/2026:13:16:11 +0000] "POST /xmlrpc.php HTTP/1.1" 200 4217 "-" "Jetpack by WordPress.com (Jetpack 12.0; WordPress 6.1)"
172.70.207.203 - - [30/Jun/2026:13:16:14 +0000] "GET /wp-login.php HTTP/1.1" 200 6261 "-" "Mozilla/5.0 (Windows NT 10.0; Win64; x64) AppleWebKit/537.36 Chrome/129.0.0.0 Safari/537.36"
172.71.238.51 - - [30/Jun/2026:13:16:21 +0000] "POST /xmlrpc.php HTTP/1.1" 403 4800 "-" "WordPress.com; https://wordpress.com"
172.70.207.136 - - [30/Jun/2026:13:16:21 +0000] "GET /?author=1 HTTP/1.1" 301 4038 "-" "Mozilla/5.0 (Windows NT 10.0; Win64; x64) AppleWebKit/537.36 Chrome/129.0.0.0 Safari/537.36"
172.70.207.203 - - [30/Jun/2026:13:16:22 +0000] "GET /?rest_route=/wp/v2/users HTTP/1.1" 200 5655 "-" "Mozilla/5.0 (Macintosh; Intel Mac OS X 10_15_7) AppleWebKit/605.1.15 Version/17.0 Safari/605.1.15"
104.22.56.206 - - [30/Jun/2026:13:16:30 +0000] "GET /products/2099867934877 HTTP/1.1" 404 99757 "-" "meta-externalagent/1.1 (+https://developers.facebook.com/docs/sharing/webmasters/crawler)"
172.71.238.51 - - [30/Jun/2026:13:16:32 +0000] "POST /xmlrpc.php HTTP/1.1" 403 4800 "-" "Jetpack by WordPress.com"
108.162.238.60 - - [30/Jun/2026:13:16:32 +0000] "GET /products/2742254275115 HTTP/1.1" 301 4159 "-" "meta-externalagent/1.1 (+https://developers.facebook.com/docs/sharing/webmasters/crawler)"
172.71.30.40 - - [30/Jun/2026:13:16:42 +0000] "GET /products/605021948409 HTTP/1.1" 301 4158 "-" "meta-externalagent/1.1 (+https://developers.facebook.com/docs/sharing/webmasters/crawler)"
172.71.238.51 - - [30/Jun/2026:13:16:43 +0000] "POST /xmlrpc.php HTTP/1.1" 200 4217 "-" "Jetpack by WordPress.com (Jetpack 12.0; WordPress 6.4)"
104.22.1.16 - - [30/Jun/2026:13:16:47 +0000] "GET /items/R476227861/ HTTP/1.1" 301 4154 "-" "meta-externalagent/1.1 (+https://developers.facebook.com/docs/sharing/webmasters/crawler)"
104.22.1.17 - - [30/Jun/2026:13:16:49 +0000] "GET /items/R473191617/ HTTP/1.1" 301 4154 "-" "meta-externalagent/1.1 (+https://developers.facebook.com/docs/sharing/webmasters/crawler)"
172.70.92.153 - - [30/Jun/2026:13:16:50 +0000] "GET /items/R475428026/ HTTP/1.1" 404 99752 "https://www.simottodesign.com/sitemap-hot-4965491.xml" "Mozilla/5.0 (Linux; Android 7.0;) AppleWebKit/537.36 (HTML, like Gecko) Mobile Safari/537.36 (compatible; PetalBot;+https://webmaster.petalsearch.com/site/petalbot)"
172.71.238.51 - - [30/Jun/2026:13:16:53 +0000] "POST /xmlrpc.php HTTP/1.1" 200 4217 "-" "Jetpack/12.0; WordPress/6.2; http://site79590173.com"
172.71.238.51 - - [30/Jun/2026:13:17:04 +0000] "POST /xmlrpc.php HTTP/1.1" 200 4217 "-" "Jetpack by WordPress.com (Jetpack 12.1; WordPress 6.1)"
104.22.24.100 - - [30/Jun/2026:13:17:04 +0000] "GET /products/4559642096545 HTTP/1.1" 301 4159 "-" "meta-externalagent/1.1 (+https://developers.facebook.com/docs/sharing/webmasters/crawler)"
172.71.238.51 - - [30/Jun/2026:13:17:14 +0000] "POST /xmlrpc.php HTTP/1.1" 403 4800 "-" "Jetpack by WordPress.com"
172.71.124.201 - - [30/Jun/2026:13:17:26 +0000] "POST /wp-cron.php?doing_wp_cron=1782825445.9195060729980468750000 HTTP/1.1" 200 4035 "-" "WordPress/7.0; https://www.simottodesign.com"
172.71.238.51 - - [30/Jun/2026:13:17:25 +0000] "POST /xmlrpc.php HTTP/1.1" 200 4217 "-" "Jetpack/12.1; WordPress/6.1; http://site11673435.com"
104.22.56.206 - - [30/Jun/2026:13:17:30 +0000] "GET /products/4616581225961 HTTP/1.1" 404 99757 "-" "meta-externalagent/1.1 (+https://developers.facebook.com/docs/sharing/webmasters/crawler)"
172.71.238.51 - - [30/Jun/2026:13:17:35 +0000] "POST /xmlrpc.php HTTP/1.1" 403 4800 "-" "Jetpack by WordPress.com"
104.22.24.100 - - [30/Jun/2026:13:17:37 +0000] "GET /products/2600087353872 HTTP/1.1" 301 4159 "-" "meta-externalagent/1.1 (+https://developers.facebook.com/docs/sharing/webmasters/crawler)"
172.71.22.138 - - [30/Jun/2026:13:17:42 +0000] "GET /items/R471504896/ HTTP/1.1" 301 4154 "-" "meta-externalagent/1.1 (+https://developers.facebook.com/docs/sharing/webmasters/crawler)"
172.71.238.51 - - [30/Jun/2026:13:17:46 +0000] "POST /xmlrpc.php HTTP/1.1" 403 4800 "-" "Jetpack by WordPress.com"
172.71.238.51 - - [30/Jun/2026:13:17:56 +0000] "POST /xmlrpc.php HTTP/1.1" 200 4217 "-" "Jetpack/13.0; WordPress/6.4; http://site21420194.com"
162.158.42.195 - - [30/Jun/2026:13:18:01 +0000] "GET /products/2171669457707 HTTP/1.1" 404 99757 "-" "Mozilla/5.0 (Linux; Android 6.0.1; Nexus 5X Build/MMB29P) AppleWebKit/537.36 (KHTML, like Gecko) Chrome/148.0.7778.96 Mobile Safari/537.36 (compatible; Googlebot/2.1; +http://www.google.com/bot.html)"
172.71.238.51 - - [30/Jun/2026:13:18:07 +0000] "POST /xmlrpc.php HTTP/1.1" 403 4800 "-" "Jetpack by WordPress.com"
172.71.214.9 - - [30/Jun/2026:13:18:13 +0000] "POST /wp-cron.php?doing_wp_cron=1782825493.6190290451049804687500 HTTP/1.1" 200 4035 "-" "WordPress/7.0; https://www.simottodesign.com"
172.68.71.114 - - [30/Jun/2026:13:18:13 +0000] "GET /items/R475906488/ HTTP/1.1" 301 4154 "-" "meta-externalagent/1.1 (+https://developers.facebook.com/docs/sharing/webmasters/crawler)"
172.69.165.82 - - [30/Jun/2026:13:18:14 +0000] "GET /items/R472015784/ HTTP/1.1" 404 99752 "https://www.simottodesign.com/sitemap-hot-4965491.xml" "Mozilla/5.0 (Linux; Android 7.0;) AppleWebKit/537.36 (HTML, like Gecko) Mobile Safari/537.36 (compatible; PetalBot;+https://webmaster.petalsearch.com/site/petalbot)"
172.71.238.51 - - [30/Jun/2026:13:18:17 +0000] "POST /xmlrpc.php HTTP/1.1" 200 4217 "-" "Jetpack/12.5; WordPress/6.3; http://site54155744.com"
104.22.1.17 - - [30/Jun/2026:13:18:26 +0000] "GET /products/314096550838 HTTP/1.1" 301 4158 "-" "meta-externalagent/1.1 (+https://developers.facebook.com/docs/sharing/webmasters/crawler)"
172.71.22.138 - - [30/Jun/2026:13:18:27 +0000] "GET /items/R474607549/ HTTP/1.1" 301 4154 "-" "meta-externalagent/1.1 (+https://developers.facebook.com/docs/sharing/webmasters/crawler)"
172.71.238.51 - - [30/Jun/2026:13:18:28 +0000] "POST /xmlrpc.php HTTP/1.1" 403 4800 "-" "Jetpack by WordPress.com"
172.69.70.65 - - [30/Jun/2026:13:18:35 +0000] "GET /products/2988878709047 HTTP/1.1" 301 4159 "-" "meta-externalagent/1.1 (+https://developers.facebook.com/docs/sharing/webmasters/crawler)"
172.70.86.118 - - [30/Jun/2026:13:18:37 +0000] "GET /robots.txt HTTP/1.1" 200 4182 "-" "Mozilla/5.0 (compatible; MojeekBot/0.11; +https://www.mojeek.com/bot.html)"
172.71.238.51 - - [30/Jun/2026:13:18:39 +0000] "POST /xmlrpc.php HTTP/1.1" 403 4800 "-" "Jetpack by WordPress.com"
172.70.160.222 - - [30/Jun/2026:13:18:38 +0000] "GET /portfolio/ HTTP/1.1" 404 99745 "-" "Mozilla/5.0 (compatible; MojeekBot/0.11; +https://www.mojeek.com/bot.html)"
104.22.1.200 - - [30/Jun/2026:13:18:44 +0000] "GET /products/3881653425185 HTTP/1.1" 404 99757 "-" "meta-externalagent/1.1 (+https://developers.facebook.com/docs/sharing/webmasters/crawler)"
172.71.238.51 - - [30/Jun/2026:13:18:49 +0000] "POST /xmlrpc.php HTTP/1.1" 200 4217 "-" "Jetpack by WordPress.com (Jetpack 13.0; WordPress 6.4)"
172.71.238.51 - - [30/Jun/2026:13:19:00 +0000] "POST /xmlrpc.php HTTP/1.1" 403 4800 "-" "WordPress.com; https://wordpress.com"
162.159.120.161 - - [30/Jun/2026:13:19:02 +0000] "GET /products/5345031910754 HTTP/1.1" 404 99757 "-" "Mozilla/5.0 (Linux; Android 6.0.1; Nexus 5X Build/MMB29P) AppleWebKit/537.36 (KHTML, like Gecko) Chrome/148.0.7778.96 Mobile Safari/537.36 (compatible; Googlebot/2.1; +http://www.google.com/bot.html)"
104.23.245.187 - - [30/Jun/2026:13:19:04 +0000] "GET /products/2273766752602 HTTP/1.1" 301 4159 "-" "meta-externalagent/1.1 (+https://developers.facebook.com/docs/sharing/webmasters/crawler)"
172.71.81.81 - - [30/Jun/2026:13:19:11 +0000] "POST /wp-cron.php?doing_wp_cron=1782825551.2893180847167968750000 HTTP/1.1" 200 4035 "-" "WordPress/7.0; https://www.simottodesign.com"
172.71.238.51 - - [30/Jun/2026:13:19:10 +0000] "POST /xmlrpc.php HTTP/1.1" 200 4217 "-" "Jetpack by WordPress.com (Jetpack 12.0; WordPress 6.2)"
172.71.238.51 - - [30/Jun/2026:13:19:21 +0000] "POST /xmlrpc.php HTTP/1.1" 403 4800 "-" "Jetpack by WordPress.com"
172.71.238.51 - - [30/Jun/2026:13:19:31 +0000] "POST /xmlrpc.php HTTP/1.1" 403 4800 "-" "Jetpack by WordPress.com"
104.23.245.187 - - [30/Jun/2026:13:19:36 +0000] "GET /items/R473899740/ HTTP/1.1" 301 4154 "-" "meta-externalagent/1.1 (+https://developers.facebook.com/docs/sharing/webmasters/crawler)"
172.71.238.51 - - [30/Jun/2026:13:19:42 +0000] "POST /xmlrpc.php HTTP/1.1" 200 4217 "-" "Jetpack/12.0; WordPress/6.4; http://site26541822.com"
104.23.245.187 - - [30/Jun/2026:13:19:48 +0000] "GET /products/167654597803 HTTP/1.1" 301 4158 "-" "meta-externalagent/1.1 (+https://developers.facebook.com/docs/sharing/webmasters/crawler)"
104.22.1.17 - - [30/Jun/2026:13:19:52 +0000] "GET /items/R475254304/ HTTP/1.1" 301 4154 "-" "meta-externalagent/1.1 (+https://developers.facebook.com/docs/sharing/webmasters/crawler)"
172.71.238.51 - - [30/Jun/2026:13:19:52 +0000] "POST /xmlrpc.php HTTP/1.1" 200 4217 "-" "Jetpack by WordPress.com (Jetpack 12.1; WordPress 6.3)"
104.23.245.187 - - [30/Jun/2026:13:19:52 +0000] "GET /products/4317971937185 HTTP/1.1" 301 4159 "-" "meta-externalagent/1.1 (+https://developers.facebook.com/docs/sharing/webmasters/crawler)"
104.22.24.100 - - [30/Jun/2026:13:19:56 +0000] "GET /products/4662965301914 HTTP/1.1" 301 4159 "-" "meta-externalagent/1.1 (+https://developers.facebook.com/docs/sharing/webmasters/crawler)"
172.71.238.51 - - [30/Jun/2026:13:20:03 +0000] "POST /xmlrpc.php HTTP/1.1" 403 4800 "-" "Jetpack by WordPress.com"
104.23.245.187 - - [30/Jun/2026:13:20:04 +0000] "GET /items/R474367074/ HTTP/1.1" 301 4154 "-" "meta-externalagent/1.1 (+https://developers.facebook.com/docs/sharing/webmasters/crawler)"
104.22.24.100 - - [30/Jun/2026:13:20:04 +0000] "GET /products/1971020132142 HTTP/1.1" 301 4159 "-" "meta-externalagent/1.1 (+https://developers.facebook.com/docs/sharing/webmasters/crawler)"
172.71.238.51 - - [30/Jun/2026:13:20:14 +0000] "POST /xmlrpc.php HTTP/1.1" 200 4217 "-" "Jetpack by WordPress.com (Jetpack 12.1; WordPress 6.1)"
162.158.88.101 - - [30/Jun/2026:13:20:14 +0000] "POST /wp-cron.php?doing_wp_cron=1782825614.7568840980529785156250 HTTP/1.1" 200 4035 "-" "WordPress/7.0; https://www.simottodesign.com"
104.22.1.17 - - [30/Jun/2026:13:20:14 +0000] "GET /products/4476860225151 HTTP/1.1" 301 4159 "-" "meta-externalagent/1.1 (+https://developers.facebook.com/docs/sharing/webmasters/crawler)"
104.22.1.17 - - [30/Jun/2026:13:20:15 +0000] "GET /products/3805618202077 HTTP/1.1" 301 4159 "-" "meta-externalagent/1.1 (+https://developers.facebook.com/docs/sharing/webmasters/crawler)"
172.71.238.51 - - [30/Jun/2026:13:20:24 +0000] "POST /xmlrpc.php HTTP/1.1" 200 4217 "-" "Jetpack by WordPress.com (Jetpack 12.5; WordPress 6.4)"
172.71.238.51 - - [30/Jun/2026:13:20:35 +0000] "POST /xmlrpc.php HTTP/1.1" 200 4217 "-" "Jetpack by WordPress.com (Jetpack 12.1; WordPress 6.4)"
172.69.85.147 - - [30/Jun/2026:13:20:41 +0000] "GET /wp-login.php HTTP/1.1" 200 6261 "-" "Mozilla/5.0 (X11; Linux x86_64) AppleWebKit/537.36 (KHTML, like Gecko) Chrome/133.0.0.0 Safari/537.36 Edg/133.0.0.0"
172.69.85.145 - - [30/Jun/2026:13:20:42 +0000] "POST /wp-login.php HTTP/1.1" 200 6421 "https://simottodesign.com/wp-login.php" "Mozilla/5.0 (X11; Linux x86_64) AppleWebKit/537.36 (KHTML, like Gecko) Chrome/133.0.0.0 Safari/537.36 Edg/133.0.0.0"
172.71.238.51 - - [30/Jun/2026:13:20:45 +0000] "POST /xmlrpc.php HTTP/1.1" 200 4217 "-" "Jetpack/13.0; WordPress/6.3; http://site65979327.com"
172.71.238.51 - - [30/Jun/2026:13:20:56 +0000] "POST /xmlrpc.php HTTP/1.1" 200 4217 "-" "Jetpack/13.0; WordPress/6.3; http://site32180283.com"
172.68.22.176 - - [30/Jun/2026:13:21:04 +0000] "GET /ctg/search/similarImageSearchResultView/?ctgItemCd=89307046 HTTP/1.1" 404 99789 "-" "Mozilla/5.0 (Linux; Android 6.0.1; Nexus 5X Build/MMB29P) AppleWebKit/537.36 (KHTML, like Gecko) Chrome/148.0.7778.96 Mobile Safari/537.36 (compatible; Googlebot/2.1; +http://www.google.com/bot.html)"
172.71.238.51 - - [30/Jun/2026:13:21:06 +0000] "POST /xmlrpc.php HTTP/1.1" 200 4217 "-" "Jetpack/12.1; WordPress/6.3; http://site81365244.com"
172.71.238.51 - - [30/Jun/2026:13:21:17 +0000] "POST /xmlrpc.php HTTP/1.1" 403 4800 "-" "Jetpack by WordPress.com"
172.70.143.212 - - [30/Jun/2026:13:21:20 +0000] "POST /wp-cron.php?doing_wp_cron=1782825680.3243889808654785156250 HTTP/1.1" 200 4035 "-" "WordPress/7.0; https://www.simottodesign.com"
108.162.238.60 - - [30/Jun/2026:13:21:19 +0000] "GET /items/R475360828/ HTTP/1.1" 301 4154 "-" "meta-externalagent/1.1 (+https://developers.facebook.com/docs/sharing/webmasters/crawler)"
104.22.56.166 - - [30/Jun/2026:13:21:22 +0000] "GET /products/579737962676 HTTP/1.1" 301 4158 "-" "meta-externalagent/1.1 (+https://developers.facebook.com/docs/sharing/webmasters/crawler)"
172.71.238.51 - - [30/Jun/2026:13:21:27 +0000] "POST /xmlrpc.php HTTP/1.1" 200 4217 "-" "Jetpack by WordPress.com (Jetpack 12.1; WordPress 6.2)"
104.22.56.206 - - [30/Jun/2026:13:21:32 +0000] "GET /items/R476442503/ HTTP/1.1" 404 99752 "-" "meta-externalagent/1.1 (+https://developers.facebook.com/docs/sharing/webmasters/crawler)"
104.22.56.166 - - [30/Jun/2026:13:21:34 +0000] "GET /products/4479794335980 HTTP/1.1" 301 4159 "-" "meta-externalagent/1.1 (+https://developers.facebook.com/docs/sharing/webmasters/crawler)"
172.71.238.51 - - [30/Jun/2026:13:21:38 +0000] "POST /xmlrpc.php HTTP/1.1" 200 4217 "-" "Jetpack by WordPress.com (Jetpack 12.5; WordPress 6.3)"
104.22.56.206 - - [30/Jun/2026:13:21:44 +0000] "GET /wp-sitemap-posts-post-1.xml HTTP/1.1" 200 4243 "-" "meta-externalagent/1.1 (+https://developers.facebook.com/docs/sharing/webmasters/crawler)"
172.71.238.51 - - [30/Jun/2026:13:21:48 +0000] "POST /xmlrpc.php HTTP/1.1" 403 4800 "-" "Jetpack by WordPress.com"
172.71.30.41 - - [30/Jun/2026:13:21:56 +0000] "GET /products/3810461295494 HTTP/1.1" 301 4159 "-" "meta-externalagent/1.1 (+https://developers.facebook.com/docs/sharing/webmasters/crawler)"
172.71.238.51 - - [30/Jun/2026:13:21:59 +0000] "POST /xmlrpc.php HTTP/1.1" 200 4217 "-" "Jetpack by WordPress.com (Jetpack 12.0; WordPress 6.4)"
13.228.140.148 - - [30/Jun/2026:13:22:03 +0000] "GET / HTTP/1.1" 301 4025 "https://simottodesign.com/" "Mozilla/5.0 (Macintosh; Intel Mac OS X 14_4) AppleWebKit/605.1.15 (KHTML, like Gecko) Version/17.4 Safari/605.1.15"
13.228.140.148 - - [30/Jun/2026:13:22:04 +0000] "GET / HTTP/1.1" 200 29816 "https://www.simottodesign.com/" "Mozilla/5.0 (Windows NT 10.0; Win64; x64) AppleWebKit/537.36 (KHTML, like Gecko) Chrome/124.0.0.0 Safari/537.36"
172.68.23.164 - - [30/Jun/2026:13:22:06 +0000] "GET /products/5693033404894 HTTP/1.1" 301 4159 "-" "Mozilla/5.0 (Linux; Android 6.0.1; Nexus 5X Build/MMB29P) AppleWebKit/537.36 (KHTML, like Gecko) Chrome/148.0.7778.96 Mobile Safari/537.36 (compatible; Googlebot/2.1; +http://www.google.com/bot.html)"
172.68.22.176 - - [30/Jun/2026:13:22:07 +0000] "GET /products/5693033404894 HTTP/1.1" 404 99830 "-" "Mozilla/5.0 (Linux; Android 6.0.1; Nexus 5X Build/MMB29P) AppleWebKit/537.36 (KHTML, like Gecko) Chrome/148.0.7778.96 Mobile Safari/537.36 (compatible; Googlebot/2.1; +http://www.google.com/bot.html)"
172.71.238.51 - - [30/Jun/2026:13:22:09 +0000] "POST /xmlrpc.php HTTP/1.1" 403 4800 "-" "WordPress.com; https://wordpress.com"
162.158.88.101 - - [30/Jun/2026:13:22:11 +0000] "POST /wp-cron.php?doing_wp_cron=1782825731.4702260494232177734375 HTTP/1.1" 200 4035 "-" "WordPress/7.0; https://www.simottodesign.com"
104.23.245.186 - - [30/Jun/2026:13:22:10 +0000] "GET /products/563293140897 HTTP/1.1" 301 4158 "-" "meta-externalagent/1.1 (+https://developers.facebook.com/docs/sharing/webmasters/crawler)"
172.71.238.51 - - [30/Jun/2026:13:22:20 +0000] "POST /xmlrpc.php HTTP/1.1" 403 4800 "-" "WordPress.com; https://wordpress.com"
104.22.24.101 - - [30/Jun/2026:13:22:30 +0000] "GET /products/955653410254 HTTP/1.1" 301 4158 "-" "meta-externalagent/1.1 (+https://developers.facebook.com/docs/sharing/webmasters/crawler)"
172.71.238.51 - - [30/Jun/2026:13:22:31 +0000] "POST /xmlrpc.php HTTP/1.1" 200 4217 "-" "Jetpack by WordPress.com (Jetpack 12.0; WordPress 6.4)"
172.71.238.51 - - [30/Jun/2026:13:22:41 +0000] "POST /xmlrpc.php HTTP/1.1" 403 4800 "-" "Jetpack by WordPress.com"
172.68.71.114 - - [30/Jun/2026:13:22:49 +0000] "GET /products/542449290069 HTTP/1.1" 301 4158 "-" "meta-externalagent/1.1 (+https://developers.facebook.com/docs/sharing/webmasters/crawler)"
172.71.238.51 - - [30/Jun/2026:13:22:52 +0000] "POST /xmlrpc.php HTTP/1.1" 200 4217 "-" "Jetpack/12.5; WordPress/6.4; http://site14606850.com"
172.71.238.51 - - [30/Jun/2026:13:23:02 +0000] "POST /xmlrpc.php HTTP/1.1" 403 4800 "-" "WordPress.com; https://wordpress.com"
172.71.124.200 - - [30/Jun/2026:13:23:09 +0000] "POST /wp-cron.php?doing_wp_cron=1782825789.6382439136505126953125 HTTP/1.1" 200 4035 "-" "WordPress/7.0; https://www.simottodesign.com"
162.159.120.160 - - [30/Jun/2026:13:23:09 +0000] "GET /ctg/search/similarImageSearchResultView/?ctgItemCd=73819589 HTTP/1.1" 404 99789 "-" "Mozilla/5.0 (Linux; Android 6.0.1; Nexus 5X Build/MMB29P) AppleWebKit/537.36 (KHTML, like Gecko) Chrome/148.0.7778.96 Mobile Safari/537.36 (compatible; Googlebot/2.1; +http://www.google.com/bot.html)"
172.71.238.51 - - [30/Jun/2026:13:23:13 +0000] "POST /xmlrpc.php HTTP/1.1" 403 4800 "-" "Jetpack by WordPress.com"
172.71.238.51 - - [30/Jun/2026:13:23:23 +0000] "POST /xmlrpc.php HTTP/1.1" 200 4217 "-" "Jetpack by WordPress.com (Jetpack 13.0; WordPress 6.4)"
172.71.238.51 - - [30/Jun/2026:13:23:34 +0000] "POST /xmlrpc.php HTTP/1.1" 200 4217 "-" "Jetpack by WordPress.com (Jetpack 12.0; WordPress 6.2)"
172.71.30.41 - - [30/Jun/2026:13:23:35 +0000] "GET /products/4170286686778 HTTP/1.1" 301 4159 "-" "meta-externalagent/1.1 (+https://developers.facebook.com/docs/sharing/webmasters/crawler)"
104.23.245.187 - - [30/Jun/2026:13:23:39 +0000] "GET /products/3658337925398 HTTP/1.1" 301 4159 "-" "meta-externalagent/1.1 (+https://developers.facebook.com/docs/sharing/webmasters/crawler)"
172.71.238.51 - - [30/Jun/2026:13:23:44 +0000] "POST /xmlrpc.php HTTP/1.1" 403 4800 "-" "WordPress.com; https://wordpress.com"
172.71.30.41 - - [30/Jun/2026:13:23:49 +0000] "GET /products/115299593547 HTTP/1.1" 301 4158 "-" "meta-externalagent/1.1 (+https://developers.facebook.com/docs/sharing/webmasters/crawler)"
172.71.238.51 - - [30/Jun/2026:13:23:55 +0000] "POST /xmlrpc.php HTTP/1.1" 200 4217 "-" "Jetpack/12.0; WordPress/6.3; http://site12500942.com"
104.22.56.166 - - [30/Jun/2026:13:23:59 +0000] "GET /products/2932108099984 HTTP/1.1" 301 4159 "-" "meta-externalagent/1.1 (+https://developers.facebook.com/docs/sharing/webmasters/crawler)"
172.71.238.51 - - [30/Jun/2026:13:24:05 +0000] "POST /xmlrpc.php HTTP/1.1" 200 4217 "-" "Jetpack/12.0; WordPress/6.2; http://site58059201.com"
104.22.56.166 - - [30/Jun/2026:13:24:07 +0000] "GET /products/2767131340076 HTTP/1.1" 301 4159 "-" "meta-externalagent/1.1 (+https://developers.facebook.com/docs/sharing/webmasters/crawler)"
162.158.108.89 - - [30/Jun/2026:13:24:11 +0000] "POST /wp-cron.php?doing_wp_cron=1782825851.2900900840759277343750 HTTP/1.1" 200 4035 "-" "WordPress/7.0; https://www.simottodesign.com"
108.162.245.212 - - [30/Jun/2026:13:24:10 +0000] "GET /products/4376722664598 HTTP/1.1" 301 4159 "-" "Mozilla/5.0 (Linux; Android 6.0.1; Nexus 5X Build/MMB29P) AppleWebKit/537.36 (KHTML, like Gecko) Chrome/148.0.7778.96 Mobile Safari/537.36 (compatible; Googlebot/2.1; +http://www.google.com/bot.html)"
162.158.42.196 - - [30/Jun/2026:13:24:12 +0000] "GET /ctg/search/similarImageSearchResultView/?ctgItemCd=86770784 HTTP/1.1" 404 99789 "-" "Mozilla/5.0 (Linux; Android 6.0.1; Nexus 5X Build/MMB29P) AppleWebKit/537.36 (KHTML, like Gecko) Chrome/148.0.7778.96 Mobile Safari/537.36 (compatible; Googlebot/2.1; +http://www.google.com/bot.html)"
162.159.120.160 - - [30/Jun/2026:13:24:13 +0000] "GET /products/4376722664598 HTTP/1.1" 404 99757 "-" "Mozilla/5.0 (Linux; Android 6.0.1; Nexus 5X Build/MMB29P) AppleWebKit/537.36 (KHTML, like Gecko) Chrome/148.0.7778.96 Mobile Safari/537.36 (compatible; Googlebot/2.1; +http://www.google.com/bot.html)"
104.22.1.16 - - [30/Jun/2026:13:24:14 +0000] "GET /products/4746346518094 HTTP/1.1" 301 4159 "-" "meta-externalagent/1.1 (+https://developers.facebook.com/docs/sharing/webmasters/crawler)"
172.71.238.51 - - [30/Jun/2026:13:24:16 +0000] "POST /xmlrpc.php HTTP/1.1" 403 4800 "-" "Jetpack by WordPress.com"
172.71.30.134 - - [30/Jun/2026:13:24:19 +0000] "GET /products/5491430324436 HTTP/1.1" 404 99757 "-" "meta-externalagent/1.1 (+https://developers.facebook.com/docs/sharing/webmasters/crawler)"
172.71.238.51 - - [30/Jun/2026:13:24:26 +0000] "POST /xmlrpc.php HTTP/1.1" 200 4217 "-" "Jetpack/13.0; WordPress/6.4; http://site43430589.com"
104.22.56.166 - - [30/Jun/2026:13:24:36 +0000] "GET /products/4938566404543 HTTP/1.1" 301 4159 "-" "meta-externalagent/1.1 (+https://developers.facebook.com/docs/sharing/webmasters/crawler)"
172.71.238.51 - - [30/Jun/2026:13:24:37 +0000] "POST /xmlrpc.php HTTP/1.1" 200 4217 "-" "Jetpack by WordPress.com (Jetpack 13.0; WordPress 6.1)"
104.22.1.16 - - [30/Jun/2026:13:24:40 +0000] "GET /products/1899493702106 HTTP/1.1" 301 4159 "-" "meta-externalagent/1.1 (+https://developers.facebook.com/docs/sharing/webmasters/crawler)"
108.162.238.59 - - [30/Jun/2026:13:24:41 +0000] "GET /items/R476696490/ HTTP/1.1" 301 4154 "-" "meta-externalagent/1.1 (+https://developers.facebook.com/docs/sharing/webmasters/crawler)"
104.22.56.166 - - [30/Jun/2026:13:24:42 +0000] "GET /products/2911176534241 HTTP/1.1" 301 4159 "-" "meta-externalagent/1.1 (+https://developers.facebook.com/docs/sharing/webmasters/crawler)"
172.71.238.51 - - [30/Jun/2026:13:24:48 +0000] "POST /xmlrpc.php HTTP/1.1" 200 4217 "-" "Jetpack by WordPress.com (Jetpack 13.0; WordPress 6.2)"
172.71.238.51 - - [30/Jun/2026:13:24:58 +0000] "POST /xmlrpc.php HTTP/1.1" 403 4800 "-" "Jetpack by WordPress.com"
104.22.56.166 - - [30/Jun/2026:13:25:04 +0000] "GET /items/R474165246/ HTTP/1.1" 301 4154 "-" "meta-externalagent/1.1 (+https://developers.facebook.com/docs/sharing/webmasters/crawler)"
104.22.56.206 - - [30/Jun/2026:13:25:04 +0000] "GET /products/3431810198246 HTTP/1.1" 404 99757 "-" "meta-externalagent/1.1 (+https://developers.facebook.com/docs/sharing/webmasters/crawler)"
172.71.238.51 - - [30/Jun/2026:13:25:09 +0000] "POST /xmlrpc.php HTTP/1.1" 403 4800 "-" "WordPress.com; https://wordpress.com"
108.162.226.184 - - [30/Jun/2026:13:25:16 +0000] "POST /wp-cron.php?doing_wp_cron=1782825916.1681849956512451171875 HTTP/1.1" 200 4035 "-" "WordPress/7.0; https://www.simottodesign.com"
104.22.24.211 - - [30/Jun/2026:13:25:15 +0000] "GET /items/R474001293/ HTTP/1.1" 404 99752 "-" "meta-externalagent/1.1 (+https://developers.facebook.com/docs/sharing/webmasters/crawler)"
172.71.238.51 - - [30/Jun/2026:13:25:19 +0000] "POST /xmlrpc.php HTTP/1.1" 403 4800 "-" "Jetpack by WordPress.com"
104.22.56.166 - - [30/Jun/2026:13:25:26 +0000] "GET /products/2165700923898 HTTP/1.1" 301 4159 "-" "meta-externalagent/1.1 (+https://developers.facebook.com/docs/sharing/webmasters/crawler)"
172.71.238.51 - - [30/Jun/2026:13:25:30 +0000] "POST /xmlrpc.php HTTP/1.1" 200 4217 "-" "Jetpack by WordPress.com (Jetpack 13.0; WordPress 6.1)"
104.22.24.100 - - [30/Jun/2026:13:25:32 +0000] "GET /products/1368211971162 HTTP/1.1" 301 4159 "-" "meta-externalagent/1.1 (+https://developers.facebook.com/docs/sharing/webmasters/crawler)"
172.69.70.65 - - [30/Jun/2026:13:25:35 +0000] "GET /items/R476344052/ HTTP/1.1" 301 4154 "-" "meta-externalagent/1.1 (+https://developers.facebook.com/docs/sharing/webmasters/crawler)"
172.71.238.51 - - [30/Jun/2026:13:25:40 +0000] "POST /xmlrpc.php HTTP/1.1" 200 4217 "-" "Jetpack by WordPress.com (Jetpack 12.1; WordPress 6.3)"
104.22.1.17 - - [30/Jun/2026:13:25:49 +0000] "GET /products/1549722414900 HTTP/1.1" 301 4159 "-" "meta-externalagent/1.1 (+https://developers.facebook.com/docs/sharing/webmasters/crawler)"
172.71.238.51 - - [30/Jun/2026:13:25:51 +0000] "POST /xmlrpc.php HTTP/1.1" 403 4800 "-" "WordPress.com; https://wordpress.com"
172.71.238.51 - - [30/Jun/2026:13:26:01 +0000] "POST /xmlrpc.php HTTP/1.1" 200 4217 "-" "Jetpack/12.1; WordPress/6.2; http://site32586169.com"
172.69.165.83 - - [30/Jun/2026:13:26:12 +0000] "POST /wp-cron.php?doing_wp_cron=1782825972.0387330055236816406250 HTTP/1.1" 200 4035 "-" "WordPress/7.0; https://www.simottodesign.com"
104.22.56.166 - - [30/Jun/2026:13:26:11 +0000] "GET /products/5816353925591 HTTP/1.1" 301 4159 "-" "meta-externalagent/1.1 (+https://developers.facebook.com/docs/sharing/webmasters/crawler)"
172.71.238.51 - - [30/Jun/2026:13:26:12 +0000] "POST /xmlrpc.php HTTP/1.1" 200 4217 "-" "Jetpack by WordPress.com (Jetpack 12.0; WordPress 6.4)"
162.158.42.196 - - [30/Jun/2026:13:26:15 +0000] "GET /ctg/search/similarImageSearchResultView/?ctgItemCd=35822161 HTTP/1.1" 404 99789 "-" "Mozilla/5.0 (Linux; Android 6.0.1; Nexus 5X Build/MMB29P) AppleWebKit/537.36 (KHTML, like Gecko) Chrome/148.0.7778.96 Mobile Safari/537.36 (compatible; Googlebot/2.1; +http://www.google.com/bot.html)"
172.71.238.51 - - [30/Jun/2026:13:26:22 +0000] "POST /xmlrpc.php HTTP/1.1" 200 4217 "-" "Jetpack by WordPress.com (Jetpack 13.0; WordPress 6.3)"
172.71.22.138 - - [30/Jun/2026:13:26:26 +0000] "GET /products/2444737825406 HTTP/1.1" 301 4159 "-" "meta-externalagent/1.1 (+https://developers.facebook.com/docs/sharing/webmasters/crawler)"
172.71.238.51 - - [30/Jun/2026:13:26:34 +0000] "POST /xmlrpc.php HTTP/1.1" 403 4800 "-" "Jetpack by WordPress.com"
104.22.24.100 - - [30/Jun/2026:13:26:36 +0000] "GET /products/202151910069 HTTP/1.1" 301 4158 "-" "meta-externalagent/1.1 (+https://developers.facebook.com/docs/sharing/webmasters/crawler)"
172.71.238.51 - - [30/Jun/2026:13:26:43 +0000] "POST /xmlrpc.php HTTP/1.1" 403 4800 "-" "Jetpack by WordPress.com"
172.71.238.51 - - [30/Jun/2026:13:26:54 +0000] "POST /xmlrpc.php HTTP/1.1" 403 4800 "-" "WordPress.com; https://wordpress.com"
104.22.24.211 - - [30/Jun/2026:13:26:54 +0000] "GET /items/R475458477/ HTTP/1.1" 404 99752 "-" "meta-externalagent/1.1 (+https://developers.facebook.com/docs/sharing/webmasters/crawler)"
172.71.30.41 - - [30/Jun/2026:13:26:55 +0000] "GET /products/3780642438381 HTTP/1.1" 301 4159 "-" "meta-externalagent/1.1 (+https://developers.facebook.com/docs/sharing/webmasters/crawler)"
172.71.238.51 - - [30/Jun/2026:13:27:04 +0000] "POST /xmlrpc.php HTTP/1.1" 200 4217 "-" "Jetpack/12.1; WordPress/6.1; http://site77311165.com"
172.71.238.51 - - [30/Jun/2026:13:27:15 +0000] "POST /xmlrpc.php HTTP/1.1" 403 4800 "-" "Jetpack by WordPress.com"
162.158.88.101 - - [30/Jun/2026:13:27:17 +0000] "POST /wp-cron.php?doing_wp_cron=1782826037.8322820663452148437500 HTTP/1.1" 200 4035 "-" "WordPress/7.0; https://www.simottodesign.com"
162.159.120.160 - - [30/Jun/2026:13:27:17 +0000] "GET /ctg/search/similarImageSearchResultView/?ctgItemCd=38640516 HTTP/1.1" 404 99789 "-" "Mozilla/5.0 (Linux; Android 6.0.1; Nexus 5X Build/MMB29P) AppleWebKit/537.36 (KHTML, like Gecko) Chrome/148.0.7778.96 Mobile Safari/537.36 (compatible; Googlebot/2.1; +http://www.google.com/bot.html)"
162.158.42.39 - - [30/Jun/2026:13:27:19 +0000] "GET /products/586891653584 HTTP/1.1" 301 4158 "-" "Mozilla/5.0 (Linux; Android 6.0.1; Nexus 5X Build/MMB29P) AppleWebKit/537.36 (KHTML, like Gecko) Chrome/148.0.7778.96 Mobile Safari/537.36 (compatible; Googlebot/2.1; +http://www.google.com/bot.html)"
162.158.42.196 - - [30/Jun/2026:13:27:19 +0000] "GET /products/586891653584 HTTP/1.1" 404 99829 "-" "Mozilla/5.0 (Linux; Android 6.0.1; Nexus 5X Build/MMB29P) AppleWebKit/537.36 (KHTML, like Gecko) Chrome/148.0.7778.96 Mobile Safari/537.36 (compatible; Googlebot/2.1; +http://www.google.com/bot.html)"
172.71.238.51 - - [30/Jun/2026:13:27:25 +0000] "POST /xmlrpc.php HTTP/1.1" 403 4800 "-" "WordPress.com; https://wordpress.com"
104.22.24.100 - - [30/Jun/2026:13:27:26 +0000] "GET /products/1063186265254 HTTP/1.1" 301 4159 "-" "meta-externalagent/1.1 (+https://developers.facebook.com/docs/sharing/webmasters/crawler)"
104.22.1.16 - - [30/Jun/2026:13:27:28 +0000] "GET /items/R474938284/ HTTP/1.1" 301 4154 "-" "meta-externalagent/1.1 (+https://developers.facebook.com/docs/sharing/webmasters/crawler)"
104.22.24.100 - - [30/Jun/2026:13:27:28 +0000] "GET /items/R471834018/ HTTP/1.1" 301 4154 "-" "meta-externalagent/1.1 (+https://developers.facebook.com/docs/sharing/webmasters/crawler)"
104.22.24.211 - - [30/Jun/2026:13:27:31 +0000] "GET /items/R476055721/ HTTP/1.1" 404 99752 "-" "meta-externalagent/1.1 (+https://developers.facebook.com/docs/sharing/webmasters/crawler)"
104.22.24.100 - - [30/Jun/2026:13:27:40 +0000] "GET /products/5502959847087 HTTP/1.1" 301 4159 "-" "meta-externalagent/1.1 (+https://developers.facebook.com/docs/sharing/webmasters/crawler)"
104.22.56.167 - - [30/Jun/2026:13:27:42 +0000] "GET /products/2050386384547 HTTP/1.1" 301 4159 "-" "meta-externalagent/1.1 (+https://developers.facebook.com/docs/sharing/webmasters/crawler)"
104.22.56.167 - - [30/Jun/2026:13:27:42 +0000] "GET /products/4201342520567 HTTP/1.1" 301 4159 "-" "meta-externalagent/1.1 (+https://developers.facebook.com/docs/sharing/webmasters/crawler)"
108.162.238.60 - - [30/Jun/2026:13:27:53 +0000] "GET /products/1190576659550 HTTP/1.1" 301 4159 "-" "meta-externalagent/1.1 (+https://developers.facebook.com/docs/sharing/webmasters/crawler)"
104.22.24.100 - - [30/Jun/2026:13:28:04 +0000] "GET /products/188483138560 HTTP/1.1" 301 4158 "-" "meta-externalagent/1.1 (+https://developers.facebook.com/docs/sharing/webmasters/crawler)"
172.69.176.126 - - [30/Jun/2026:13:28:13 +0000] "POST /wp-cron.php?doing_wp_cron=1782826093.2808139324188232421875 HTTP/1.1" 200 4035 "-" "WordPress/7.0; https://www.simottodesign.com"
104.22.56.167 - - [30/Jun/2026:13:28:12 +0000] "GET /products/4530237768836 HTTP/1.1" 301 4159 "-" "meta-externalagent/1.1 (+https://developers.facebook.com/docs/sharing/webmasters/crawler)"
104.23.245.187 - - [30/Jun/2026:13:28:18 +0000] "GET /products/1047436792556 HTTP/1.1" 301 4159 "-" "meta-externalagent/1.1 (+https://developers.facebook.com/docs/sharing/webmasters/crawler)"
162.159.120.160 - - [30/Jun/2026:13:28:21 +0000] "GET /products/4630956847633 HTTP/1.1" 404 99757 "-" "Mozilla/5.0 (Linux; Android 6.0.1; Nexus 5X Build/MMB29P) AppleWebKit/537.36 (KHTML, like Gecko) Chrome/148.0.7778.96 Mobile Safari/537.36 (compatible; Googlebot/2.1; +http://www.google.com/bot.html)"
104.23.245.32 - - [30/Jun/2026:13:28:24 +0000] "GET /items/R475505908/ HTTP/1.1" 404 99752 "-" "meta-externalagent/1.1 (+https://developers.facebook.com/docs/sharing/webmasters/crawler)"
162.158.42.40 - - [30/Jun/2026:13:28:29 +0000] "GET /products/1326651883322 HTTP/1.1" 301 4159 "-" "Mozilla/5.0 (Linux; Android 6.0.1; Nexus 5X Build/MMB29P) AppleWebKit/537.36 (KHTML, like Gecko) Chrome/148.0.7778.96 Mobile Safari/537.36 (compatible; Googlebot/2.1; +http://www.google.com/bot.html)"
162.158.42.196 - - [30/Jun/2026:13:28:30 +0000] "GET /products/1326651883322 HTTP/1.1" 404 99757 "-" "Mozilla/5.0 (Linux; Android 6.0.1; Nexus 5X Build/MMB29P) AppleWebKit/537.36 (KHTML, like Gecko) Chrome/148.0.7778.96 Mobile Safari/537.36 (compatible; Googlebot/2.1; +http://www.google.com/bot.html)"
172.69.70.65 - - [30/Jun/2026:13:28:43 +0000] "GET /products/3429406088930 HTTP/1.1" 301 4159 "-" "meta-externalagent/1.1 (+https://developers.facebook.com/docs/sharing/webmasters/crawler)"
172.71.172.71 - - [30/Jun/2026:13:28:56 +0000] "GET /wp-login.php HTTP/1.1" 200 6261 "-" "Mozilla/5.0 (X11; Ubuntu; Linux x86_64) AppleWebKit/537.36 (KHTML, like Gecko) Chrome/133.0.0.0 Safari/537.36"
172.71.172.41 - - [30/Jun/2026:13:29:00 +0000] "POST /wp-login.php HTTP/1.1" 200 6395 "https://simottodesign.com/wp-login.php" "Mozilla/5.0 (X11; Ubuntu; Linux x86_64) AppleWebKit/537.36 (KHTML, like Gecko) Chrome/133.0.0.0 Safari/537.36"
172.68.71.114 - - [30/Jun/2026:13:29:05 +0000] "GET /products/5544398168026 HTTP/1.1" 301 4159 "-" "meta-externalagent/1.1 (+https://developers.facebook.com/docs/sharing/webmasters/crawler)"
104.22.56.167 - - [30/Jun/2026:13:29:07 +0000] "GET /items/R476585132/ HTTP/1.1" 301 4154 "-" "meta-externalagent/1.1 (+https://developers.facebook.com/docs/sharing/webmasters/crawler)"
172.70.208.127 - - [30/Jun/2026:13:29:17 +0000] "POST /wp-cron.php?doing_wp_cron=1782826157.1035261154174804687500 HTTP/1.1" 200 4035 "-" "WordPress/7.0; https://www.simottodesign.com"
104.22.1.16 - - [30/Jun/2026:13:29:16 +0000] "GET /items/R473009980/ HTTP/1.1" 301 4154 "-" "meta-externalagent/1.1 (+https://developers.facebook.com/docs/sharing/webmasters/crawler)"
104.22.24.100 - - [30/Jun/2026:13:29:21 +0000] "GET /products/1731638031065 HTTP/1.1" 301 4159 "-" "meta-externalagent/1.1 (+https://developers.facebook.com/docs/sharing/webmasters/crawler)"
104.22.56.167 - - [30/Jun/2026:13:29:26 +0000] "GET /products/1965142223669 HTTP/1.1" 301 4159 "-" "meta-externalagent/1.1 (+https://developers.facebook.com/docs/sharing/webmasters/crawler)"
108.162.238.60 - - [30/Jun/2026:13:29:30 +0000] "GET /products/4215349743161 HTTP/1.1" 301 4159 "-" "meta-externalagent/1.1 (+https://developers.facebook.com/docs/sharing/webmasters/crawler)"
162.158.42.196 - - [30/Jun/2026:13:29:32 +0000] "GET /shopdetail/loyalty-card/74fec4753497702.html HTTP/1.1" 404 99779 "-" "Mozilla/5.0 (Linux; Android 6.0.1; Nexus 5X Build/MMB29P) AppleWebKit/537.36 (KHTML, like Gecko) Chrome/148.0.7778.96 Mobile Safari/537.36 (compatible; Googlebot/2.1; +http://www.google.com/bot.html)"
104.22.24.100 - - [30/Jun/2026:13:29:33 +0000] "GET /products/5671807672847 HTTP/1.1" 301 4159 "-" "meta-externalagent/1.1 (+https://developers.facebook.com/docs/sharing/webmasters/crawler)"
104.22.24.100 - - [30/Jun/2026:13:29:39 +0000] "GET /items/R474427136/ HTTP/1.1" 301 4154 "-" "meta-externalagent/1.1 (+https://developers.facebook.com/docs/sharing/webmasters/crawler)"
172.71.30.40 - - [30/Jun/2026:13:29:41 +0000] "GET /items/R473664566/ HTTP/1.1" 301 4154 "-" "meta-externalagent/1.1 (+https://developers.facebook.com/docs/sharing/webmasters/crawler)"
104.22.1.201 - - [30/Jun/2026:13:30:01 +0000] "GET /items/R472577927/ HTTP/1.1" 404 99752 "-" "meta-externalagent/1.1 (+https://developers.facebook.com/docs/sharing/webmasters/crawler)"
172.69.176.127 - - [30/Jun/2026:13:30:19 +0000] "POST /wp-cron.php?doing_wp_cron=1782826219.1405379772186279296875 HTTP/1.1" 200 4035 "-" "WordPress/7.0; https://www.simottodesign.com"
104.22.24.100 - - [30/Jun/2026:13:30:18 +0000] "GET /products/3134899211811 HTTP/1.1" 301 4159 "-" "meta-externalagent/1.1 (+https://developers.facebook.com/docs/sharing/webmasters/crawler)"
162.158.42.196 - - [30/Jun/2026:13:30:33 +0000] "GET /products/5212807874498 HTTP/1.1" 404 99757 "-" "Mozilla/5.0 (Linux; Android 6.0.1; Nexus 5X Build/MMB29P) AppleWebKit/537.36 (KHTML, like Gecko) Chrome/148.0.7778.96 Mobile Safari/537.36 (compatible; Googlebot/2.1; +http://www.google.com/bot.html)"
162.159.120.160 - - [30/Jun/2026:13:30:35 +0000] "GET /ctg/search/similarImageSearchResultView/?ctgItemCd=37199716 HTTP/1.1" 404 99789 "-" "Mozilla/5.0 (Linux; Android 6.0.1; Nexus 5X Build/MMB29P) AppleWebKit/537.36 (KHTML, like Gecko) Chrome/148.0.7778.96 Mobile Safari/537.36 (compatible; Googlebot/2.1; +http://www.google.com/bot.html)"
162.158.42.40 - - [30/Jun/2026:13:30:36 +0000] "GET /products/5198542259240 HTTP/1.1" 301 4159 "-" "Mozilla/5.0 (Linux; Android 6.0.1; Nexus 5X Build/MMB29P) AppleWebKit/537.36 (KHTML, like Gecko) Chrome/148.0.7778.96 Mobile Safari/537.36 (compatible; Googlebot/2.1; +http://www.google.com/bot.html)"
162.159.120.160 - - [30/Jun/2026:13:30:37 +0000] "GET /products/5198542259240 HTTP/1.1" 404 99757 "-" "Mozilla/5.0 (Linux; Android 6.0.1; Nexus 5X Build/MMB29P) AppleWebKit/537.36 (KHTML, like Gecko) Chrome/148.0.7778.96 Mobile Safari/537.36 (compatible; Googlebot/2.1; +http://www.google.com/bot.html)"
104.22.1.16 - - [30/Jun/2026:13:30:44 +0000] "GET /products/3132326964436 HTTP/1.1" 301 4159 "-" "meta-externalagent/1.1 (+https://developers.facebook.com/docs/sharing/webmasters/crawler)"
104.22.56.167 - - [30/Jun/2026:13:30:44 +0000] "GET /items/R474479703/ HTTP/1.1" 301 4154 "-" "meta-externalagent/1.1 (+https://developers.facebook.com/docs/sharing/webmasters/crawler)"
172.71.30.41 - - [30/Jun/2026:13:30:57 +0000] "GET /products/3617872907087 HTTP/1.1" 301 4159 "-" "meta-externalagent/1.1 (+https://developers.facebook.com/docs/sharing/webmasters/crawler)"
104.22.56.167 - - [30/Jun/2026:13:30:59 +0000] "GET /products/2125776295458 HTTP/1.1" 301 4159 "-" "meta-externalagent/1.1 (+https://developers.facebook.com/docs/sharing/webmasters/crawler)"
104.22.24.100 - - [30/Jun/2026:13:31:07 +0000] "GET /items/R473602382/ HTTP/1.1" 301 4154 "-" "meta-externalagent/1.1 (+https://developers.facebook.com/docs/sharing/webmasters/crawler)"
162.158.88.100 - - [30/Jun/2026:13:31:14 +0000] "POST /wp-cron.php?doing_wp_cron=1782826274.6521379947662353515625 HTTP/1.1" 200 4035 "-" "WordPress/7.0; https://www.simottodesign.com"
104.22.24.100 - - [30/Jun/2026:13:31:14 +0000] "GET /products/5064119067339 HTTP/1.1" 301 4159 "-" "meta-externalagent/1.1 (+https://developers.facebook.com/docs/sharing/webmasters/crawler)"
108.162.238.59 - - [30/Jun/2026:13:31:14 +0000] "GET /products/5215170073387 HTTP/1.1" 301 4159 "-" "meta-externalagent/1.1 (+https://developers.facebook.com/docs/sharing/webmasters/crawler)"
104.22.1.16 - - [30/Jun/2026:13:31:15 +0000] "GET /products/5204433981873 HTTP/1.1" 301 4159 "-" "meta-externalagent/1.1 (+https://developers.facebook.com/docs/sharing/webmasters/crawler)"
172.69.71.203 - - [30/Jun/2026:13:31:24 +0000] "GET /products/1368287478382 HTTP/1.1" 404 99757 "-" "meta-externalagent/1.1 (+https://developers.facebook.com/docs/sharing/webmasters/crawler)"
172.69.71.203 - - [30/Jun/2026:13:31:32 +0000] "GET /items/R476671577/ HTTP/1.1" 404 99752 "-" "meta-externalagent/1.1 (+https://developers.facebook.com/docs/sharing/webmasters/crawler)"
172.71.30.135 - - [30/Jun/2026:13:31:37 +0000] "GET /products/3037107419292 HTTP/1.1" 404 99757 "-" "meta-externalagent/1.1 (+https://developers.facebook.com/docs/sharing/webmasters/crawler)"
104.23.245.186 - - [30/Jun/2026:13:31:47 +0000] "GET /products/4369655423230 HTTP/1.1" 301 4159 "-" "meta-externalagent/1.1 (+https://developers.facebook.com/docs/sharing/webmasters/crawler)"
104.22.56.167 - - [30/Jun/2026:13:31:54 +0000] "GET /products/3729089460134 HTTP/1.1" 301 4159 "-" "meta-externalagent/1.1 (+https://developers.facebook.com/docs/sharing/webmasters/crawler)"
108.162.238.59 - - [30/Jun/2026:13:31:59 +0000] "GET /products/3822049142770 HTTP/1.1" 301 4159 "-" "meta-externalagent/1.1 (+https://developers.facebook.com/docs/sharing/webmasters/crawler)"
172.71.214.8 - - [30/Jun/2026:13:32:27 +0000] "POST /wp-cron.php?doing_wp_cron=1782826346.8292710781097412109375 HTTP/1.1" 200 4035 "-" "WordPress/7.0; https://www.simottodesign.com"
104.23.245.186 - - [30/Jun/2026:13:32:26 +0000] "GET /products/1675190345106 HTTP/1.1" 301 4159 "-" "meta-externalagent/1.1 (+https://developers.facebook.com/docs/sharing/webmasters/crawler)"
104.22.56.207 - - [30/Jun/2026:13:32:34 +0000] "GET /items/R476003389/ HTTP/1.1" 404 99825 "-" "meta-externalagent/1.1 (+https://developers.facebook.com/docs/sharing/webmasters/crawler)"
172.71.22.224 - - [30/Jun/2026:13:32:34 +0000] "GET /products/3238633914522 HTTP/1.1" 301 4159 "-" "meta-externalagent/1.1 (+https://developers.facebook.com/docs/sharing/webmasters/crawler)"
162.158.42.195 - - [30/Jun/2026:13:32:39 +0000] "GET /ctg/search/similarImageSearchResultView/?ctgItemCd=47210260 HTTP/1.1" 404 99789 "-" "Mozilla/5.0 (Linux; Android 6.0.1; Nexus 5X Build/MMB29P) AppleWebKit/537.36 (KHTML, like Gecko) Chrome/148.0.7778.96 Mobile Safari/537.36 (compatible; Googlebot/2.1; +http://www.google.com/bot.html)"
104.22.56.207 - - [30/Jun/2026:13:32:39 +0000] "GET /products/5280116828513 HTTP/1.1" 404 99757 "-" "meta-externalagent/1.1 (+https://developers.facebook.com/docs/sharing/webmasters/crawler)"
162.159.120.161 - - [30/Jun/2026:13:32:41 +0000] "GET /products/1588336194754 HTTP/1.1" 404 99757 "-" "Mozilla/5.0 (Linux; Android 6.0.1; Nexus 5X Build/MMB29P) AppleWebKit/537.36 (KHTML, like Gecko) Chrome/148.0.7778.96 Mobile Safari/537.36 (compatible; Googlebot/2.1; +http://www.google.com/bot.html)"
104.22.56.167 - - [30/Jun/2026:13:32:54 +0000] "GET /products/4919402616011 HTTP/1.1" 301 4159 "-" "meta-externalagent/1.1 (+https://developers.facebook.com/docs/sharing/webmasters/crawler)"
162.158.107.14 - - [30/Jun/2026:13:33:12 +0000] "POST /wp-cron.php?doing_wp_cron=1782826392.5606939792633056640625 HTTP/1.1" 200 4035 "-" "WordPress/7.0; https://www.simottodesign.com"
104.22.24.100 - - [30/Jun/2026:13:33:12 +0000] "GET /products/4301484316190 HTTP/1.1" 301 4159 "-" "meta-externalagent/1.1 (+https://developers.facebook.com/docs/sharing/webmasters/crawler)"
104.22.24.100 - - [30/Jun/2026:13:33:12 +0000] "GET /products/4731086406948 HTTP/1.1" 301 4159 "-" "meta-externalagent/1.1 (+https://developers.facebook.com/docs/sharing/webmasters/crawler)"
172.71.30.135 - - [30/Jun/2026:13:33:13 +0000] "GET /items/R472435189/ HTTP/1.1" 404 99752 "-" "meta-externalagent/1.1 (+https://developers.facebook.com/docs/sharing/webmasters/crawler)"
104.22.1.17 - - [30/Jun/2026:13:33:16 +0000] "GET /products/3996302879 HTTP/1.1" 301 4156 "-" "meta-externalagent/1.1 (+https://developers.facebook.com/docs/sharing/webmasters/crawler)"
104.23.245.186 - - [30/Jun/2026:13:33:29 +0000] "GET /products/5182289610402 HTTP/1.1" 301 4159 "-" "meta-externalagent/1.1 (+https://developers.facebook.com/docs/sharing/webmasters/crawler)"
104.23.245.186 - - [30/Jun/2026:13:33:33 +0000] "GET /products/2072214989527 HTTP/1.1" 301 4159 "-" "meta-externalagent/1.1 (+https://developers.facebook.com/docs/sharing/webmasters/crawler)"
104.22.56.167 - - [30/Jun/2026:13:33:45 +0000] "GET /products/3594635200585 HTTP/1.1" 301 4159 "-" "meta-externalagent/1.1 (+https://developers.facebook.com/docs/sharing/webmasters/crawler)"
172.70.92.152 - - [30/Jun/2026:13:34:09 +0000] "POST /wp-cron.php?doing_wp_cron=1782826449.4546930789947509765625 HTTP/1.1" 200 4035 "-" "WordPress/7.0; https://www.simottodesign.com"
