104.22.56.167 - - [30/Jun/2026:09:30:13 +0000] "GET /items/R472526538/ HTTP/1.1" 301 4154 "-" "meta-externalagent/1.1 (+https://developers.facebook.com/docs/sharing/webmasters/crawler)"
104.23.175.204 - - [30/Jun/2026:09:30:18 +0000] "POST /wp-cron.php?doing_wp_cron=1782811818.6613581180572509765625 HTTP/1.1" 200 4035 "-" "WordPress/7.0; https://www.simottodesign.com"
162.158.116.170 - - [30/Jun/2026:09:30:18 +0000] "POST /xmlrpc.php HTTP/1.1" 200 4217 "-" "Jetpack/12.0; WordPress/6.2; http://site21527185.com"
172.71.23.122 - - [30/Jun/2026:09:30:26 +0000] "GET /items/R474120794/ HTTP/1.1" 404 99752 "-" "meta-externalagent/1.1 (+https://developers.facebook.com/docs/sharing/webmasters/crawler)"
162.158.116.170 - - [30/Jun/2026:09:30:28 +0000] "POST /xmlrpc.php HTTP/1.1" 200 4217 "-" "Jetpack/13.0; WordPress/6.4; http://site14114630.com"
162.158.116.170 - - [30/Jun/2026:09:30:39 +0000] "POST /xmlrpc.php HTTP/1.1" 200 4217 "-" "Jetpack by WordPress.com (Jetpack 12.1; WordPress 6.3)"
172.70.208.90 - - [30/Jun/2026:09:30:41 +0000] "POST /xmlrpc.php HTTP/1.1" 200 4217 "-" "Jetpack by WordPress.com (Jetpack 12.1; WordPress 6.1)"
172.71.30.41 - - [30/Jun/2026:09:30:43 +0000] "GET /products/2130229359727 HTTP/1.1" 301 4159 "-" "meta-externalagent/1.1 (+https://developers.facebook.com/docs/sharing/webmasters/crawler)"
162.158.116.170 - - [30/Jun/2026:09:30:49 +0000] "POST /xmlrpc.php HTTP/1.1" 403 4800 "-" "WordPress.com; https://wordpress.com"
172.70.208.90 - - [30/Jun/2026:09:30:52 +0000] "POST /xmlrpc.php HTTP/1.1" 200 4217 "-" "Jetpack/12.1; WordPress/6.1; http://site18545209.com"
162.158.116.170 - - [30/Jun/2026:09:31:00 +0000] "POST /xmlrpc.php HTTP/1.1" 200 4217 "-" "Jetpack by WordPress.com (Jetpack 13.0; WordPress 6.4)"
172.70.208.90 - - [30/Jun/2026:09:31:02 +0000] "POST /xmlrpc.php HTTP/1.1" 200 4217 "-" "WordPress.com; https://wordpress.com"
172.69.70.65 - - [30/Jun/2026:09:31:08 +0000] "GET /products/4368357911514 HTTP/1.1" 301 4159 "-" "meta-externalagent/1.1 (+https://developers.facebook.com/docs/sharing/webmasters/crawler)"
162.158.116.170 - - [30/Jun/2026:09:31:11 +0000] "POST /xmlrpc.php HTTP/1.1" 403 4800 "-" "Jetpack by WordPress.com"
172.70.208.90 - - [30/Jun/2026:09:31:13 +0000] "POST /xmlrpc.php HTTP/1.1" 200 4217 "-" "WordPress.com; https://wordpress.com"
172.70.208.126 - - [30/Jun/2026:09:31:13 +0000] "POST /wp-cron.php?doing_wp_cron=1782811873.8379559516906738281250 HTTP/1.1" 200 4035 "-" "WordPress/7.0; https://www.simottodesign.com"
162.158.116.170 - - [30/Jun/2026:09:31:22 +0000] "POST /xmlrpc.php HTTP/1.1" 403 4800 "-" "WordPress.com; https://wordpress.com"
172.70.208.90 - - [30/Jun/2026:09:31:23 +0000] "POST /xmlrpc.php HTTP/1.1" 200 4217 "-" "Jetpack/12.5; WordPress/6.1; http://site91468256.com"
162.158.116.170 - - [30/Jun/2026:09:31:32 +0000] "POST /xmlrpc.php HTTP/1.1" 200 4217 "-" "Jetpack by WordPress.com (Jetpack 12.1; WordPress 6.4)"
172.70.208.90 - - [30/Jun/2026:09:31:34 +0000] "POST /xmlrpc.php HTTP/1.1" 200 4217 "-" "Jetpack/12.0; WordPress/6.2; http://site17264391.com"
162.158.42.40 - - [30/Jun/2026:09:31:41 +0000] "GET /products/1556220997821 HTTP/1.1" 301 4159 "-" "Mozilla/5.0 (Linux; Android 6.0.1; Nexus 5X Build/MMB29P) AppleWebKit/537.36 (KHTML, like Gecko) Chrome/148.0.7778.96 Mobile Safari/537.36 (compatible; Googlebot/2.1; +http://www.google.com/bot.html)"
162.158.116.170 - - [30/Jun/2026:09:31:43 +0000] "POST /xmlrpc.php HTTP/1.1" 403 4800 "-" "Jetpack by WordPress.com"
162.159.120.161 - - [30/Jun/2026:09:31:42 +0000] "GET /products/1556220997821 HTTP/1.1" 404 99757 "-" "Mozilla/5.0 (Linux; Android 6.0.1; Nexus 5X Build/MMB29P) AppleWebKit/537.36 (KHTML, like Gecko) Chrome/148.0.7778.96 Mobile Safari/537.36 (compatible; Googlebot/2.1; +http://www.google.com/bot.html)"
172.70.208.90 - - [30/Jun/2026:09:31:44 +0000] "POST /xmlrpc.php HTTP/1.1" 200 4217 "-" "Jetpack/12.1; WordPress/6.3; http://site32758120.com"
162.159.120.161 - - [30/Jun/2026:09:31:52 +0000] "GET /items/X862124744/ HTTP/1.1" 404 99752 "-" "Mozilla/5.0 (Linux; Android 6.0.1; Nexus 5X Build/MMB29P) AppleWebKit/537.36 (KHTML, like Gecko) Chrome/148.0.7778.96 Mobile Safari/537.36 (compatible; Googlebot/2.1; +http://www.google.com/bot.html)"
104.22.24.101 - - [30/Jun/2026:09:31:53 +0000] "GET /products/2284264497096 HTTP/1.1" 301 4159 "-" "meta-externalagent/1.1 (+https://developers.facebook.com/docs/sharing/webmasters/crawler)"
162.158.116.170 - - [30/Jun/2026:09:31:53 +0000] "POST /xmlrpc.php HTTP/1.1" 403 4800 "-" "WordPress.com; https://wordpress.com"
172.70.208.90 - - [30/Jun/2026:09:31:55 +0000] "POST /xmlrpc.php HTTP/1.1" 200 4217 "-" "Jetpack by WordPress.com (Jetpack 13.0; WordPress 6.3)"
104.22.24.101 - - [30/Jun/2026:09:32:01 +0000] "GET /products/196297449541 HTTP/1.1" 301 4158 "-" "meta-externalagent/1.1 (+https://developers.facebook.com/docs/sharing/webmasters/crawler)"
104.22.24.211 - - [30/Jun/2026:09:32:03 +0000] "GET /products/1548557397097 HTTP/1.1" 404 99830 "-" "meta-externalagent/1.1 (+https://developers.facebook.com/docs/sharing/webmasters/crawler)"
172.71.30.40 - - [30/Jun/2026:09:32:03 +0000] "GET /items/R472861062/ HTTP/1.1" 301 4154 "-" "meta-externalagent/1.1 (+https://developers.facebook.com/docs/sharing/webmasters/crawler)"
162.158.116.170 - - [30/Jun/2026:09:32:04 +0000] "POST /xmlrpc.php HTTP/1.1" 403 4800 "-" "WordPress.com; https://wordpress.com"
172.70.208.90 - - [30/Jun/2026:09:32:05 +0000] "POST /xmlrpc.php HTTP/1.1" 200 4217 "-" "Jetpack by WordPress.com"
172.70.208.126 - - [30/Jun/2026:09:32:15 +0000] "POST /wp-cron.php?doing_wp_cron=1782811935.4688239097595214843750 HTTP/1.1" 200 4035 "-" "WordPress/7.0; https://www.simottodesign.com"
162.158.116.170 - - [30/Jun/2026:09:32:14 +0000] "POST /xmlrpc.php HTTP/1.1" 200 4217 "-" "Jetpack/12.0; WordPress/6.1; http://site71749364.com"
172.70.208.90 - - [30/Jun/2026:09:32:16 +0000] "POST /xmlrpc.php HTTP/1.1" 200 4217 "-" "WordPress.com; https://wordpress.com"
104.22.1.16 - - [30/Jun/2026:09:32:23 +0000] "GET /products/4652928351197 HTTP/1.1" 301 4159 "-" "meta-externalagent/1.1 (+https://developers.facebook.com/docs/sharing/webmasters/crawler)"
162.158.116.170 - - [30/Jun/2026:09:32:25 +0000] "POST /xmlrpc.php HTTP/1.1" 200 4217 "-" "Jetpack by WordPress.com (Jetpack 12.0; WordPress 6.1)"
172.70.208.90 - - [30/Jun/2026:09:32:26 +0000] "POST /xmlrpc.php HTTP/1.1" 200 4217 "-" "WordPress.com; https://wordpress.com"
104.22.1.200 - - [30/Jun/2026:09:32:29 +0000] "GET /products/5025427376445 HTTP/1.1" 404 99830 "-" "meta-externalagent/1.1 (+https://developers.facebook.com/docs/sharing/webmasters/crawler)"
162.158.116.170 - - [30/Jun/2026:09:32:36 +0000] "POST /xmlrpc.php HTTP/1.1" 200 4217 "-" "Jetpack/12.0; WordPress/6.3; http://site61780850.com"
172.70.208.90 - - [30/Jun/2026:09:32:37 +0000] "POST /xmlrpc.php HTTP/1.1" 200 4217 "-" "WordPress.com; https://wordpress.com"
172.71.22.225 - - [30/Jun/2026:09:32:44 +0000] "GET /products/1916769660518 HTTP/1.1" 301 4159 "-" "meta-externalagent/1.1 (+https://developers.facebook.com/docs/sharing/webmasters/crawler)"
162.158.116.170 - - [30/Jun/2026:09:32:46 +0000] "POST /xmlrpc.php HTTP/1.1" 403 4800 "-" "Jetpack by WordPress.com"
172.70.207.203 - - [30/Jun/2026:09:32:46 +0000] "GET /wp-login.php HTTP/1.1" 200 6260 "-" "Mozilla/5.0 (Windows NT 10.0; Win64; x64; rv:133.0) Gecko/20100101 Firefox/133.0"
172.70.208.90 - - [30/Jun/2026:09:32:48 +0000] "POST /xmlrpc.php HTTP/1.1" 200 4217 "-" "Jetpack by WordPress.com"
104.22.24.211 - - [30/Jun/2026:09:32:49 +0000] "GET /items/R476739597/ HTTP/1.1" 404 99752 "-" "meta-externalagent/1.1 (+https://developers.facebook.com/docs/sharing/webmasters/crawler)"
172.70.207.136 - - [30/Jun/2026:09:32:52 +0000] "POST /wp-login.php HTTP/1.1" 200 6423 "https://simottodesign.com/wp-login.php" "Mozilla/5.0 (Windows NT 10.0; Win64; x64; rv:133.0) Gecko/20100101 Firefox/133.0"
162.158.116.170 - - [30/Jun/2026:09:32:57 +0000] "POST /xmlrpc.php HTTP/1.1" 200 4217 "-" "Jetpack/12.0; WordPress/6.4; http://site97836440.com"
172.70.208.90 - - [30/Jun/2026:09:32:58 +0000] "POST /xmlrpc.php HTTP/1.1" 200 4217 "-" "Jetpack by WordPress.com"
104.23.245.187 - - [30/Jun/2026:09:33:00 +0000] "GET /products/5597122236229 HTTP/1.1" 301 4159 "-" "meta-externalagent/1.1 (+https://developers.facebook.com/docs/sharing/webmasters/crawler)"
104.22.1.16 - - [30/Jun/2026:09:33:00 +0000] "GET /products/4118940486995 HTTP/1.1" 301 4159 "-" "meta-externalagent/1.1 (+https://developers.facebook.com/docs/sharing/webmasters/crawler)"
162.158.116.170 - - [30/Jun/2026:09:33:08 +0000] "POST /xmlrpc.php HTTP/1.1" 403 4800 "-" "Jetpack by WordPress.com"
172.69.176.127 - - [30/Jun/2026:09:33:09 +0000] "POST /wp-cron.php?doing_wp_cron=1782811989.7257521152496337890625 HTTP/1.1" 200 4035 "-" "WordPress/7.0; https://www.simottodesign.com"
172.70.208.90 - - [30/Jun/2026:09:33:09 +0000] "POST /xmlrpc.php HTTP/1.1" 200 4217 "-" "Jetpack by WordPress.com"
162.158.116.170 - - [30/Jun/2026:09:33:18 +0000] "POST /xmlrpc.php HTTP/1.1" 403 4800 "-" "Jetpack by WordPress.com"
172.70.208.90 - - [30/Jun/2026:09:33:19 +0000] "POST /xmlrpc.php HTTP/1.1" 200 4217 "-" "Jetpack by WordPress.com"
162.158.116.170 - - [30/Jun/2026:09:33:29 +0000] "POST /xmlrpc.php HTTP/1.1" 403 4800 "-" "WordPress.com; https://wordpress.com"
172.70.208.90 - - [30/Jun/2026:09:33:30 +0000] "POST /xmlrpc.php HTTP/1.1" 403 4800 "-" "Jetpack by WordPress.com"
162.158.116.170 - - [30/Jun/2026:09:33:40 +0000] "POST /xmlrpc.php HTTP/1.1" 403 4800 "-" "Jetpack by WordPress.com"
172.70.208.90 - - [30/Jun/2026:09:33:40 +0000] "POST /xmlrpc.php HTTP/1.1" 403 4800 "-" "Jetpack by WordPress.com"
162.158.116.170 - - [30/Jun/2026:09:33:50 +0000] "POST /xmlrpc.php HTTP/1.1" 200 4217 "-" "Jetpack by WordPress.com (Jetpack 12.1; WordPress 6.4)"
172.70.208.90 - - [30/Jun/2026:09:33:52 +0000] "POST /xmlrpc.php HTTP/1.1" 200 4217 "-" "Jetpack by WordPress.com (Jetpack 13.0; WordPress 6.2)"
162.158.116.170 - - [30/Jun/2026:09:34:01 +0000] "POST /xmlrpc.php HTTP/1.1" 403 4800 "-" "Jetpack by WordPress.com"
172.70.208.90 - - [30/Jun/2026:09:34:03 +0000] "POST /xmlrpc.php HTTP/1.1" 200 4217 "-" "Jetpack by WordPress.com (Jetpack 13.0; WordPress 6.4)"
104.22.56.166 - - [30/Jun/2026:09:34:04 +0000] "GET /products/3570125733727 HTTP/1.1" 301 4159 "-" "meta-externalagent/1.1 (+https://developers.facebook.com/docs/sharing/webmasters/crawler)"
172.69.165.83 - - [30/Jun/2026:09:34:12 +0000] "POST /wp-cron.php?doing_wp_cron=1782812052.6312799453735351562500 HTTP/1.1" 200 4035 "-" "WordPress/7.0; https://www.simottodesign.com"
162.158.116.170 - - [30/Jun/2026:09:34:12 +0000] "POST /xmlrpc.php HTTP/1.1" 200 4217 "-" "Jetpack by WordPress.com (Jetpack 12.1; WordPress 6.3)"
104.22.1.16 - - [30/Jun/2026:09:34:12 +0000] "GET /items/R471769276/ HTTP/1.1" 301 4154 "-" "meta-externalagent/1.1 (+https://developers.facebook.com/docs/sharing/webmasters/crawler)"
172.70.208.90 - - [30/Jun/2026:09:34:13 +0000] "POST /xmlrpc.php HTTP/1.1" 403 4800 "-" "WordPress.com; https://wordpress.com"
172.69.70.64 - - [30/Jun/2026:09:34:21 +0000] "GET /products/1351502668178 HTTP/1.1" 301 4159 "-" "meta-externalagent/1.1 (+https://developers.facebook.com/docs/sharing/webmasters/crawler)"
162.158.116.170 - - [30/Jun/2026:09:34:22 +0000] "POST /xmlrpc.php HTTP/1.1" 403 4800 "-" "Jetpack by WordPress.com"
172.70.208.90 - - [30/Jun/2026:09:34:24 +0000] "POST /xmlrpc.php HTTP/1.1" 403 4800 "-" "Jetpack by WordPress.com"
162.158.116.170 - - [30/Jun/2026:09:34:33 +0000] "POST /xmlrpc.php HTTP/1.1" 403 4800 "-" "WordPress.com; https://wordpress.com"
172.70.208.90 - - [30/Jun/2026:09:34:35 +0000] "POST /xmlrpc.php HTTP/1.1" 200 4217 "-" "Jetpack by WordPress.com (Jetpack 13.0; WordPress 6.1)"
162.158.116.170 - - [30/Jun/2026:09:34:44 +0000] "POST /xmlrpc.php HTTP/1.1" 403 4800 "-" "WordPress.com; https://wordpress.com"
172.70.208.90 - - [30/Jun/2026:09:34:45 +0000] "POST /xmlrpc.php HTTP/1.1" 200 4217 "-" "Jetpack by WordPress.com (Jetpack 12.1; WordPress 6.3)"
162.158.116.170 - - [30/Jun/2026:09:34:54 +0000] "POST /xmlrpc.php HTTP/1.1" 403 4800 "-" "WordPress.com; https://wordpress.com"
172.70.208.90 - - [30/Jun/2026:09:34:56 +0000] "POST /xmlrpc.php HTTP/1.1" 200 4217 "-" "Jetpack/13.0; WordPress/6.1; http://site93507418.com"
162.158.116.170 - - [30/Jun/2026:09:35:05 +0000] "POST /xmlrpc.php HTTP/1.1" 200 4217 "-" "Jetpack by WordPress.com (Jetpack 12.0; WordPress 6.3)"
172.70.208.90 - - [30/Jun/2026:09:35:06 +0000] "POST /xmlrpc.php HTTP/1.1" 200 4217 "-" "Jetpack/12.5; WordPress/6.1; http://site70373913.com"
172.70.208.127 - - [30/Jun/2026:09:35:16 +0000] "POST /wp-cron.php?doing_wp_cron=1782812116.5734350681304931640625 HTTP/1.1" 200 4035 "-" "WordPress/7.0; https://www.simottodesign.com"
162.158.116.170 - - [30/Jun/2026:09:35:16 +0000] "POST /xmlrpc.php HTTP/1.1" 200 4217 "-" "Jetpack/13.0; WordPress/6.3; http://site82431081.com"
172.70.208.90 - - [30/Jun/2026:09:35:17 +0000] "POST /xmlrpc.php HTTP/1.1" 403 4800 "-" "WordPress.com; https://wordpress.com"
162.158.116.170 - - [30/Jun/2026:09:35:26 +0000] "POST /xmlrpc.php HTTP/1.1" 403 4800 "-" "Jetpack by WordPress.com"
172.70.208.90 - - [30/Jun/2026:09:35:27 +0000] "POST /xmlrpc.php HTTP/1.1" 200 4217 "-" "Jetpack/12.5; WordPress/6.4; http://site38461920.com"
162.158.116.170 - - [30/Jun/2026:09:35:37 +0000] "POST /xmlrpc.php HTTP/1.1" 200 4217 "-" "Jetpack by WordPress.com (Jetpack 13.0; WordPress 6.2)"
104.22.56.166 - - [30/Jun/2026:09:35:37 +0000] "GET /products/5722090402146 HTTP/1.1" 301 4159 "-" "meta-externalagent/1.1 (+https://developers.facebook.com/docs/sharing/webmasters/crawler)"
172.70.208.90 - - [30/Jun/2026:09:35:38 +0000] "POST /xmlrpc.php HTTP/1.1" 200 4217 "-" "Jetpack/12.5; WordPress/6.2; http://site28593920.com"
104.22.24.101 - - [30/Jun/2026:09:35:41 +0000] "GET /products/4237855719711 HTTP/1.1" 301 4159 "-" "meta-externalagent/1.1 (+https://developers.facebook.com/docs/sharing/webmasters/crawler)"
162.158.116.170 - - [30/Jun/2026:09:35:47 +0000] "POST /xmlrpc.php HTTP/1.1" 200 4217 "-" "Jetpack by WordPress.com (Jetpack 12.0; WordPress 6.3)"
172.70.208.90 - - [30/Jun/2026:09:35:48 +0000] "POST /xmlrpc.php HTTP/1.1" 200 4217 "-" "Jetpack/12.0; WordPress/6.4; http://site96622163.com"
162.158.116.170 - - [30/Jun/2026:09:35:58 +0000] "POST /xmlrpc.php HTTP/1.1" 200 4217 "-" "Jetpack by WordPress.com (Jetpack 13.0; WordPress 6.1)"
172.70.208.90 - - [30/Jun/2026:09:35:59 +0000] "POST /xmlrpc.php HTTP/1.1" 200 4217 "-" "Jetpack/12.1; WordPress/6.4; http://site67689010.com"
162.158.116.170 - - [30/Jun/2026:09:36:09 +0000] "POST /xmlrpc.php HTTP/1.1" 403 4800 "-" "Jetpack by WordPress.com"
172.70.208.90 - - [30/Jun/2026:09:36:09 +0000] "POST /xmlrpc.php HTTP/1.1" 403 4800 "-" "WordPress.com; https://wordpress.com"
104.22.66.98 - - [30/Jun/2026:09:36:13 +0000] "POST /wp-cron.php?doing_wp_cron=1782812173.3328719139099121093750 HTTP/1.1" 200 4035 "-" "WordPress/7.0; https://www.simottodesign.com"
162.158.42.195 - - [30/Jun/2026:09:36:12 +0000] "GET /ctg/search/similarImageSearchResultView/?ctgItemCd=61492756 HTTP/1.1" 404 99789 "-" "Mozilla/5.0 (Linux; Android 6.0.1; Nexus 5X Build/MMB29P) AppleWebKit/537.36 (KHTML, like Gecko) Chrome/148.0.7778.96 Mobile Safari/537.36 (compatible; Googlebot/2.1; +http://www.google.com/bot.html)"
172.68.22.176 - - [30/Jun/2026:09:36:14 +0000] "GET /products/2708988742199 HTTP/1.1" 404 99757 "-" "Mozilla/5.0 (Linux; Android 6.0.1; Nexus 5X Build/MMB29P) AppleWebKit/537.36 (KHTML, like Gecko) Chrome/148.0.7778.96 Mobile Safari/537.36 (compatible; Googlebot/2.1; +http://www.google.com/bot.html)"
162.158.42.39 - - [30/Jun/2026:09:36:15 +0000] "GET /products/3232600582040 HTTP/1.1" 301 4159 "-" "Mozilla/5.0 (Linux; Android 6.0.1; Nexus 5X Build/MMB29P) AppleWebKit/537.36 (KHTML, like Gecko) Chrome/148.0.7778.96 Mobile Safari/537.36 (compatible; Googlebot/2.1; +http://www.google.com/bot.html)"
104.22.72.11 - - [30/Jun/2026:09:36:17 +0000] "GET /products/3232600582040 HTTP/1.1" 404 99757 "-" "Mozilla/5.0 (Linux; Android 6.0.1; Nexus 5X Build/MMB29P) AppleWebKit/537.36 (KHTML, like Gecko) Chrome/148.0.7778.96 Mobile Safari/537.36 (compatible; Googlebot/2.1; +http://www.google.com/bot.html)"
172.70.208.90 - - [30/Jun/2026:09:36:19 +0000] "POST /xmlrpc.php HTTP/1.1" 403 4800 "-" "WordPress.com; https://wordpress.com"
162.158.116.170 - - [30/Jun/2026:09:36:19 +0000] "POST /xmlrpc.php HTTP/1.1" 200 4217 "-" "Jetpack/12.5; WordPress/6.4; http://site53892104.com"
162.158.116.170 - - [30/Jun/2026:09:36:30 +0000] "POST /xmlrpc.php HTTP/1.1" 403 4800 "-" "WordPress.com; https://wordpress.com"
172.70.208.90 - - [30/Jun/2026:09:36:30 +0000] "POST /xmlrpc.php HTTP/1.1" 403 4800 "-" "WordPress.com; https://wordpress.com"
172.70.208.90 - - [30/Jun/2026:09:36:41 +0000] "POST /xmlrpc.php HTTP/1.1" 200 4217 "-" "Jetpack/12.1; WordPress/6.2; http://site74549983.com"
162.158.116.170 - - [30/Jun/2026:09:36:41 +0000] "POST /xmlrpc.php HTTP/1.1" 200 4217 "-" "Jetpack/13.0; WordPress/6.3; http://site52885163.com"
172.70.208.90 - - [30/Jun/2026:09:36:51 +0000] "POST /xmlrpc.php HTTP/1.1" 403 4800 "-" "WordPress.com; https://wordpress.com"
162.158.116.170 - - [30/Jun/2026:09:36:51 +0000] "POST /xmlrpc.php HTTP/1.1" 403 4800 "-" "Jetpack by WordPress.com"
162.158.116.170 - - [30/Jun/2026:09:37:02 +0000] "POST /xmlrpc.php HTTP/1.1" 403 4800 "-" "Jetpack by WordPress.com"
172.70.208.90 - - [30/Jun/2026:09:37:02 +0000] "POST /xmlrpc.php HTTP/1.1" 200 4217 "-" "Jetpack by WordPress.com (Jetpack 12.1; WordPress 6.2)"
172.69.165.83 - - [30/Jun/2026:09:37:13 +0000] "POST /wp-cron.php?doing_wp_cron=1782812233.0551109313964843750000 HTTP/1.1" 200 4035 "-" "WordPress/7.0; https://www.simottodesign.com"
172.70.208.90 - - [30/Jun/2026:09:37:12 +0000] "POST /xmlrpc.php HTTP/1.1" 200 4217 "-" "Jetpack by WordPress.com (Jetpack 12.0; WordPress 6.3)"
162.158.116.170 - - [30/Jun/2026:09:37:13 +0000] "POST /xmlrpc.php HTTP/1.1" 200 4217 "-" "Jetpack by WordPress.com (Jetpack 13.0; WordPress 6.4)"
172.71.30.40 - - [30/Jun/2026:09:37:18 +0000] "GET /items/R474360739/ HTTP/1.1" 301 4154 "-" "meta-externalagent/1.1 (+https://developers.facebook.com/docs/sharing/webmasters/crawler)"
172.70.208.90 - - [30/Jun/2026:09:37:22 +0000] "POST /xmlrpc.php HTTP/1.1" 200 4217 "-" "Jetpack/13.0; WordPress/6.4; http://site20755954.com"
162.158.116.170 - - [30/Jun/2026:09:37:23 +0000] "POST /xmlrpc.php HTTP/1.1" 200 4217 "-" "Jetpack by WordPress.com (Jetpack 12.0; WordPress 6.3)"
172.70.208.90 - - [30/Jun/2026:09:37:33 +0000] "POST /xmlrpc.php HTTP/1.1" 200 4217 "-" "Jetpack/12.1; WordPress/6.4; http://site15375292.com"
162.158.116.170 - - [30/Jun/2026:09:37:34 +0000] "POST /xmlrpc.php HTTP/1.1" 200 4217 "-" "Jetpack/12.5; WordPress/6.1; http://site89971207.com"
172.70.208.90 - - [30/Jun/2026:09:37:44 +0000] "POST /xmlrpc.php HTTP/1.1" 200 4217 "-" "Jetpack by WordPress.com (Jetpack 12.1; WordPress 6.4)"
162.158.116.170 - - [30/Jun/2026:09:37:44 +0000] "POST /xmlrpc.php HTTP/1.1" 200 4217 "-" "Jetpack by WordPress.com (Jetpack 12.0; WordPress 6.2)"
172.70.208.90 - - [30/Jun/2026:09:37:54 +0000] "POST /xmlrpc.php HTTP/1.1" 200 4217 "-" "Jetpack/12.0; WordPress/6.4; http://site10275781.com"
162.158.116.170 - - [30/Jun/2026:09:37:55 +0000] "POST /xmlrpc.php HTTP/1.1" 200 4217 "-" "Jetpack/13.0; WordPress/6.3; http://site68932103.com"
172.68.71.114 - - [30/Jun/2026:09:37:58 +0000] "GET /products/4281231257510 HTTP/1.1" 301 4159 "-" "meta-externalagent/1.1 (+https://developers.facebook.com/docs/sharing/webmasters/crawler)"
172.70.208.90 - - [30/Jun/2026:09:38:05 +0000] "POST /xmlrpc.php HTTP/1.1" 200 4217 "-" "Jetpack/13.0; WordPress/6.3; http://site83456678.com"
162.158.116.170 - - [30/Jun/2026:09:38:06 +0000] "POST /xmlrpc.php HTTP/1.1" 200 4217 "-" "Jetpack by WordPress.com (Jetpack 12.1; WordPress 6.4)"
172.70.143.213 - - [30/Jun/2026:09:38:16 +0000] "POST /wp-cron.php?doing_wp_cron=1782812295.9987781047821044921875 HTTP/1.1" 200 4035 "-" "WordPress/7.0; https://www.simottodesign.com"
172.70.208.90 - - [30/Jun/2026:09:38:15 +0000] "POST /xmlrpc.php HTTP/1.1" 200 4217 "-" "Jetpack by WordPress.com (Jetpack 12.5; WordPress 6.2)"
162.158.116.170 - - [30/Jun/2026:09:38:17 +0000] "POST /xmlrpc.php HTTP/1.1" 200 4217 "-" "Jetpack by WordPress.com (Jetpack 12.5; WordPress 6.2)"
172.70.208.90 - - [30/Jun/2026:09:38:26 +0000] "POST /xmlrpc.php HTTP/1.1" 403 4800 "-" "Jetpack by WordPress.com"
162.158.116.170 - - [30/Jun/2026:09:38:28 +0000] "POST /xmlrpc.php HTTP/1.1" 200 4217 "-" "Jetpack/13.0; WordPress/6.1; http://site54484397.com"
104.22.102.37 - - [30/Jun/2026:09:38:35 +0000] "GET /r/item/limited-time-offer/184752228113301.html HTTP/1.1" 404 99781 "-" "Mozilla/5.0 AppleWebKit/537.36 (KHTML, like Gecko; compatible; bingbot/2.0; +http://www.bing.com/bingbot.htm) Chrome/116.0.1938.76 Safari/537.36"
172.70.208.90 - - [30/Jun/2026:09:38:36 +0000] "POST /xmlrpc.php HTTP/1.1" 200 4217 "-" "Jetpack/12.1; WordPress/6.2; http://site95472664.com"
104.22.102.37 - - [30/Jun/2026:09:38:36 +0000] "GET /r/item/buy-one/dd6781251054001.html HTTP/1.1" 404 99838 "-" "Mozilla/5.0 AppleWebKit/537.36 (KHTML, like Gecko; compatible; bingbot/2.0; +http://www.bing.com/bingbot.htm) Chrome/116.0.1938.76 Safari/537.36"
162.158.116.170 - - [30/Jun/2026:09:38:39 +0000] "POST /xmlrpc.php HTTP/1.1" 200 4217 "-" "Jetpack by WordPress.com (Jetpack 12.5; WordPress 6.1)"
172.70.208.90 - - [30/Jun/2026:09:38:47 +0000] "POST /xmlrpc.php HTTP/1.1" 403 4800 "-" "WordPress.com; https://wordpress.com"
162.158.116.170 - - [30/Jun/2026:09:38:49 +0000] "POST /xmlrpc.php HTTP/1.1" 403 4800 "-" "Jetpack by WordPress.com"
172.70.208.90 - - [30/Jun/2026:09:38:57 +0000] "POST /xmlrpc.php HTTP/1.1" 200 4217 "-" "Jetpack by WordPress.com (Jetpack 13.0; WordPress 6.3)"
162.158.116.170 - - [30/Jun/2026:09:39:00 +0000] "POST /xmlrpc.php HTTP/1.1" 200 4217 "-" "Jetpack/12.0; WordPress/6.2; http://site92886458.com"
172.70.208.90 - - [30/Jun/2026:09:39:08 +0000] "POST /xmlrpc.php HTTP/1.1" 200 4217 "-" "Jetpack/12.0; WordPress/6.1; http://site30942937.com"
172.68.164.126 - - [30/Jun/2026:09:39:11 +0000] "POST /wp-cron.php?doing_wp_cron=1782812351.6331989765167236328125 HTTP/1.1" 200 4035 "-" "WordPress/7.0; https://www.simottodesign.com"
162.158.116.170 - - [30/Jun/2026:09:39:11 +0000] "POST /xmlrpc.php HTTP/1.1" 200 4217 "-" "Jetpack by WordPress.com (Jetpack 13.0; WordPress 6.3)"
172.70.208.90 - - [30/Jun/2026:09:39:18 +0000] "POST /xmlrpc.php HTTP/1.1" 403 4800 "-" "Jetpack by WordPress.com"
162.158.116.170 - - [30/Jun/2026:09:39:21 +0000] "POST /xmlrpc.php HTTP/1.1" 403 4800 "-" "Jetpack by WordPress.com"
172.71.81.168 - - [30/Jun/2026:09:39:22 +0000] "GET /robots.txt HTTP/1.1" 200 4182 "-" "Mozilla/5.0 (Linux; Android 5.0) AppleWebKit/537.36 (KHTML, like Gecko) Mobile Safari/537.36 (compatible; Bytespider; [email protected])"
172.70.208.90 - - [30/Jun/2026:09:39:29 +0000] "POST /xmlrpc.php HTTP/1.1" 200 4217 "-" "Jetpack/12.5; WordPress/6.4; http://site85000209.com"
162.158.116.170 - - [30/Jun/2026:09:39:32 +0000] "POST /xmlrpc.php HTTP/1.1" 200 4217 "-" "Jetpack by WordPress.com (Jetpack 12.0; WordPress 6.2)"
172.70.208.90 - - [30/Jun/2026:09:39:39 +0000] "POST /xmlrpc.php HTTP/1.1" 200 4217 "-" "Jetpack by WordPress.com (Jetpack 13.0; WordPress 6.4)"
162.158.116.170 - - [30/Jun/2026:09:39:43 +0000] "POST /xmlrpc.php HTTP/1.1" 200 4217 "-" "Jetpack/13.0; WordPress/6.3; http://site95918469.com"
172.70.208.90 - - [30/Jun/2026:09:39:50 +0000] "POST /xmlrpc.php HTTP/1.1" 200 4217 "-" "Jetpack/12.1; WordPress/6.3; http://site87282252.com"
162.158.116.170 - - [30/Jun/2026:09:39:54 +0000] "POST /xmlrpc.php HTTP/1.1" 200 4217 "-" "Jetpack by WordPress.com (Jetpack 12.5; WordPress 6.2)"
172.70.208.90 - - [30/Jun/2026:09:40:00 +0000] "POST /xmlrpc.php HTTP/1.1" 200 4217 "-" "Jetpack/12.1; WordPress/6.3; http://site87149382.com"
162.158.116.170 - - [30/Jun/2026:09:40:04 +0000] "POST /xmlrpc.php HTTP/1.1" 403 4800 "-" "Jetpack by WordPress.com"
162.158.88.100 - - [30/Jun/2026:09:40:11 +0000] "POST /wp-cron.php?doing_wp_cron=1782812411.6117479801177978515625 HTTP/1.1" 200 4035 "-" "WordPress/7.0; https://www.simottodesign.com"
172.70.208.90 - - [30/Jun/2026:09:40:11 +0000] "POST /xmlrpc.php HTTP/1.1" 200 4217 "-" "Jetpack by WordPress.com (Jetpack 12.5; WordPress 6.2)"
172.69.70.65 - - [30/Jun/2026:09:40:12 +0000] "GET /products/2019613512091 HTTP/1.1" 301 4159 "-" "meta-externalagent/1.1 (+https://developers.facebook.com/docs/sharing/webmasters/crawler)"
162.158.116.170 - - [30/Jun/2026:09:40:15 +0000] "POST /xmlrpc.php HTTP/1.1" 200 4217 "-" "Jetpack/13.0; WordPress/6.1; http://site75152064.com"
104.22.72.11 - - [30/Jun/2026:09:40:18 +0000] "GET /products/5415514812028 HTTP/1.1" 404 99757 "-" "Mozilla/5.0 (Linux; Android 6.0.1; Nexus 5X Build/MMB29P) AppleWebKit/537.36 (KHTML, like Gecko) Chrome/148.0.7778.96 Mobile Safari/537.36 (compatible; Googlebot/2.1; +http://www.google.com/bot.html)"
172.70.208.90 - - [30/Jun/2026:09:40:21 +0000] "POST /xmlrpc.php HTTP/1.1" 403 4800 "-" "Jetpack by WordPress.com"
162.158.116.170 - - [30/Jun/2026:09:40:26 +0000] "POST /xmlrpc.php HTTP/1.1" 200 4217 "-" "Jetpack by WordPress.com (Jetpack 12.1; WordPress 6.2)"
172.70.208.90 - - [30/Jun/2026:09:40:32 +0000] "POST /xmlrpc.php HTTP/1.1" 200 4217 "-" "Jetpack/12.0; WordPress/6.2; http://site20791361.com"
162.158.116.170 - - [30/Jun/2026:09:40:36 +0000] "POST /xmlrpc.php HTTP/1.1" 403 4800 "-" "Jetpack by WordPress.com"
172.70.208.90 - - [30/Jun/2026:09:40:42 +0000] "POST /xmlrpc.php HTTP/1.1" 200 4217 "-" "Jetpack by WordPress.com (Jetpack 12.0; WordPress 6.2)"
162.158.116.170 - - [30/Jun/2026:09:40:48 +0000] "POST /xmlrpc.php HTTP/1.1" 403 4800 "-" "WordPress.com; https://wordpress.com"
172.70.208.90 - - [30/Jun/2026:09:40:53 +0000] "POST /xmlrpc.php HTTP/1.1" 200 4217 "-" "Jetpack/12.0; WordPress/6.2; http://site76412978.com"
172.69.70.65 - - [30/Jun/2026:09:40:56 +0000] "GET /products/5317547657098 HTTP/1.1" 301 4159 "-" "meta-externalagent/1.1 (+https://developers.facebook.com/docs/sharing/webmasters/crawler)"
162.158.116.170 - - [30/Jun/2026:09:40:59 +0000] "POST /xmlrpc.php HTTP/1.1" 403 4800 "-" "WordPress.com; https://wordpress.com"
172.70.208.90 - - [30/Jun/2026:09:41:03 +0000] "POST /xmlrpc.php HTTP/1.1" 403 4800 "-" "WordPress.com; https://wordpress.com"
172.71.124.200 - - [30/Jun/2026:09:41:10 +0000] "POST /wp-cron.php?doing_wp_cron=1782812470.5922880172729492187500 HTTP/1.1" 200 4035 "-" "WordPress/7.0; https://www.simottodesign.com"
162.158.116.170 - - [30/Jun/2026:09:41:10 +0000] "POST /xmlrpc.php HTTP/1.1" 200 4217 "-" "Jetpack/12.5; WordPress/6.4; http://site57015959.com"
172.70.208.90 - - [30/Jun/2026:09:41:14 +0000] "POST /xmlrpc.php HTTP/1.1" 403 4800 "-" "WordPress.com; https://wordpress.com"
162.158.116.170 - - [30/Jun/2026:09:41:20 +0000] "POST /xmlrpc.php HTTP/1.1" 200 4217 "-" "Jetpack/12.1; WordPress/6.2; http://site46405392.com"
172.70.208.90 - - [30/Jun/2026:09:41:24 +0000] "POST /xmlrpc.php HTTP/1.1" 200 4217 "-" "Jetpack by WordPress.com (Jetpack 12.5; WordPress 6.1)"
162.158.116.170 - - [30/Jun/2026:09:41:31 +0000] "POST /xmlrpc.php HTTP/1.1" 200 4217 "-" "Jetpack by WordPress.com (Jetpack 12.0; WordPress 6.4)"
172.70.208.90 - - [30/Jun/2026:09:41:35 +0000] "POST /xmlrpc.php HTTP/1.1" 403 4800 "-" "WordPress.com; https://wordpress.com"
162.158.116.170 - - [30/Jun/2026:09:41:41 +0000] "POST /xmlrpc.php HTTP/1.1" 200 4217 "-" "Jetpack/12.0; WordPress/6.1; http://site17696020.com"
172.70.208.90 - - [30/Jun/2026:09:41:45 +0000] "POST /xmlrpc.php HTTP/1.1" 200 4217 "-" "Jetpack by WordPress.com (Jetpack 12.5; WordPress 6.2)"
162.158.116.170 - - [30/Jun/2026:09:41:53 +0000] "POST /xmlrpc.php HTTP/1.1" 403 4800 "-" "WordPress.com; https://wordpress.com"
172.70.208.90 - - [30/Jun/2026:09:41:56 +0000] "POST /xmlrpc.php HTTP/1.1" 200 4217 "-" "Jetpack by WordPress.com (Jetpack 12.0; WordPress 6.1)"
162.158.116.170 - - [30/Jun/2026:09:42:03 +0000] "POST /xmlrpc.php HTTP/1.1" 200 4217 "-" "Jetpack by WordPress.com (Jetpack 12.0; WordPress 6.3)"
172.70.208.90 - - [30/Jun/2026:09:42:06 +0000] "POST /xmlrpc.php HTTP/1.1" 200 4217 "-" "Jetpack/12.0; WordPress/6.2; http://site89332500.com"
172.68.22.177 - - [30/Jun/2026:09:42:07 +0000] "GET /products/587561849528 HTTP/1.1" 404 99829 "-" "Mozilla/5.0 AppleWebKit/537.36 (KHTML, like Gecko; compatible; bingbot/2.0; +http://www.bing.com/bingbot.htm) Chrome/116.0.1938.76 Safari/537.36"
172.70.189.129 - - [30/Jun/2026:09:42:13 +0000] "POST /wp-cron.php?doing_wp_cron=1782812533.0272920131683349609375 HTTP/1.1" 200 4035 "-" "WordPress/7.0; https://www.simottodesign.com"
172.71.30.41 - - [30/Jun/2026:09:42:12 +0000] "GET /products/3008534574973 HTTP/1.1" 301 4159 "-" "meta-externalagent/1.1 (+https://developers.facebook.com/docs/sharing/webmasters/crawler)"
162.158.116.170 - - [30/Jun/2026:09:42:14 +0000] "POST /xmlrpc.php HTTP/1.1" 403 4800 "-" "Jetpack by WordPress.com"
172.70.208.90 - - [30/Jun/2026:09:42:17 +0000] "POST /xmlrpc.php HTTP/1.1" 403 4800 "-" "Jetpack by WordPress.com"
104.22.56.167 - - [30/Jun/2026:09:42:20 +0000] "GET /items/R471359942/ HTTP/1.1" 301 4154 "-" "meta-externalagent/1.1 (+https://developers.facebook.com/docs/sharing/webmasters/crawler)"
162.158.116.170 - - [30/Jun/2026:09:42:24 +0000] "POST /xmlrpc.php HTTP/1.1" 403 4800 "-" "WordPress.com; https://wordpress.com"
172.70.208.90 - - [30/Jun/2026:09:42:27 +0000] "POST /xmlrpc.php HTTP/1.1" 200 4217 "-" "Jetpack/12.0; WordPress/6.2; http://site45937988.com"
162.158.116.170 - - [30/Jun/2026:09:42:35 +0000] "POST /xmlrpc.php HTTP/1.1" 200 4217 "-" "Jetpack/12.5; WordPress/6.4; http://site22237781.com"
172.70.208.90 - - [30/Jun/2026:09:42:38 +0000] "POST /xmlrpc.php HTTP/1.1" 200 4217 "-" "Jetpack by WordPress.com (Jetpack 12.0; WordPress 6.4)"
162.158.116.170 - - [30/Jun/2026:09:42:46 +0000] "POST /xmlrpc.php HTTP/1.1" 200 4217 "-" "Jetpack by WordPress.com (Jetpack 13.0; WordPress 6.1)"
172.70.208.90 - - [30/Jun/2026:09:42:48 +0000] "POST /xmlrpc.php HTTP/1.1" 200 4217 "-" "Jetpack/13.0; WordPress/6.3; http://site25866072.com"
162.158.116.170 - - [30/Jun/2026:09:42:56 +0000] "POST /xmlrpc.php HTTP/1.1" 200 4217 "-" "Jetpack/12.5; WordPress/6.1; http://site24769073.com"
172.70.208.90 - - [30/Jun/2026:09:42:59 +0000] "POST /xmlrpc.php HTTP/1.1" 403 4800 "-" "Jetpack by WordPress.com"
104.23.245.32 - - [30/Jun/2026:09:43:05 +0000] "GET /products/4345824801243 HTTP/1.1" 404 99757 "-" "meta-externalagent/1.1 (+https://developers.facebook.com/docs/sharing/webmasters/crawler)"
162.158.116.170 - - [30/Jun/2026:09:43:07 +0000] "POST /xmlrpc.php HTTP/1.1" 403 4800 "-" "Jetpack by WordPress.com"
172.68.164.126 - - [30/Jun/2026:09:43:10 +0000] "POST /wp-cron.php?doing_wp_cron=1782812590.1601300239562988281250 HTTP/1.1" 200 4035 "-" "WordPress/7.0; https://www.simottodesign.com"
172.70.208.90 - - [30/Jun/2026:09:43:09 +0000] "POST /xmlrpc.php HTTP/1.1" 200 4217 "-" "Jetpack/12.1; WordPress/6.2; http://site24121910.com"
162.158.116.170 - - [30/Jun/2026:09:43:18 +0000] "POST /xmlrpc.php HTTP/1.1" 403 4800 "-" "Jetpack by WordPress.com"
172.70.208.90 - - [30/Jun/2026:09:43:20 +0000] "POST /xmlrpc.php HTTP/1.1" 200 4217 "-" "Jetpack by WordPress.com (Jetpack 13.0; WordPress 6.4)"
104.22.24.101 - - [30/Jun/2026:09:43:24 +0000] "GET /products/2563481801257 HTTP/1.1" 301 4159 "-" "meta-externalagent/1.1 (+https://developers.facebook.com/docs/sharing/webmasters/crawler)"
162.158.116.170 - - [30/Jun/2026:09:43:28 +0000] "POST /xmlrpc.php HTTP/1.1" 403 4800 "-" "WordPress.com; https://wordpress.com"
172.70.208.90 - - [30/Jun/2026:09:43:30 +0000] "POST /xmlrpc.php HTTP/1.1" 403 4800 "-" "WordPress.com; https://wordpress.com"
162.158.116.170 - - [30/Jun/2026:09:43:39 +0000] "POST /xmlrpc.php HTTP/1.1" 200 4217 "-" "Jetpack/12.1; WordPress/6.4; http://site60705544.com"
104.22.24.101 - - [30/Jun/2026:09:43:40 +0000] "GET /items/R474444246/ HTTP/1.1" 301 4154 "-" "meta-externalagent/1.1 (+https://developers.facebook.com/docs/sharing/webmasters/crawler)"
172.70.208.90 - - [30/Jun/2026:09:43:41 +0000] "POST /xmlrpc.php HTTP/1.1" 200 4217 "-" "Jetpack/12.1; WordPress/6.1; http://site61210490.com"
104.22.24.101 - - [30/Jun/2026:09:43:47 +0000] "GET /products/4503089077509 HTTP/1.1" 301 4159 "-" "meta-externalagent/1.1 (+https://developers.facebook.com/docs/sharing/webmasters/crawler)"
162.158.116.170 - - [30/Jun/2026:09:43:50 +0000] "POST /xmlrpc.php HTTP/1.1" 200 4217 "-" "Jetpack by WordPress.com (Jetpack 12.1; WordPress 6.1)"
172.70.208.90 - - [30/Jun/2026:09:43:51 +0000] "POST /xmlrpc.php HTTP/1.1" 403 4800 "-" "WordPress.com; https://wordpress.com"
162.158.116.170 - - [30/Jun/2026:09:44:00 +0000] "POST /xmlrpc.php HTTP/1.1" 200 4217 "-" "Jetpack by WordPress.com (Jetpack 13.0; WordPress 6.2)"
172.70.208.90 - - [30/Jun/2026:09:44:02 +0000] "POST /xmlrpc.php HTTP/1.1" 403 4800 "-" "WordPress.com; https://wordpress.com"
104.22.66.99 - - [30/Jun/2026:09:44:12 +0000] "POST /wp-cron.php?doing_wp_cron=1782812652.0154759883880615234375 HTTP/1.1" 200 4035 "-" "WordPress/7.0; https://www.simottodesign.com"
172.70.208.90 - - [30/Jun/2026:09:44:12 +0000] "POST /xmlrpc.php HTTP/1.1" 403 4800 "-" "WordPress.com; https://wordpress.com"
162.158.116.170 - - [30/Jun/2026:09:44:11 +0000] "POST /xmlrpc.php HTTP/1.1" 200 4217 "-" "Jetpack by WordPress.com (Jetpack 12.1; WordPress 6.1)"
172.69.70.64 - - [30/Jun/2026:09:44:18 +0000] "GET /items/R471680136/ HTTP/1.1" 301 4154 "-" "meta-externalagent/1.1 (+https://developers.facebook.com/docs/sharing/webmasters/crawler)"
172.68.22.177 - - [30/Jun/2026:09:44:19 +0000] "GET /products/2773022556583 HTTP/1.1" 404 99757 "-" "Mozilla/5.0 (Linux; Android 6.0.1; Nexus 5X Build/MMB29P) AppleWebKit/537.36 (KHTML, like Gecko) Chrome/148.0.7778.96 Mobile Safari/537.36 (compatible; Googlebot/2.1; +http://www.google.com/bot.html)"
172.68.22.177 - - [30/Jun/2026:09:44:21 +0000] "GET /products/1693080149172 HTTP/1.1" 404 99757 "-" "Mozilla/5.0 (Linux; Android 6.0.1; Nexus 5X Build/MMB29P) AppleWebKit/537.36 (KHTML, like Gecko) Chrome/148.0.7778.96 Mobile Safari/537.36 (compatible; Googlebot/2.1; +http://www.google.com/bot.html)"
162.158.116.170 - - [30/Jun/2026:09:44:22 +0000] "POST /xmlrpc.php HTTP/1.1" 200 4217 "-" "Jetpack/12.1; WordPress/6.2; http://site17250774.com"
172.68.22.177 - - [30/Jun/2026:09:44:22 +0000] "GET /products/333703866106 HTTP/1.1" 404 99756 "-" "Mozilla/5.0 (Linux; Android 6.0.1; Nexus 5X Build/MMB29P) AppleWebKit/537.36 (KHTML, like Gecko) Chrome/148.0.7778.96 Mobile Safari/537.36 (compatible; Googlebot/2.1; +http://www.google.com/bot.html)"
172.70.208.90 - - [30/Jun/2026:09:44:23 +0000] "POST /xmlrpc.php HTTP/1.1" 200 4217 "-" "Jetpack/12.0; WordPress/6.2; http://site48058195.com"
162.158.42.39 - - [30/Jun/2026:09:44:23 +0000] "GET /products/4504486654838 HTTP/1.1" 301 4159 "-" "Mozilla/5.0 (Linux; Android 6.0.1; Nexus 5X Build/MMB29P) AppleWebKit/537.36 (KHTML, like Gecko) Chrome/148.0.7778.96 Mobile Safari/537.36 (compatible; Googlebot/2.1; +http://www.google.com/bot.html)"
172.68.22.177 - - [30/Jun/2026:09:44:24 +0000] "GET /products/4504486654838 HTTP/1.1" 404 99830 "-" "Mozilla/5.0 (Linux; Android 6.0.1; Nexus 5X Build/MMB29P) AppleWebKit/537.36 (KHTML, like Gecko) Chrome/148.0.7778.96 Mobile Safari/537.36 (compatible; Googlebot/2.1; +http://www.google.com/bot.html)"
162.158.116.170 - - [30/Jun/2026:09:44:33 +0000] "POST /xmlrpc.php HTTP/1.1" 403 4800 "-" "WordPress.com; https://wordpress.com"
172.70.208.90 - - [30/Jun/2026:09:44:33 +0000] "POST /xmlrpc.php HTTP/1.1" 403 4800 "-" "Jetpack by WordPress.com"
162.158.116.170 - - [30/Jun/2026:09:44:43 +0000] "POST /xmlrpc.php HTTP/1.1" 403 4800 "-" "WordPress.com; https://wordpress.com"
172.70.208.90 - - [30/Jun/2026:09:44:44 +0000] "POST /xmlrpc.php HTTP/1.1" 200 4217 "-" "Jetpack/13.0; WordPress/6.3; http://site73395853.com"
162.158.116.170 - - [30/Jun/2026:09:44:54 +0000] "POST /xmlrpc.php HTTP/1.1" 403 4800 "-" "Jetpack by WordPress.com"
172.70.208.90 - - [30/Jun/2026:09:44:54 +0000] "POST /xmlrpc.php HTTP/1.1" 200 4217 "-" "Jetpack by WordPress.com (Jetpack 12.5; WordPress 6.4)"
52.74.152.156 - - [30/Jun/2026:09:45:02 +0000] "GET / HTTP/1.1" 301 4025 "https://simottodesign.com/" "Mozilla/5.0 (Macintosh; Intel Mac OS X 14_4) AppleWebKit/537.36 (KHTML, like Gecko) Chrome/124.0.0.0 Safari/537.36"
52.74.152.156 - - [30/Jun/2026:09:45:03 +0000] "GET / HTTP/1.1" 200 29817 "https://www.simottodesign.com/" "Mozilla/5.0 (Windows NT 10.0; Win64; x64) AppleWebKit/537.36 (KHTML, like Gecko) Chrome/124.0.0.0 Safari/537.36"
172.70.208.90 - - [30/Jun/2026:09:45:05 +0000] "POST /xmlrpc.php HTTP/1.1" 403 4800 "-" "WordPress.com; https://wordpress.com"
162.158.116.170 - - [30/Jun/2026:09:45:04 +0000] "POST /xmlrpc.php HTTP/1.1" 200 4217 "-" "Jetpack by WordPress.com (Jetpack 13.0; WordPress 6.3)"
172.70.208.90 - - [30/Jun/2026:09:45:15 +0000] "POST /xmlrpc.php HTTP/1.1" 403 4800 "-" "Jetpack by WordPress.com"
172.71.81.82 - - [30/Jun/2026:09:45:16 +0000] "POST /wp-cron.php?doing_wp_cron=1782812716.0267710685729980468750 HTTP/1.1" 200 4035 "-" "WordPress/7.0; https://www.simottodesign.com"
162.158.116.170 - - [30/Jun/2026:09:45:15 +0000] "POST /xmlrpc.php HTTP/1.1" 200 4217 "-" "Jetpack/13.0; WordPress/6.1; http://site50666312.com"
172.70.208.90 - - [30/Jun/2026:09:45:26 +0000] "POST /xmlrpc.php HTTP/1.1" 403 4800 "-" "Jetpack by WordPress.com"
162.158.116.170 - - [30/Jun/2026:09:45:26 +0000] "POST /xmlrpc.php HTTP/1.1" 200 4217 "-" "Jetpack by WordPress.com (Jetpack 12.0; WordPress 6.3)"
172.70.208.90 - - [30/Jun/2026:09:45:36 +0000] "POST /xmlrpc.php HTTP/1.1" 403 4800 "-" "WordPress.com; https://wordpress.com"
162.158.116.170 - - [30/Jun/2026:09:45:36 +0000] "POST /xmlrpc.php HTTP/1.1" 200 4217 "-" "Jetpack by WordPress.com (Jetpack 12.5; WordPress 6.1)"
172.70.208.90 - - [30/Jun/2026:09:45:47 +0000] "POST /xmlrpc.php HTTP/1.1" 403 4800 "-" "WordPress.com; https://wordpress.com"
162.158.116.170 - - [30/Jun/2026:09:45:47 +0000] "POST /xmlrpc.php HTTP/1.1" 403 4800 "-" "WordPress.com; https://wordpress.com"
172.70.208.90 - - [30/Jun/2026:09:45:57 +0000] "POST /xmlrpc.php HTTP/1.1" 200 4217 "-" "Jetpack/13.0; WordPress/6.2; http://site76121258.com"
162.158.116.170 - - [30/Jun/2026:09:45:58 +0000] "POST /xmlrpc.php HTTP/1.1" 200 4217 "-" "Jetpack/13.0; WordPress/6.4; http://site23658801.com"
172.70.208.90 - - [30/Jun/2026:09:46:08 +0000] "POST /xmlrpc.php HTTP/1.1" 403 4800 "-" "WordPress.com; https://wordpress.com"
162.158.116.170 - - [30/Jun/2026:09:46:08 +0000] "POST /xmlrpc.php HTTP/1.1" 403 4800 "-" "Jetpack by WordPress.com"
172.68.164.127 - - [30/Jun/2026:09:46:19 +0000] "POST /wp-cron.php?doing_wp_cron=1782812779.0602760314941406250000 HTTP/1.1" 200 4035 "-" "WordPress/7.0; https://www.simottodesign.com"
172.70.208.90 - - [30/Jun/2026:09:46:18 +0000] "POST /xmlrpc.php HTTP/1.1" 200 4217 "-" "Jetpack by WordPress.com (Jetpack 13.0; WordPress 6.1)"
162.158.116.170 - - [30/Jun/2026:09:46:19 +0000] "POST /xmlrpc.php HTTP/1.1" 403 4800 "-" "Jetpack by WordPress.com"
172.70.208.90 - - [30/Jun/2026:09:46:28 +0000] "POST /xmlrpc.php HTTP/1.1" 200 4217 "-" "Jetpack/12.1; WordPress/6.3; http://site75429601.com"
162.158.116.170 - - [30/Jun/2026:09:46:30 +0000] "POST /xmlrpc.php HTTP/1.1" 200 4217 "-" "Jetpack/12.0; WordPress/6.2; http://site55376690.com"
172.71.30.40 - - [30/Jun/2026:09:46:33 +0000] "GET /products/4913743569635 HTTP/1.1" 301 4159 "-" "meta-externalagent/1.1 (+https://developers.facebook.com/docs/sharing/webmasters/crawler)"
172.70.208.90 - - [30/Jun/2026:09:46:39 +0000] "POST /xmlrpc.php HTTP/1.1" 403 4800 "-" "Jetpack by WordPress.com"
162.158.116.170 - - [30/Jun/2026:09:46:40 +0000] "POST /xmlrpc.php HTTP/1.1" 200 4217 "-" "Jetpack by WordPress.com (Jetpack 13.0; WordPress 6.4)"
172.70.208.90 - - [30/Jun/2026:09:46:49 +0000] "POST /xmlrpc.php HTTP/1.1" 403 4800 "-" "WordPress.com; https://wordpress.com"
162.158.116.170 - - [30/Jun/2026:09:46:51 +0000] "POST /xmlrpc.php HTTP/1.1" 403 4800 "-" "Jetpack by WordPress.com (Jetpack 12.0; WordPress 6.3)"
104.22.56.166 - - [30/Jun/2026:09:46:52 +0000] "GET /products/983504106538 HTTP/1.1" 301 4158 "-" "meta-externalagent/1.1 (+https://developers.facebook.com/docs/sharing/webmasters/crawler)"
172.70.208.90 - - [30/Jun/2026:09:47:00 +0000] "POST /xmlrpc.php HTTP/1.1" 403 4800 "-" "Jetpack by WordPress.com"
162.158.116.170 - - [30/Jun/2026:09:47:02 +0000] "POST /xmlrpc.php HTTP/1.1" 403 4800 "-" "Jetpack by WordPress.com"
172.70.208.90 - - [30/Jun/2026:09:47:10 +0000] "POST /xmlrpc.php HTTP/1.1" 403 4800 "-" "Jetpack by WordPress.com"
162.158.116.170 - - [30/Jun/2026:09:47:13 +0000] "POST /xmlrpc.php HTTP/1.1" 403 4800 "-" "WordPress.com; https://wordpress.com"
172.70.208.90 - - [30/Jun/2026:09:47:21 +0000] "POST /xmlrpc.php HTTP/1.1" 403 4800 "-" "WordPress.com; https://wordpress.com"
162.158.116.170 - - [30/Jun/2026:09:47:23 +0000] "POST /xmlrpc.php HTTP/1.1" 403 4800 "-" "WordPress.com; https://wordpress.com"
172.69.165.82 - - [30/Jun/2026:09:47:26 +0000] "POST /wp-cron.php?doing_wp_cron=1782812846.9359910488128662109375 HTTP/1.1" 200 4035 "-" "WordPress/7.0; https://www.simottodesign.com"
162.159.120.160 - - [30/Jun/2026:09:47:26 +0000] "GET /products/90253852030 HTTP/1.1" 404 99755 "-" "Mozilla/5.0 (Linux; Android 6.0.1; Nexus 5X Build/MMB29P) AppleWebKit/537.36 (KHTML, like Gecko) Chrome/148.0.7778.96 Mobile Safari/537.36 (compatible; Googlebot/2.1; +http://www.google.com/bot.html)"
108.162.245.212 - - [30/Jun/2026:09:47:27 +0000] "GET /products/1902476807830 HTTP/1.1" 301 4159 "-" "Mozilla/5.0 (Linux; Android 6.0.1; Nexus 5X Build/MMB29P) AppleWebKit/537.36 (KHTML, like Gecko) Chrome/148.0.7778.96 Mobile Safari/537.36 (compatible; Googlebot/2.1; +http://www.google.com/bot.html)"
172.68.22.177 - - [30/Jun/2026:09:47:29 +0000] "GET /products/1902476807830 HTTP/1.1" 404 99830 "-" "Mozilla/5.0 (Linux; Android 6.0.1; Nexus 5X Build/MMB29P) AppleWebKit/537.36 (KHTML, like Gecko) Chrome/148.0.7778.96 Mobile Safari/537.36 (compatible; Googlebot/2.1; +http://www.google.com/bot.html)"
172.70.208.90 - - [30/Jun/2026:09:47:31 +0000] "POST /xmlrpc.php HTTP/1.1" 200 4217 "-" "Jetpack by WordPress.com (Jetpack 13.0; WordPress 6.4)"
162.158.116.170 - - [30/Jun/2026:09:47:34 +0000] "POST /xmlrpc.php HTTP/1.1" 403 4800 "-" "Jetpack by WordPress.com"
172.70.208.90 - - [30/Jun/2026:09:47:42 +0000] "POST /xmlrpc.php HTTP/1.1" 200 4217 "-" "Jetpack/12.1; WordPress/6.3; http://site88919299.com"
162.158.116.170 - - [30/Jun/2026:09:47:44 +0000] "POST /xmlrpc.php HTTP/1.1" 200 4217 "-" "Jetpack/12.0; WordPress/6.3; http://site38720427.com"
172.70.208.90 - - [30/Jun/2026:09:47:52 +0000] "POST /xmlrpc.php HTTP/1.1" 403 4800 "-" "WordPress.com; https://wordpress.com"
162.158.116.170 - - [30/Jun/2026:09:47:55 +0000] "POST /xmlrpc.php HTTP/1.1" 200 4217 "-" "Jetpack/12.1; WordPress/6.4; http://site95171343.com"
172.70.208.90 - - [30/Jun/2026:09:48:03 +0000] "POST /xmlrpc.php HTTP/1.1" 200 4217 "-" "Jetpack by WordPress.com (Jetpack 13.0; WordPress 6.4)"
162.158.116.170 - - [30/Jun/2026:09:48:05 +0000] "POST /xmlrpc.php HTTP/1.1" 403 4800 "-" "WordPress.com; https://wordpress.com"
172.71.81.82 - - [30/Jun/2026:09:48:14 +0000] "POST /wp-cron.php?doing_wp_cron=1782812894.3518369197845458984375 HTTP/1.1" 200 4035 "-" "WordPress/7.0; https://www.simottodesign.com"
172.70.208.90 - - [30/Jun/2026:09:48:13 +0000] "POST /xmlrpc.php HTTP/1.1" 200 4217 "-" "Jetpack by WordPress.com (Jetpack 12.0; WordPress 6.4)"
162.158.116.170 - - [30/Jun/2026:09:48:16 +0000] "POST /xmlrpc.php HTTP/1.1" 200 4217 "-" "Jetpack by WordPress.com (Jetpack 13.0; WordPress 6.4)"
172.70.208.90 - - [30/Jun/2026:09:48:24 +0000] "POST /xmlrpc.php HTTP/1.1" 200 4217 "-" "Jetpack/12.5; WordPress/6.1; http://site51372847.com"
162.158.116.170 - - [30/Jun/2026:09:48:27 +0000] "POST /xmlrpc.php HTTP/1.1" 403 4800 "-" "WordPress.com; https://wordpress.com"
172.70.208.90 - - [30/Jun/2026:09:48:34 +0000] "POST /xmlrpc.php HTTP/1.1" 403 4800 "-" "WordPress.com; https://wordpress.com"
162.158.116.170 - - [30/Jun/2026:09:48:37 +0000] "POST /xmlrpc.php HTTP/1.1" 200 4217 "-" "Jetpack by WordPress.com (Jetpack 12.1; WordPress 6.3)"
172.70.208.90 - - [30/Jun/2026:09:48:45 +0000] "POST /xmlrpc.php HTTP/1.1" 200 4217 "-" "Jetpack/13.0; WordPress/6.2; http://site49021592.com"
162.158.116.170 - - [30/Jun/2026:09:48:48 +0000] "POST /xmlrpc.php HTTP/1.1" 403 4800 "-" "Jetpack by WordPress.com"
172.70.208.90 - - [30/Jun/2026:09:48:55 +0000] "POST /xmlrpc.php HTTP/1.1" 200 4217 "-" "Jetpack by WordPress.com (Jetpack 12.5; WordPress 6.1)"
162.158.116.170 - - [30/Jun/2026:09:48:58 +0000] "POST /xmlrpc.php HTTP/1.1" 200 4217 "-" "Jetpack/13.0; WordPress/6.1; http://site74883883.com"
172.70.208.90 - - [30/Jun/2026:09:49:06 +0000] "POST /xmlrpc.php HTTP/1.1" 200 4217 "-" "Jetpack/12.5; WordPress/6.1; http://site21244762.com"
172.70.208.127 - - [30/Jun/2026:09:49:10 +0000] "POST /wp-cron.php?doing_wp_cron=1782812950.0396099090576171875000 HTTP/1.1" 200 4035 "-" "WordPress/7.0; https://www.simottodesign.com"
162.158.116.170 - - [30/Jun/2026:09:49:09 +0000] "POST /xmlrpc.php HTTP/1.1" 200 4217 "-" "Jetpack by WordPress.com (Jetpack 13.0; WordPress 6.4)"
172.70.208.90 - - [30/Jun/2026:09:49:16 +0000] "POST /xmlrpc.php HTTP/1.1" 200 4217 "-" "Jetpack/12.5; WordPress/6.4; http://site80694931.com"
162.158.116.170 - - [30/Jun/2026:09:49:20 +0000] "POST /xmlrpc.php HTTP/1.1" 403 4800 "-" "Jetpack by WordPress.com"
104.22.56.166 - - [30/Jun/2026:09:49:20 +0000] "GET /products/5590277257142 HTTP/1.1" 301 4159 "-" "meta-externalagent/1.1 (+https://developers.facebook.com/docs/sharing/webmasters/crawler)"
172.70.208.90 - - [30/Jun/2026:09:49:27 +0000] "POST /xmlrpc.php HTTP/1.1" 200 4217 "-" "Jetpack/12.5; WordPress/6.4; http://site76361697.com"
162.158.116.170 - - [30/Jun/2026:09:49:30 +0000] "POST /xmlrpc.php HTTP/1.1" 200 4217 "-" "Jetpack/12.5; WordPress/6.2; http://site75032880.com"
172.70.208.90 - - [30/Jun/2026:09:49:37 +0000] "POST /xmlrpc.php HTTP/1.1" 200 4217 "-" "Jetpack by WordPress.com (Jetpack 12.1; WordPress 6.1)"
162.158.116.170 - - [30/Jun/2026:09:49:41 +0000] "POST /xmlrpc.php HTTP/1.1" 200 4217 "-" "Jetpack by WordPress.com (Jetpack 13.0; WordPress 6.3)"
172.70.208.90 - - [30/Jun/2026:09:49:48 +0000] "POST /xmlrpc.php HTTP/1.1" 403 4800 "-" "Jetpack by WordPress.com"
162.158.116.170 - - [30/Jun/2026:09:49:52 +0000] "POST /xmlrpc.php HTTP/1.1" 403 4800 "-" "Jetpack by WordPress.com (Jetpack 13.0; WordPress 6.4)"
172.70.208.90 - - [30/Jun/2026:09:49:58 +0000] "POST /xmlrpc.php HTTP/1.1" 403 4800 "-" "Jetpack by WordPress.com"
162.158.116.170 - - [30/Jun/2026:09:50:02 +0000] "POST /xmlrpc.php HTTP/1.1" 403 4800 "-" "WordPress.com; https://wordpress.com"
104.22.104.170 - - [30/Jun/2026:09:50:03 +0000] "GET / HTTP/1.1" 301 4025 "http://simottodesign.com/" "Go-http-client/2.0"
104.22.104.247 - - [30/Jun/2026:09:50:05 +0000] "GET / HTTP/1.1" 200 29817 "https://simottodesign.com/" "Go-http-client/2.0"
162.158.88.100 - - [30/Jun/2026:09:50:06 +0000] "GET /wp-login.php HTTP/1.1" 200 6260 "-" "Mozilla/5.0 (X11; Ubuntu; Linux x86_64) AppleWebKit/537.36 (KHTML, like Gecko) Chrome/133.0.0.0 Safari/537.36"
104.22.100.92 - - [30/Jun/2026:09:50:07 +0000] "GET /wp-includes/css/buttons.css HTTP/1.1" 200 4002 "http://simottodesign.com/wp-includes/css/buttons.css" "Go-http-client/2.0"
104.22.100.92 - - [30/Jun/2026:09:50:07 +0000] "GET /wp-includes/css/buttons.css HTTP/2.0" 200 3098 "http://simottodesign.com/wp-includes/css/buttons.css" "Go-http-client/2.0"
172.70.208.90 - - [30/Jun/2026:09:50:09 +0000] "POST /xmlrpc.php HTTP/1.1" 403 4800 "-" "Jetpack by WordPress.com"
104.23.175.205 - - [30/Jun/2026:09:50:10 +0000] "POST /wp-cron.php?doing_wp_cron=1782813010.4508531093597412109375 HTTP/1.1" 200 4035 "-" "WordPress/7.0; https://www.simottodesign.com"
162.158.88.100 - - [30/Jun/2026:09:50:09 +0000] "POST /wp-login.php HTTP/1.1" 200 6397 "https://www.simottodesign.com/wp-login.php" "Mozilla/5.0 (X11; Ubuntu; Linux x86_64) AppleWebKit/537.36 (KHTML, like Gecko) Chrome/133.0.0.0 Safari/537.36"
172.68.71.113 - - [30/Jun/2026:09:50:11 +0000] "GET /items/R472045393/ HTTP/1.1" 301 4154 "-" "meta-externalagent/1.1 (+https://developers.facebook.com/docs/sharing/webmasters/crawler)"
162.158.116.170 - - [30/Jun/2026:09:50:13 +0000] "POST /xmlrpc.php HTTP/1.1" 403 4800 "-" "Jetpack by WordPress.com"
172.70.208.90 - - [30/Jun/2026:09:50:19 +0000] "POST /xmlrpc.php HTTP/1.1" 403 4800 "-" "Jetpack by WordPress.com"
172.70.208.90 - - [30/Jun/2026:09:50:30 +0000] "POST /xmlrpc.php HTTP/1.1" 403 4800 "-" "WordPress.com; https://wordpress.com"
172.68.71.113 - - [30/Jun/2026:09:50:36 +0000] "GET /items/R475123444/ HTTP/1.1" 301 4154 "-" "meta-externalagent/1.1 (+https://developers.facebook.com/docs/sharing/webmasters/crawler)"
172.68.71.113 - - [30/Jun/2026:09:50:37 +0000] "GET /products/3101654546284 HTTP/1.1" 301 4159 "-" "meta-externalagent/1.1 (+https://developers.facebook.com/docs/sharing/webmasters/crawler)"
172.70.208.90 - - [30/Jun/2026:09:50:40 +0000] "POST /xmlrpc.php HTTP/1.1" 403 4800 "-" "Jetpack by WordPress.com"
172.70.208.90 - - [30/Jun/2026:09:50:51 +0000] "POST /xmlrpc.php HTTP/1.1" 200 4217 "-" "Jetpack by WordPress.com (Jetpack 12.0; WordPress 6.1)"
172.70.208.90 - - [30/Jun/2026:09:51:01 +0000] "POST /xmlrpc.php HTTP/1.1" 200 4217 "-" "Jetpack by WordPress.com (Jetpack 12.0; WordPress 6.2)"
172.71.124.61 - - [30/Jun/2026:09:51:07 +0000] "POST /xmlrpc.php HTTP/1.1" 200 4217 "-" "Jetpack/13.0; WordPress/6.3; http://site65420156.com"
172.70.208.90 - - [30/Jun/2026:09:51:12 +0000] "POST /xmlrpc.php HTTP/1.1" 403 4800 "-" "WordPress.com; https://wordpress.com"
162.158.170.241 - - [30/Jun/2026:09:51:15 +0000] "POST /wp-cron.php?doing_wp_cron=1782813075.7093889713287353515625 HTTP/1.1" 200 4035 "-" "WordPress/7.0; https://www.simottodesign.com"
