172.71.222.220 - - [30/Jun/2026:14:38:47 +0000] "GET /robots.txt HTTP/1.1" 200 4182 "-" "Mozilla/5.0 (compatible; SemrushBot/7~bl; +http://www.semrush.com/bot.html)"
172.71.31.119 - - [30/Jun/2026:14:38:48 +0000] "GET /products/568603612795 HTTP/1.1" 301 4158 "-" "meta-externalagent/1.1 (+https://developers.facebook.com/docs/sharing/webmasters/crawler)"
172.70.43.38 - - [30/Jun/2026:14:38:49 +0000] "GET /hello-world/ HTTP/1.1" 200 28548 "-" "Mozilla/5.0 (compatible; SemrushBot/7~bl; +http://www.semrush.com/bot.html)"
172.68.71.114 - - [30/Jun/2026:14:38:50 +0000] "GET /products/1373302992875 HTTP/1.1" 301 4159 "-" "meta-externalagent/1.1 (+https://developers.facebook.com/docs/sharing/webmasters/crawler)"
104.22.1.17 - - [30/Jun/2026:14:38:54 +0000] "GET /items/R475083467/ HTTP/1.1" 301 4154 "-" "meta-externalagent/1.1 (+https://developers.facebook.com/docs/sharing/webmasters/crawler)"
172.71.23.122 - - [30/Jun/2026:14:38:55 +0000] "GET /products/4450837445650 HTTP/1.1" 404 99757 "-" "meta-externalagent/1.1 (+https://developers.facebook.com/docs/sharing/webmasters/crawler)"
172.68.71.114 - - [30/Jun/2026:14:39:01 +0000] "GET /items/R474112867/ HTTP/1.1" 301 4154 "-" "meta-externalagent/1.1 (+https://developers.facebook.com/docs/sharing/webmasters/crawler)"
104.22.66.98 - - [30/Jun/2026:14:39:18 +0000] "POST /wp-cron.php?doing_wp_cron=1782830358.6867890357971191406250 HTTP/1.1" 200 4035 "-" "WordPress/7.0; https://www.simottodesign.com"
104.22.24.101 - - [30/Jun/2026:14:39:18 +0000] "GET /products/2126849092453 HTTP/1.1" 301 4159 "-" "meta-externalagent/1.1 (+https://developers.facebook.com/docs/sharing/webmasters/crawler)"
104.22.1.17 - - [30/Jun/2026:14:39:47 +0000] "GET /items/R475339777/ HTTP/1.1" 301 4154 "-" "meta-externalagent/1.1 (+https://developers.facebook.com/docs/sharing/webmasters/crawler)"
172.69.70.65 - - [30/Jun/2026:14:39:50 +0000] "GET /products/4749557282276 HTTP/1.1" 301 4159 "-" "meta-externalagent/1.1 (+https://developers.facebook.com/docs/sharing/webmasters/crawler)"
172.68.71.114 - - [30/Jun/2026:14:39:51 +0000] "GET /items/R473176052/ HTTP/1.1" 301 4154 "-" "meta-externalagent/1.1 (+https://developers.facebook.com/docs/sharing/webmasters/crawler)"
104.22.56.207 - - [30/Jun/2026:14:40:07 +0000] "GET /products/740624895024 HTTP/1.1" 404 99756 "-" "meta-externalagent/1.1 (+https://developers.facebook.com/docs/sharing/webmasters/crawler)"
162.158.108.88 - - [30/Jun/2026:14:40:12 +0000] "POST /wp-cron.php?doing_wp_cron=1782830412.8744890689849853515625 HTTP/1.1" 200 4035 "-" "WordPress/7.0; https://www.simottodesign.com"
162.159.120.161 - - [30/Jun/2026:14:40:12 +0000] "GET /products/4353353982819 HTTP/1.1" 404 99757 "-" "Mozilla/5.0 (Linux; Android 6.0.1; Nexus 5X Build/MMB29P) AppleWebKit/537.36 (KHTML, like Gecko) Chrome/148.0.7778.96 Mobile Safari/537.36 (compatible; Googlebot/2.1; +http://www.google.com/bot.html)"
172.71.146.86 - - [30/Jun/2026:14:40:13 +0000] "GET /products/897345647462 HTTP/1.1" 301 4158 "-" "Mozilla/5.0 (Linux; Android 6.0.1; Nexus 5X Build/MMB29P) AppleWebKit/537.36 (KHTML, like Gecko) Chrome/148.0.7778.96 Mobile Safari/537.36 (compatible; Googlebot/2.1; +http://www.google.com/bot.html)"
162.159.120.161 - - [30/Jun/2026:14:40:14 +0000] "GET /products/897345647462 HTTP/1.1" 404 99756 "-" "Mozilla/5.0 (Linux; Android 6.0.1; Nexus 5X Build/MMB29P) AppleWebKit/537.36 (KHTML, like Gecko) Chrome/148.0.7778.96 Mobile Safari/537.36 (compatible; Googlebot/2.1; +http://www.google.com/bot.html)"
104.23.245.187 - - [30/Jun/2026:14:41:02 +0000] "GET /products/2927593653720 HTTP/1.1" 301 4159 "-" "meta-externalagent/1.1 (+https://developers.facebook.com/docs/sharing/webmasters/crawler)"
104.22.56.207 - - [30/Jun/2026:14:41:07 +0000] "GET /products/5632044433 HTTP/1.1" 404 99749 "-" "meta-externalagent/1.1 (+https://developers.facebook.com/docs/sharing/webmasters/crawler)"
162.159.120.161 - - [30/Jun/2026:14:41:08 +0000] "GET /products/3407019224274 HTTP/1.1" 404 99757 "-" "Mozilla/5.0 (Linux; Android 6.0.1; Nexus 5X Build/MMB29P) AppleWebKit/537.36 (KHTML, like Gecko) Chrome/148.0.7778.96 Mobile Safari/537.36 (compatible; Googlebot/2.1; +http://www.google.com/bot.html)"
172.71.218.84 - - [30/Jun/2026:14:41:16 +0000] "POST /wp-cron.php?doing_wp_cron=1782830475.9775540828704833984375 HTTP/1.1" 200 4035 "-" "WordPress/7.0; https://www.simottodesign.com"
172.71.22.224 - - [30/Jun/2026:14:41:15 +0000] "GET /products/4594662068752 HTTP/1.1" 301 4159 "-" "meta-externalagent/1.1 (+https://developers.facebook.com/docs/sharing/webmasters/crawler)"
172.69.70.65 - - [30/Jun/2026:14:41:49 +0000] "GET /products/1988114965880 HTTP/1.1" 301 4159 "-" "meta-externalagent/1.1 (+https://developers.facebook.com/docs/sharing/webmasters/crawler)"
104.22.17.83 - - [30/Jun/2026:14:42:00 +0000] "GET /wp-login.php HTTP/1.1" 200 6261 "-" "Mozilla/5.0 (Macintosh; Intel Mac OS X 10_15_7) AppleWebKit/537.36 (KHTML, like Gecko) Chrome/133.0.0.0 Safari/537.36 Edg/133.0.0.0"
162.159.120.161 - - [30/Jun/2026:14:42:01 +0000] "GET /products/2724072057328 HTTP/1.1" 404 99757 "-" "Mozilla/5.0 (Linux; Android 6.0.1; Nexus 5X Build/MMB29P) AppleWebKit/537.36 (KHTML, like Gecko) Chrome/148.0.7778.96 Mobile Safari/537.36 (compatible; Googlebot/2.1; +http://www.google.com/bot.html)"
104.22.17.83 - - [30/Jun/2026:14:42:07 +0000] "POST /wp-login.php HTTP/1.1" 200 6395 "https://simottodesign.com/wp-login.php" "Mozilla/5.0 (Macintosh; Intel Mac OS X 10_15_7) AppleWebKit/537.36 (KHTML, like Gecko) Chrome/133.0.0.0 Safari/537.36 Edg/133.0.0.0"
172.71.23.122 - - [30/Jun/2026:14:42:07 +0000] "GET /products/5755993219184 HTTP/1.1" 404 99757 "-" "meta-externalagent/1.1 (+https://developers.facebook.com/docs/sharing/webmasters/crawler)"
172.70.208.127 - - [30/Jun/2026:14:42:09 +0000] "POST /wp-cron.php?doing_wp_cron=1782830529.7808849811553955078125 HTTP/1.1" 200 4035 "-" "WordPress/7.0; https://www.simottodesign.com"
104.22.56.167 - - [30/Jun/2026:14:42:09 +0000] "GET /items/R474557303/ HTTP/1.1" 301 4154 "-" "meta-externalagent/1.1 (+https://developers.facebook.com/docs/sharing/webmasters/crawler)"
104.23.245.186 - - [30/Jun/2026:14:42:20 +0000] "GET /items/R474346113/ HTTP/1.1" 301 4154 "-" "meta-externalagent/1.1 (+https://developers.facebook.com/docs/sharing/webmasters/crawler)"
104.23.245.186 - - [30/Jun/2026:14:42:23 +0000] "GET /products/4816521802926 HTTP/1.1" 301 4159 "-" "meta-externalagent/1.1 (+https://developers.facebook.com/docs/sharing/webmasters/crawler)"
172.68.70.35 - - [30/Jun/2026:14:42:32 +0000] "GET /products/828966673217 HTTP/1.1" 404 99756 "-" "meta-externalagent/1.1 (+https://developers.facebook.com/docs/sharing/webmasters/crawler)"
172.71.10.74 - - [30/Jun/2026:14:42:37 +0000] "POST /xmlrpc.php HTTP/1.1" 200 4217 "-" "Jetpack/12.0; WordPress/6.1; http://site37098854.com"
104.22.1.16 - - [30/Jun/2026:14:42:42 +0000] "GET /items/R471082055/ HTTP/1.1" 301 4154 "-" "meta-externalagent/1.1 (+https://developers.facebook.com/docs/sharing/webmasters/crawler)"
108.162.238.59 - - [30/Jun/2026:14:42:42 +0000] "GET /products/5589898670172 HTTP/1.1" 301 4159 "-" "meta-externalagent/1.1 (+https://developers.facebook.com/docs/sharing/webmasters/crawler)"
172.71.10.74 - - [30/Jun/2026:14:42:46 +0000] "POST /xmlrpc.php HTTP/1.1" 200 4217 "-" "Jetpack by WordPress.com"
172.71.10.74 - - [30/Jun/2026:14:42:57 +0000] "POST /xmlrpc.php HTTP/1.1" 200 4217 "-" "Jetpack/12.5; WordPress/6.3; http://site72262564.com"
172.71.10.74 - - [30/Jun/2026:14:43:08 +0000] "POST /xmlrpc.php HTTP/1.1" 200 4217 "-" "Jetpack/12.0; WordPress/6.2; http://site99350866.com"
162.158.88.100 - - [30/Jun/2026:14:43:19 +0000] "POST /wp-cron.php?doing_wp_cron=1782830598.9183340072631835937500 HTTP/1.1" 200 4035 "-" "WordPress/7.0; https://www.simottodesign.com"
172.71.10.74 - - [30/Jun/2026:14:43:18 +0000] "POST /xmlrpc.php HTTP/1.1" 200 4217 "-" "Jetpack by WordPress.com (Jetpack 12.5; WordPress 6.3)"
172.71.10.74 - - [30/Jun/2026:14:43:28 +0000] "POST /xmlrpc.php HTTP/1.1" 200 4217 "-" "Jetpack by WordPress.com (Jetpack 12.5; WordPress 6.2)"
172.71.10.74 - - [30/Jun/2026:14:43:39 +0000] "POST /xmlrpc.php HTTP/1.1" 200 4217 "-" "Jetpack/13.0; WordPress/6.4; http://site33495274.com"
104.22.1.16 - - [30/Jun/2026:14:43:43 +0000] "GET /products/5892193786875 HTTP/1.1" 301 4159 "-" "meta-externalagent/1.1 (+https://developers.facebook.com/docs/sharing/webmasters/crawler)"
172.68.22.176 - - [30/Jun/2026:14:43:48 +0000] "GET /products/3170125752259 HTTP/1.1" 404 99757 "-" "Mozilla/5.0 (Linux; Android 6.0.1; Nexus 5X Build/MMB29P) AppleWebKit/537.36 (KHTML, like Gecko) Chrome/148.0.7778.96 Mobile Safari/537.36 (compatible; Googlebot/2.1; +http://www.google.com/bot.html)"
172.68.71.113 - - [30/Jun/2026:14:43:48 +0000] "GET /products/1918519223528 HTTP/1.1" 301 4159 "-" "meta-externalagent/1.1 (+https://developers.facebook.com/docs/sharing/webmasters/crawler)"
172.71.10.74 - - [30/Jun/2026:14:43:49 +0000] "POST /xmlrpc.php HTTP/1.1" 200 4217 "-" "Jetpack by WordPress.com"
172.71.10.74 - - [30/Jun/2026:14:44:00 +0000] "POST /xmlrpc.php HTTP/1.1" 200 4217 "-" "Jetpack/12.0; WordPress/6.2; http://site12601649.com"
104.22.56.166 - - [30/Jun/2026:14:44:06 +0000] "GET /products/4353927401735 HTTP/1.1" 301 4159 "-" "meta-externalagent/1.1 (+https://developers.facebook.com/docs/sharing/webmasters/crawler)"
172.70.143.212 - - [30/Jun/2026:14:44:11 +0000] "POST /wp-cron.php?doing_wp_cron=1782830651.3359370231628417968750 HTTP/1.1" 200 4035 "-" "WordPress/7.0; https://www.simottodesign.com"
172.71.10.74 - - [30/Jun/2026:14:44:10 +0000] "POST /xmlrpc.php HTTP/1.1" 200 4217 "-" "Jetpack/12.1; WordPress/6.3; http://site10987632.com"
104.22.1.201 - - [30/Jun/2026:14:44:14 +0000] "GET /products/479233270692 HTTP/1.1" 404 99756 "-" "meta-externalagent/1.1 (+https://developers.facebook.com/docs/sharing/webmasters/crawler)"
104.22.56.166 - - [30/Jun/2026:14:44:15 +0000] "GET /products/5622591502188 HTTP/1.1" 301 4159 "-" "meta-externalagent/1.1 (+https://developers.facebook.com/docs/sharing/webmasters/crawler)"
172.71.191.48 - - [30/Jun/2026:14:44:18 +0000] "GET /products/5737741593216 HTTP/1.1" 404 99757 "-" "Mozilla/5.0 AppleWebKit/537.36 (KHTML, like Gecko; compatible; bingbot/2.0; +http://www.bing.com/bingbot.htm) Chrome/116.0.1938.76 Safari/537.36"
104.23.245.33 - - [30/Jun/2026:14:44:20 +0000] "GET /items/R471673225/ HTTP/1.1" 404 99752 "-" "meta-externalagent/1.1 (+https://developers.facebook.com/docs/sharing/webmasters/crawler)"
172.71.10.74 - - [30/Jun/2026:14:44:21 +0000] "POST /xmlrpc.php HTTP/1.1" 200 4217 "-" "Jetpack by WordPress.com"
104.22.56.166 - - [30/Jun/2026:14:44:26 +0000] "GET /items/R474137107/ HTTP/1.1" 301 4154 "-" "meta-externalagent/1.1 (+https://developers.facebook.com/docs/sharing/webmasters/crawler)"
172.71.10.74 - - [30/Jun/2026:14:44:31 +0000] "POST /xmlrpc.php HTTP/1.1" 200 4217 "-" "Jetpack/13.0; WordPress/6.3; http://site64799539.com"
162.158.42.39 - - [30/Jun/2026:14:44:42 +0000] "GET /products/4414562009758 HTTP/1.1" 301 4159 "-" "Mozilla/5.0 (Linux; Android 6.0.1; Nexus 5X Build/MMB29P) AppleWebKit/537.36 (KHTML, like Gecko) Chrome/148.0.7778.96 Mobile Safari/537.36 (compatible; Googlebot/2.1; +http://www.google.com/bot.html)"
172.71.10.74 - - [30/Jun/2026:14:44:42 +0000] "POST /xmlrpc.php HTTP/1.1" 200 4217 "-" "Jetpack/12.1; WordPress/6.1; http://site49913381.com"
172.68.22.176 - - [30/Jun/2026:14:44:42 +0000] "GET /products/3646623855849 HTTP/1.1" 404 99757 "-" "Mozilla/5.0 (Linux; Android 6.0.1; Nexus 5X Build/MMB29P) AppleWebKit/537.36 (KHTML, like Gecko) Chrome/148.0.7778.96 Mobile Safari/537.36 (compatible; Googlebot/2.1; +http://www.google.com/bot.html)"
172.68.22.176 - - [30/Jun/2026:14:44:44 +0000] "GET /products/4414562009758 HTTP/1.1" 404 99757 "-" "Mozilla/5.0 (Linux; Android 6.0.1; Nexus 5X Build/MMB29P) AppleWebKit/537.36 (KHTML, like Gecko) Chrome/148.0.7778.96 Mobile Safari/537.36 (compatible; Googlebot/2.1; +http://www.google.com/bot.html)"
172.68.22.176 - - [30/Jun/2026:14:44:45 +0000] "GET /products/1197127190968 HTTP/1.1" 404 99757 "-" "Mozilla/5.0 (Linux; Android 6.0.1; Nexus 5X Build/MMB29P) AppleWebKit/537.36 (KHTML, like Gecko) Chrome/148.0.7778.96 Mobile Safari/537.36 (compatible; Googlebot/2.1; +http://www.google.com/bot.html)"
172.71.10.74 - - [30/Jun/2026:14:44:53 +0000] "POST /xmlrpc.php HTTP/1.1" 200 4217 "-" "Jetpack by WordPress.com (Jetpack 12.5; WordPress 6.3)"
172.71.10.74 - - [30/Jun/2026:14:45:03 +0000] "POST /xmlrpc.php HTTP/1.1" 200 4217 "-" "WordPress.com; https://wordpress.com"
104.22.66.99 - - [30/Jun/2026:14:45:14 +0000] "POST /wp-cron.php?doing_wp_cron=1782830714.3300149440765380859375 HTTP/1.1" 200 4035 "-" "WordPress/7.0; https://www.simottodesign.com"
172.71.10.74 - - [30/Jun/2026:14:45:13 +0000] "POST /xmlrpc.php HTTP/1.1" 200 4217 "-" "Jetpack by WordPress.com (Jetpack 12.0; WordPress 6.2)"
172.71.10.74 - - [30/Jun/2026:14:45:24 +0000] "POST /xmlrpc.php HTTP/1.1" 200 4217 "-" "Jetpack/13.0; WordPress/6.1; http://site49353060.com"
172.68.22.176 - - [30/Jun/2026:14:45:24 +0000] "GET /products/3135518655077 HTTP/1.1" 404 99830 "-" "Mozilla/5.0 (Linux; Android 6.0.1; Nexus 5X Build/MMB29P) AppleWebKit/537.36 (KHTML, like Gecko) Chrome/148.0.7778.96 Mobile Safari/537.36 (compatible; Googlebot/2.1; +http://www.google.com/bot.html)"
104.22.56.166 - - [30/Jun/2026:14:45:34 +0000] "GET /products/4176604876858 HTTP/1.1" 301 4159 "-" "meta-externalagent/1.1 (+https://developers.facebook.com/docs/sharing/webmasters/crawler)"
172.71.10.74 - - [30/Jun/2026:14:45:34 +0000] "POST /xmlrpc.php HTTP/1.1" 200 4217 "-" "Jetpack/12.1; WordPress/6.1; http://site26328218.com"
104.22.24.101 - - [30/Jun/2026:14:45:40 +0000] "GET /products/3008196859627 HTTP/1.1" 301 4159 "-" "meta-externalagent/1.1 (+https://developers.facebook.com/docs/sharing/webmasters/crawler)"
172.71.10.74 - - [30/Jun/2026:14:45:45 +0000] "POST /xmlrpc.php HTTP/1.1" 200 4217 "-" "Jetpack by WordPress.com"
172.71.10.74 - - [30/Jun/2026:14:45:55 +0000] "POST /xmlrpc.php HTTP/1.1" 200 4217 "-" "Jetpack/12.1; WordPress/6.4; http://site42613794.com"
172.69.70.65 - - [30/Jun/2026:14:46:01 +0000] "GET /products/1017833604273 HTTP/1.1" 301 4159 "-" "meta-externalagent/1.1 (+https://developers.facebook.com/docs/sharing/webmasters/crawler)"
172.71.10.74 - - [30/Jun/2026:14:46:06 +0000] "POST /xmlrpc.php HTTP/1.1" 200 4217 "-" "Jetpack by WordPress.com"
104.23.175.205 - - [30/Jun/2026:14:46:11 +0000] "POST /wp-cron.php?doing_wp_cron=1782830770.9584999084472656250000 HTTP/1.1" 200 4035 "-" "WordPress/7.0; https://www.simottodesign.com"
104.22.24.211 - - [30/Jun/2026:14:46:10 +0000] "GET /products/4922517814710 HTTP/1.1" 404 99757 "-" "meta-externalagent/1.1 (+https://developers.facebook.com/docs/sharing/webmasters/crawler)"
172.71.10.74 - - [30/Jun/2026:14:46:16 +0000] "POST /xmlrpc.php HTTP/1.1" 200 4217 "-" "Jetpack by WordPress.com (Jetpack 12.5; WordPress 6.2)"
104.22.24.101 - - [30/Jun/2026:14:46:27 +0000] "GET /items/R475357004/ HTTP/1.1" 301 4154 "-" "meta-externalagent/1.1 (+https://developers.facebook.com/docs/sharing/webmasters/crawler)"
108.162.238.59 - - [30/Jun/2026:14:46:28 +0000] "GET /products/2525047490119 HTTP/1.1" 301 4159 "-" "meta-externalagent/1.1 (+https://developers.facebook.com/docs/sharing/webmasters/crawler)"
104.22.56.166 - - [30/Jun/2026:14:46:36 +0000] "GET /products/1934298019831 HTTP/1.1" 301 4159 "-" "meta-externalagent/1.1 (+https://developers.facebook.com/docs/sharing/webmasters/crawler)"
104.22.24.101 - - [30/Jun/2026:14:46:38 +0000] "GET /items/R472048731/ HTTP/1.1" 301 4154 "-" "meta-externalagent/1.1 (+https://developers.facebook.com/docs/sharing/webmasters/crawler)"
104.23.175.205 - - [30/Jun/2026:14:47:12 +0000] "POST /wp-cron.php?doing_wp_cron=1782830832.5074040889739990234375 HTTP/1.1" 200 4035 "-" "WordPress/7.0; https://www.simottodesign.com"
172.69.70.64 - - [30/Jun/2026:14:47:11 +0000] "GET /products/1003620543396 HTTP/1.1" 301 4159 "-" "meta-externalagent/1.1 (+https://developers.facebook.com/docs/sharing/webmasters/crawler)"
104.22.72.11 - - [30/Jun/2026:14:47:17 +0000] "GET /products/4238073364843 HTTP/1.1" 404 99757 "-" "Mozilla/5.0 (Linux; Android 6.0.1; Nexus 5X Build/MMB29P) AppleWebKit/537.36 (KHTML, like Gecko) Chrome/148.0.7778.96 Mobile Safari/537.36 (compatible; Googlebot/2.1; +http://www.google.com/bot.html)"
104.22.56.166 - - [30/Jun/2026:14:47:21 +0000] "GET /products/2614090536023 HTTP/1.1" 301 4159 "-" "meta-externalagent/1.1 (+https://developers.facebook.com/docs/sharing/webmasters/crawler)"
104.22.24.101 - - [30/Jun/2026:14:47:38 +0000] "GET /items/R472425888/ HTTP/1.1" 301 4154 "-" "meta-externalagent/1.1 (+https://developers.facebook.com/docs/sharing/webmasters/crawler)"
172.68.71.114 - - [30/Jun/2026:14:47:41 +0000] "GET /items/R476326057/ HTTP/1.1" 301 4154 "-" "meta-externalagent/1.1 (+https://developers.facebook.com/docs/sharing/webmasters/crawler)"
172.71.31.119 - - [30/Jun/2026:14:47:49 +0000] "GET /products/4215395664305 HTTP/1.1" 301 4159 "-" "meta-externalagent/1.1 (+https://developers.facebook.com/docs/sharing/webmasters/crawler)"
172.71.22.225 - - [30/Jun/2026:14:48:01 +0000] "GET /products/986817877278 HTTP/1.1" 301 4158 "-" "meta-externalagent/1.1 (+https://developers.facebook.com/docs/sharing/webmasters/crawler)"
104.22.24.101 - - [30/Jun/2026:14:48:02 +0000] "GET /products/3087557812055 HTTP/1.1" 301 4159 "-" "meta-externalagent/1.1 (+https://developers.facebook.com/docs/sharing/webmasters/crawler)"
104.22.1.16 - - [30/Jun/2026:14:48:03 +0000] "GET /products/5250567932984 HTTP/1.1" 301 4159 "-" "meta-externalagent/1.1 (+https://developers.facebook.com/docs/sharing/webmasters/crawler)"
104.23.245.187 - - [30/Jun/2026:14:48:04 +0000] "GET /items/R475006630/ HTTP/1.1" 301 4154 "-" "meta-externalagent/1.1 (+https://developers.facebook.com/docs/sharing/webmasters/crawler)"
104.22.56.166 - - [30/Jun/2026:14:48:06 +0000] "GET /products/5788510314056 HTTP/1.1" 301 4159 "-" "meta-externalagent/1.1 (+https://developers.facebook.com/docs/sharing/webmasters/crawler)"
172.70.92.152 - - [30/Jun/2026:14:48:11 +0000] "POST /wp-cron.php?doing_wp_cron=1782830891.5434420108795166015625 HTTP/1.1" 200 4035 "-" "WordPress/7.0; https://www.simottodesign.com"
162.158.42.196 - - [30/Jun/2026:14:48:11 +0000] "GET /products/4852453365689 HTTP/1.1" 404 99757 "-" "Mozilla/5.0 (Linux; Android 6.0.1; Nexus 5X Build/MMB29P) AppleWebKit/537.36 (KHTML, like Gecko) Chrome/148.0.7778.96 Mobile Safari/537.36 (compatible; Googlebot/2.1; +http://www.google.com/bot.html)"
104.22.24.101 - - [30/Jun/2026:14:48:53 +0000] "GET /items/R471133375/ HTTP/1.1" 301 4154 "-" "meta-externalagent/1.1 (+https://developers.facebook.com/docs/sharing/webmasters/crawler)"
162.158.42.196 - - [30/Jun/2026:14:49:04 +0000] "GET /products/4258096315409 HTTP/1.1" 404 99757 "-" "Mozilla/5.0 (Linux; Android 6.0.1; Nexus 5X Build/MMB29P) AppleWebKit/537.36 (KHTML, like Gecko) Chrome/148.0.7778.96 Mobile Safari/537.36 (compatible; Googlebot/2.1; +http://www.google.com/bot.html)"
162.158.88.101 - - [30/Jun/2026:14:49:12 +0000] "POST /wp-cron.php?doing_wp_cron=1782830952.4438691139221191406250 HTTP/1.1" 200 4035 "-" "WordPress/7.0; https://www.simottodesign.com"
172.70.143.212 - - [30/Jun/2026:14:49:11 +0000] "GET /wp-sitemap-taxonomies-product_cat-1.xml HTTP/1.1" 200 4195 "https://www.simottodesign.com/wp-sitemap-taxonomies-product_cat-1.xml" "Mozilla/5.0 (Linux; Android 7.0;) AppleWebKit/537.36 (HTML, like Gecko) Mobile Safari/537.36 (compatible; PetalBot;+https://webmaster.petalsearch.com/site/petalbot)"
104.22.24.101 - - [30/Jun/2026:14:49:24 +0000] "GET /items/R472617913/ HTTP/1.1" 301 4154 "-" "meta-externalagent/1.1 (+https://developers.facebook.com/docs/sharing/webmasters/crawler)"
104.22.24.101 - - [30/Jun/2026:14:49:31 +0000] "GET /products/2508811934160 HTTP/1.1" 301 4159 "-" "meta-externalagent/1.1 (+https://developers.facebook.com/docs/sharing/webmasters/crawler)"
172.68.71.113 - - [30/Jun/2026:14:49:43 +0000] "GET /items/R476118678/ HTTP/1.1" 301 4154 "-" "meta-externalagent/1.1 (+https://developers.facebook.com/docs/sharing/webmasters/crawler)"
104.22.1.17 - - [30/Jun/2026:14:49:54 +0000] "GET /products/1189287882256 HTTP/1.1" 301 4159 "-" "meta-externalagent/1.1 (+https://developers.facebook.com/docs/sharing/webmasters/crawler)"
172.71.31.119 - - [30/Jun/2026:14:49:59 +0000] "GET /products/677254955471 HTTP/1.1" 301 4158 "-" "meta-externalagent/1.1 (+https://developers.facebook.com/docs/sharing/webmasters/crawler)"
172.70.208.127 - - [30/Jun/2026:14:50:12 +0000] "POST /wp-cron.php?doing_wp_cron=1782831012.3815848827362060546875 HTTP/1.1" 200 4035 "-" "WordPress/7.0; https://www.simottodesign.com"
172.69.70.65 - - [30/Jun/2026:14:50:11 +0000] "GET /products/1532539902045 HTTP/1.1" 301 4159 "-" "meta-externalagent/1.1 (+https://developers.facebook.com/docs/sharing/webmasters/crawler)"
172.68.71.113 - - [30/Jun/2026:14:50:24 +0000] "GET /products/4418814846466 HTTP/1.1" 301 4159 "-" "meta-externalagent/1.1 (+https://developers.facebook.com/docs/sharing/webmasters/crawler)"
104.22.56.167 - - [30/Jun/2026:14:50:34 +0000] "GET /items/R473064900/ HTTP/1.1" 301 4154 "-" "meta-externalagent/1.1 (+https://developers.facebook.com/docs/sharing/webmasters/crawler)"
108.162.226.184 - - [30/Jun/2026:14:50:34 +0000] "GET /sitemap-hot-4985491.xml HTTP/1.1" 404 99758 "https://www.simottodesign.com/sitemap-hot-4985491.xml" "Mozilla/5.0 (Linux; Android 7.0;) AppleWebKit/537.36 (HTML, like Gecko) Mobile Safari/537.36 (compatible; PetalBot;+https://webmaster.petalsearch.com/site/petalbot)"
104.22.56.167 - - [30/Jun/2026:14:50:42 +0000] "GET /items/R473774143/ HTTP/1.1" 301 4154 "-" "meta-externalagent/1.1 (+https://developers.facebook.com/docs/sharing/webmasters/crawler)"
162.159.120.160 - - [30/Jun/2026:14:50:51 +0000] "GET /products/1164786872691 HTTP/1.1" 404 99757 "-" "Mozilla/5.0 (Linux; Android 6.0.1; Nexus 5X Build/MMB29P) AppleWebKit/537.36 (KHTML, like Gecko) Chrome/148.0.7778.96 Mobile Safari/537.36 (compatible; Googlebot/2.1; +http://www.google.com/bot.html)"
162.159.120.160 - - [30/Jun/2026:14:50:52 +0000] "GET /products/4428241261979 HTTP/1.1" 404 99757 "-" "Mozilla/5.0 (Linux; Android 6.0.1; Nexus 5X Build/MMB29P) AppleWebKit/537.36 (KHTML, like Gecko) Chrome/148.0.7778.96 Mobile Safari/537.36 (compatible; Googlebot/2.1; +http://www.google.com/bot.html)"
104.22.72.59 - - [30/Jun/2026:14:50:53 +0000] "GET /products/5486935180933 HTTP/1.1" 301 4159 "-" "Mozilla/5.0 (Linux; Android 6.0.1; Nexus 5X Build/MMB29P) AppleWebKit/537.36 (KHTML, like Gecko) Chrome/148.0.7778.96 Mobile Safari/537.36 (compatible; Googlebot/2.1; +http://www.google.com/bot.html)"
104.22.56.167 - - [30/Jun/2026:14:50:54 +0000] "GET /items/R471395577/ HTTP/1.1" 301 4154 "-" "meta-externalagent/1.1 (+https://developers.facebook.com/docs/sharing/webmasters/crawler)"
162.159.120.160 - - [30/Jun/2026:14:50:54 +0000] "GET /products/5486935180933 HTTP/1.1" 404 99757 "-" "Mozilla/5.0 (Linux; Android 6.0.1; Nexus 5X Build/MMB29P) AppleWebKit/537.36 (KHTML, like Gecko) Chrome/148.0.7778.96 Mobile Safari/537.36 (compatible; Googlebot/2.1; +http://www.google.com/bot.html)"
172.70.143.213 - - [30/Jun/2026:14:51:13 +0000] "POST /wp-cron.php?doing_wp_cron=1782831073.1812460422515869140625 HTTP/1.1" 200 4035 "-" "WordPress/7.0; https://www.simottodesign.com"
104.23.166.142 - - [30/Jun/2026:14:51:12 +0000] "GET /wp-login.php HTTP/1.1" 200 6261 "-" "Mozilla/5.0 (Windows NT 10.0; Win64; x64) AppleWebKit/537.36 (KHTML, like Gecko) Chrome/133.0.0.0 Safari/537.36"
104.23.166.192 - - [30/Jun/2026:14:51:20 +0000] "POST /wp-login.php HTTP/1.1" 200 6421 "https://www.simottodesign.com/wp-login.php" "Mozilla/5.0 (Windows NT 10.0; Win64; x64) AppleWebKit/537.36 (KHTML, like Gecko) Chrome/133.0.0.0 Safari/537.36"
104.22.56.167 - - [30/Jun/2026:14:51:23 +0000] "GET /items/R473931499/ HTTP/1.1" 301 4154 "-" "meta-externalagent/1.1 (+https://developers.facebook.com/docs/sharing/webmasters/crawler)"
172.71.22.225 - - [30/Jun/2026:14:51:25 +0000] "GET /products/5596467396096 HTTP/1.1" 301 4159 "-" "meta-externalagent/1.1 (+https://developers.facebook.com/docs/sharing/webmasters/crawler)"
104.22.56.167 - - [30/Jun/2026:14:51:26 +0000] "GET /products/745447769238 HTTP/1.1" 301 4158 "-" "meta-externalagent/1.1 (+https://developers.facebook.com/docs/sharing/webmasters/crawler)"
104.22.1.16 - - [30/Jun/2026:14:51:39 +0000] "GET /items/R474740432/ HTTP/1.1" 301 4154 "-" "meta-externalagent/1.1 (+https://developers.facebook.com/docs/sharing/webmasters/crawler)"
104.22.56.207 - - [30/Jun/2026:14:51:47 +0000] "GET /items/R473888105/ HTTP/1.1" 404 99752 "-" "meta-externalagent/1.1 (+https://developers.facebook.com/docs/sharing/webmasters/crawler)"
162.159.120.160 - - [30/Jun/2026:14:51:48 +0000] "GET /products/1715710710433 HTTP/1.1" 404 99757 "-" "Mozilla/5.0 (Linux; Android 6.0.1; Nexus 5X Build/MMB29P) AppleWebKit/537.36 (KHTML, like Gecko) Chrome/148.0.7778.96 Mobile Safari/537.36 (compatible; Googlebot/2.1; +http://www.google.com/bot.html)"
104.22.24.101 - - [30/Jun/2026:14:52:01 +0000] "GET /items/R472853739/ HTTP/1.1" 301 4154 "-" "meta-externalagent/1.1 (+https://developers.facebook.com/docs/sharing/webmasters/crawler)"
162.158.107.13 - - [30/Jun/2026:14:52:24 +0000] "POST /wp-cron.php?doing_wp_cron=1782831144.4536459445953369140625 HTTP/1.1" 200 4035 "-" "WordPress/7.0; https://www.simottodesign.com"
104.23.245.187 - - [30/Jun/2026:14:52:23 +0000] "GET /products/819898126589 HTTP/1.1" 301 4158 "-" "meta-externalagent/1.1 (+https://developers.facebook.com/docs/sharing/webmasters/crawler)"
162.159.120.160 - - [30/Jun/2026:14:52:41 +0000] "GET /products/1047642155635 HTTP/1.1" 404 99757 "-" "Mozilla/5.0 (Linux; Android 6.0.1; Nexus 5X Build/MMB29P) AppleWebKit/537.36 (KHTML, like Gecko) Chrome/148.0.7778.96 Mobile Safari/537.36 (compatible; Googlebot/2.1; +http://www.google.com/bot.html)"
172.71.22.224 - - [30/Jun/2026:14:52:57 +0000] "GET /products/1248224995294 HTTP/1.1" 301 4159 "-" "meta-externalagent/1.1 (+https://developers.facebook.com/docs/sharing/webmasters/crawler)"
172.71.22.224 - - [30/Jun/2026:14:53:05 +0000] "GET /products/219683004638 HTTP/1.1" 301 4158 "-" "meta-externalagent/1.1 (+https://developers.facebook.com/docs/sharing/webmasters/crawler)"
162.158.114.178 - - [30/Jun/2026:14:53:12 +0000] "POST /wp-cron.php?doing_wp_cron=1782831192.1946680545806884765625 HTTP/1.1" 200 4035 "-" "WordPress/7.0; https://www.simottodesign.com"
108.162.238.60 - - [30/Jun/2026:14:53:11 +0000] "GET /items/R471707263/ HTTP/1.1" 301 4154 "-" "meta-externalagent/1.1 (+https://developers.facebook.com/docs/sharing/webmasters/crawler)"
104.22.56.166 - - [30/Jun/2026:14:53:39 +0000] "GET /products/3893472660103 HTTP/1.1" 301 4159 "-" "meta-externalagent/1.1 (+https://developers.facebook.com/docs/sharing/webmasters/crawler)"
104.23.209.187 - - [30/Jun/2026:14:53:47 +0000] "GET /r/item/promotion-policy/769c61860180702.html HTTP/1.1" 404 99779 "-" "Mozilla/5.0 AppleWebKit/537.36 (KHTML, like Gecko; compatible; bingbot/2.0; +http://www.bing.com/bingbot.htm) Chrome/116.0.1938.76 Safari/537.36"
104.22.56.166 - - [30/Jun/2026:14:54:03 +0000] "GET /items/R476372414/ HTTP/1.1" 301 4154 "-" "meta-externalagent/1.1 (+https://developers.facebook.com/docs/sharing/webmasters/crawler)"
172.70.92.153 - - [30/Jun/2026:14:54:19 +0000] "POST /wp-cron.php?doing_wp_cron=1782831259.2790958881378173828125 HTTP/1.1" 200 4035 "-" "WordPress/7.0; https://www.simottodesign.com"
104.22.24.100 - - [30/Jun/2026:14:54:18 +0000] "GET /products/2370531105830 HTTP/1.1" 301 4159 "-" "meta-externalagent/1.1 (+https://developers.facebook.com/docs/sharing/webmasters/crawler)"
104.22.1.17 - - [30/Jun/2026:14:54:22 +0000] "GET /products/1997330211162 HTTP/1.1" 301 4159 "-" "meta-externalagent/1.1 (+https://developers.facebook.com/docs/sharing/webmasters/crawler)"
104.22.24.100 - - [30/Jun/2026:14:54:23 +0000] "GET /products/1768477822738 HTTP/1.1" 301 4159 "-" "meta-externalagent/1.1 (+https://developers.facebook.com/docs/sharing/webmasters/crawler)"
104.22.1.17 - - [30/Jun/2026:14:54:24 +0000] "GET /items/R475982215/ HTTP/1.1" 301 4154 "-" "meta-externalagent/1.1 (+https://developers.facebook.com/docs/sharing/webmasters/crawler)"
162.159.120.161 - - [30/Jun/2026:14:54:27 +0000] "GET /products/2849758415327 HTTP/1.1" 404 99830 "-" "Mozilla/5.0 (Linux; Android 6.0.1; Nexus 5X Build/MMB29P) AppleWebKit/537.36 (KHTML, like Gecko) Chrome/148.0.7778.96 Mobile Safari/537.36 (compatible; Googlebot/2.1; +http://www.google.com/bot.html)"
104.22.56.166 - - [30/Jun/2026:14:54:38 +0000] "GET /items/R473786734/ HTTP/1.1" 301 4154 "-" "meta-externalagent/1.1 (+https://developers.facebook.com/docs/sharing/webmasters/crawler)"
172.69.71.204 - - [30/Jun/2026:14:54:44 +0000] "GET /products/5256957511428 HTTP/1.1" 404 99757 "-" "meta-externalagent/1.1 (+https://developers.facebook.com/docs/sharing/webmasters/crawler)"
172.71.22.224 - - [30/Jun/2026:14:54:51 +0000] "GET /products/4897075964203 HTTP/1.1" 301 4159 "-" "meta-externalagent/1.1 (+https://developers.facebook.com/docs/sharing/webmasters/crawler)"
104.22.1.17 - - [30/Jun/2026:14:54:56 +0000] "GET /products/1732272352414 HTTP/1.1" 301 4159 "-" "meta-externalagent/1.1 (+https://developers.facebook.com/docs/sharing/webmasters/crawler)"
52.74.152.156 - - [30/Jun/2026:14:55:02 +0000] "GET / HTTP/1.1" 301 4025 "https://simottodesign.com/" "Mozilla/5.0 (Macintosh; Intel Mac OS X 14_4) AppleWebKit/605.1.15 (KHTML, like Gecko) Version/17.4 Safari/605.1.15"
52.74.152.156 - - [30/Jun/2026:14:55:02 +0000] "GET / HTTP/1.1" 200 29818 "https://www.simottodesign.com/" "Mozilla/5.0 (Macintosh; Intel Mac OS X 14_4) AppleWebKit/605.1.15 (KHTML, like Gecko) Version/17.4 Safari/605.1.15"
172.71.22.224 - - [30/Jun/2026:14:55:04 +0000] "GET /products/3550808682682 HTTP/1.1" 301 4159 "-" "meta-externalagent/1.1 (+https://developers.facebook.com/docs/sharing/webmasters/crawler)"
172.68.164.126 - - [30/Jun/2026:14:55:10 +0000] "POST /wp-cron.php?doing_wp_cron=1782831310.0692899227142333984375 HTTP/1.1" 200 4035 "-" "WordPress/7.0; https://www.simottodesign.com"
108.162.238.60 - - [30/Jun/2026:14:55:09 +0000] "GET /products/2320033785932 HTTP/1.1" 301 4159 "-" "meta-externalagent/1.1 (+https://developers.facebook.com/docs/sharing/webmasters/crawler)"
104.22.24.211 - - [30/Jun/2026:14:55:09 +0000] "GET /products/2127974539608 HTTP/1.1" 404 99757 "-" "meta-externalagent/1.1 (+https://developers.facebook.com/docs/sharing/webmasters/crawler)"
172.71.151.111 - - [30/Jun/2026:14:55:21 +0000] "GET /products/3689155281840 HTTP/1.1" 404 99830 "-" "Mozilla/5.0 (Linux; Android 6.0.1; Nexus 5X Build/MMB29P) AppleWebKit/537.36 (KHTML, like Gecko) Chrome/148.0.7778.96 Mobile Safari/537.36 (compatible; Googlebot/2.1; +http://www.google.com/bot.html)"
162.159.120.161 - - [30/Jun/2026:14:55:22 +0000] "GET /products/3597128537622 HTTP/1.1" 404 99757 "-" "Mozilla/5.0 (Linux; Android 6.0.1; Nexus 5X Build/MMB29P) AppleWebKit/537.36 (KHTML, like Gecko) Chrome/148.0.7778.96 Mobile Safari/537.36 (compatible; Googlebot/2.1; +http://www.google.com/bot.html)"
104.23.245.187 - - [30/Jun/2026:14:55:39 +0000] "GET /items/R475991832/ HTTP/1.1" 301 4154 "-" "meta-externalagent/1.1 (+https://developers.facebook.com/docs/sharing/webmasters/crawler)"
108.162.238.60 - - [30/Jun/2026:14:55:42 +0000] "GET /items/R473202634/ HTTP/1.1" 301 4154 "-" "meta-externalagent/1.1 (+https://developers.facebook.com/docs/sharing/webmasters/crawler)"
172.69.70.64 - - [30/Jun/2026:14:55:49 +0000] "GET /items/R472294809/ HTTP/1.1" 301 4154 "-" "meta-externalagent/1.1 (+https://developers.facebook.com/docs/sharing/webmasters/crawler)"
104.22.24.211 - - [30/Jun/2026:14:55:56 +0000] "GET /products/4214873997281 HTTP/1.1" 404 99830 "-" "meta-externalagent/1.1 (+https://developers.facebook.com/docs/sharing/webmasters/crawler)"
104.22.24.100 - - [30/Jun/2026:14:55:57 +0000] "GET /products/484967152531 HTTP/1.1" 301 4158 "-" "meta-externalagent/1.1 (+https://developers.facebook.com/docs/sharing/webmasters/crawler)"
172.68.71.114 - - [30/Jun/2026:14:56:07 +0000] "GET /products/2458493127430 HTTP/1.1" 301 4159 "-" "meta-externalagent/1.1 (+https://developers.facebook.com/docs/sharing/webmasters/crawler)"
104.23.175.205 - - [30/Jun/2026:14:56:10 +0000] "POST /wp-cron.php?doing_wp_cron=1782831370.2276570796966552734375 HTTP/1.1" 200 4035 "-" "WordPress/7.0; https://www.simottodesign.com"
104.23.245.187 - - [30/Jun/2026:14:56:09 +0000] "GET /products/1543816852925 HTTP/1.1" 301 4159 "-" "meta-externalagent/1.1 (+https://developers.facebook.com/docs/sharing/webmasters/crawler)"
172.71.22.224 - - [30/Jun/2026:14:56:11 +0000] "GET /products/3014035048530 HTTP/1.1" 301 4159 "-" "meta-externalagent/1.1 (+https://developers.facebook.com/docs/sharing/webmasters/crawler)"
172.71.31.120 - - [30/Jun/2026:14:56:13 +0000] "GET /products/1976107344115 HTTP/1.1" 301 4159 "-" "meta-externalagent/1.1 (+https://developers.facebook.com/docs/sharing/webmasters/crawler)"
172.71.151.111 - - [30/Jun/2026:14:56:16 +0000] "GET /products/85920677626 HTTP/1.1" 404 99755 "-" "Mozilla/5.0 (Linux; Android 6.0.1; Nexus 5X Build/MMB29P) AppleWebKit/537.36 (KHTML, like Gecko) Chrome/148.0.7778.96 Mobile Safari/537.36 (compatible; Googlebot/2.1; +http://www.google.com/bot.html)"
162.159.120.161 - - [30/Jun/2026:14:56:17 +0000] "GET /products/4595382191896 HTTP/1.1" 404 99757 "-" "Mozilla/5.0 (Linux; Android 6.0.1; Nexus 5X Build/MMB29P) AppleWebKit/537.36 (KHTML, like Gecko) Chrome/148.0.7778.96 Mobile Safari/537.36 (compatible; Googlebot/2.1; +http://www.google.com/bot.html)"
104.22.1.17 - - [30/Jun/2026:14:56:19 +0000] "GET /products/3274667880171 HTTP/1.1" 301 4159 "-" "meta-externalagent/1.1 (+https://developers.facebook.com/docs/sharing/webmasters/crawler)"
104.22.1.17 - - [30/Jun/2026:14:56:28 +0000] "GET /products/4359960486866 HTTP/1.1" 301 4159 "-" "meta-externalagent/1.1 (+https://developers.facebook.com/docs/sharing/webmasters/crawler)"
172.71.151.111 - - [30/Jun/2026:14:57:07 +0000] "GET /products/4976569965279 HTTP/1.1" 404 99757 "-" "Mozilla/5.0 (Linux; Android 6.0.1; Nexus 5X Build/MMB29P) AppleWebKit/537.36 (KHTML, like Gecko) Chrome/148.0.7778.96 Mobile Safari/537.36 (compatible; Googlebot/2.1; +http://www.google.com/bot.html)"
162.158.108.88 - - [30/Jun/2026:14:57:11 +0000] "POST /wp-cron.php?doing_wp_cron=1782831431.1576259136199951171875 HTTP/1.1" 200 4035 "-" "WordPress/7.0; https://www.simottodesign.com"
104.22.56.167 - - [30/Jun/2026:14:57:10 +0000] "GET /products/5074981630259 HTTP/1.1" 301 4159 "-" "meta-externalagent/1.1 (+https://developers.facebook.com/docs/sharing/webmasters/crawler)"
172.71.31.120 - - [30/Jun/2026:14:57:11 +0000] "GET /products/4446747208761 HTTP/1.1" 301 4159 "-" "meta-externalagent/1.1 (+https://developers.facebook.com/docs/sharing/webmasters/crawler)"
104.22.1.17 - - [30/Jun/2026:14:57:20 +0000] "GET /products/4791607282122 HTTP/1.1" 301 4159 "-" "meta-externalagent/1.1 (+https://developers.facebook.com/docs/sharing/webmasters/crawler)"
108.162.237.96 - - [30/Jun/2026:14:57:20 +0000] "GET /products/4896622281238 HTTP/1.1" 404 99757 "-" "meta-externalagent/1.1 (+https://developers.facebook.com/docs/sharing/webmasters/crawler)"
162.158.214.144 - - [30/Jun/2026:14:57:42 +0000] "POST /xmlrpc.php HTTP/1.1" 200 4217 "-" "Jetpack by WordPress.com (Jetpack 12.5; WordPress 6.2)"
162.158.214.144 - - [30/Jun/2026:14:57:52 +0000] "POST /xmlrpc.php HTTP/1.1" 200 4217 "-" "Jetpack by WordPress.com"
104.22.56.167 - - [30/Jun/2026:14:57:54 +0000] "GET /products/3258103078942 HTTP/1.1" 301 4159 "-" "meta-externalagent/1.1 (+https://developers.facebook.com/docs/sharing/webmasters/crawler)"
104.23.245.33 - - [30/Jun/2026:14:57:58 +0000] "GET /products/2562203014609 HTTP/1.1" 404 99830 "-" "meta-externalagent/1.1 (+https://developers.facebook.com/docs/sharing/webmasters/crawler)"
162.158.214.144 - - [30/Jun/2026:14:58:03 +0000] "POST /xmlrpc.php HTTP/1.1" 200 4217 "-" "WordPress.com; https://wordpress.com"
104.23.245.186 - - [30/Jun/2026:14:58:04 +0000] "GET /products/79474830044 HTTP/1.1" 301 4157 "-" "meta-externalagent/1.1 (+https://developers.facebook.com/docs/sharing/webmasters/crawler)"
172.71.23.121 - - [30/Jun/2026:14:58:05 +0000] "GET /products/2434477238973 HTTP/1.1" 404 99757 "-" "meta-externalagent/1.1 (+https://developers.facebook.com/docs/sharing/webmasters/crawler)"
162.158.88.101 - - [30/Jun/2026:14:58:15 +0000] "POST /wp-cron.php?doing_wp_cron=1782831495.4830501079559326171875 HTTP/1.1" 200 4035 "-" "WordPress/7.0; https://www.simottodesign.com"
162.158.214.144 - - [30/Jun/2026:14:58:14 +0000] "POST /xmlrpc.php HTTP/1.1" 200 4217 "-" "Jetpack by WordPress.com"
104.22.24.100 - - [30/Jun/2026:14:58:15 +0000] "GET /products/3508308954441 HTTP/1.1" 301 4159 "-" "meta-externalagent/1.1 (+https://developers.facebook.com/docs/sharing/webmasters/crawler)"
162.159.120.160 - - [30/Jun/2026:14:58:18 +0000] "GET /products/5582240006517 HTTP/1.1" 404 99757 "-" "Mozilla/5.0 (Linux; Android 6.0.1; Nexus 5X Build/MMB29P) AppleWebKit/537.36 (KHTML, like Gecko) Chrome/148.0.7778.96 Mobile Safari/537.36 (compatible; Googlebot/2.1; +http://www.google.com/bot.html)"
104.22.24.100 - - [30/Jun/2026:14:58:21 +0000] "GET /items/R475414035/ HTTP/1.1" 301 4154 "-" "meta-externalagent/1.1 (+https://developers.facebook.com/docs/sharing/webmasters/crawler)"
162.158.214.144 - - [30/Jun/2026:14:58:25 +0000] "POST /xmlrpc.php HTTP/1.1" 200 4217 "-" "Jetpack by WordPress.com (Jetpack 12.5; WordPress 6.2)"
162.158.216.56 - - [30/Jun/2026:14:58:33 +0000] "GET /wp-login.php HTTP/1.1" 200 6261 "-" "Mozilla/5.0 (Windows NT 10.0; Win64; x64) AppleWebKit/537.36 (KHTML, like Gecko) Chrome/133.0.0.0 Safari/537.36 Edg/133.0.0.0"
162.158.214.144 - - [30/Jun/2026:14:58:36 +0000] "POST /xmlrpc.php HTTP/1.1" 200 4217 "-" "WordPress.com; https://wordpress.com"
162.158.216.174 - - [30/Jun/2026:14:58:37 +0000] "POST /wp-login.php HTTP/1.1" 200 6421 "https://simottodesign.com/wp-login.php" "Mozilla/5.0 (Windows NT 10.0; Win64; x64) AppleWebKit/537.36 (KHTML, like Gecko) Chrome/133.0.0.0 Safari/537.36 Edg/133.0.0.0"
104.22.24.210 - - [30/Jun/2026:14:58:42 +0000] "GET /products/5119181940316 HTTP/1.1" 404 99830 "-" "meta-externalagent/1.1 (+https://developers.facebook.com/docs/sharing/webmasters/crawler)"
172.68.70.35 - - [30/Jun/2026:14:58:45 +0000] "GET /products/5360437355218 HTTP/1.1" 404 99830 "-" "meta-externalagent/1.1 (+https://developers.facebook.com/docs/sharing/webmasters/crawler)"
104.22.24.100 - - [30/Jun/2026:14:58:46 +0000] "GET /products/1247064541428 HTTP/1.1" 301 4159 "-" "meta-externalagent/1.1 (+https://developers.facebook.com/docs/sharing/webmasters/crawler)"
162.158.214.144 - - [30/Jun/2026:14:58:48 +0000] "POST /xmlrpc.php HTTP/1.1" 200 4217 "-" "Jetpack/12.0; WordPress/6.1; http://site64965963.com"
162.158.214.144 - - [30/Jun/2026:14:58:59 +0000] "POST /xmlrpc.php HTTP/1.1" 200 4217 "-" "Jetpack/13.0; WordPress/6.1; http://site71683167.com"
104.22.24.100 - - [30/Jun/2026:14:59:03 +0000] "GET /products/914095736840 HTTP/1.1" 301 4158 "-" "meta-externalagent/1.1 (+https://developers.facebook.com/docs/sharing/webmasters/crawler)"
162.158.42.40 - - [30/Jun/2026:14:59:07 +0000] "GET /products/4886734208600 HTTP/1.1" 301 4159 "-" "Mozilla/5.0 (Linux; Android 6.0.1; Nexus 5X Build/MMB29P) AppleWebKit/537.36 (KHTML, like Gecko) Chrome/148.0.7778.96 Mobile Safari/537.36 (compatible; Googlebot/2.1; +http://www.google.com/bot.html)"
172.70.208.127 - - [30/Jun/2026:14:59:09 +0000] "POST /wp-cron.php?doing_wp_cron=1782831549.5363368988037109375000 HTTP/1.1" 200 4035 "-" "WordPress/7.0; https://www.simottodesign.com"
172.68.22.176 - - [30/Jun/2026:14:59:09 +0000] "GET /products/4886734208600 HTTP/1.1" 404 99757 "-" "Mozilla/5.0 (Linux; Android 6.0.1; Nexus 5X Build/MMB29P) AppleWebKit/537.36 (KHTML, like Gecko) Chrome/148.0.7778.96 Mobile Safari/537.36 (compatible; Googlebot/2.1; +http://www.google.com/bot.html)"
162.158.214.144 - - [30/Jun/2026:14:59:10 +0000] "POST /xmlrpc.php HTTP/1.1" 200 4217 "-" "WordPress.com; https://wordpress.com"
108.162.238.59 - - [30/Jun/2026:14:59:21 +0000] "GET /products/1572178425376 HTTP/1.1" 301 4159 "-" "meta-externalagent/1.1 (+https://developers.facebook.com/docs/sharing/webmasters/crawler)"
162.158.214.144 - - [30/Jun/2026:14:59:21 +0000] "POST /xmlrpc.php HTTP/1.1" 200 4217 "-" "Jetpack by WordPress.com (Jetpack 12.5; WordPress 6.4)"
172.68.71.113 - - [30/Jun/2026:14:59:23 +0000] "GET /items/R472735730/ HTTP/1.1" 301 4154 "-" "meta-externalagent/1.1 (+https://developers.facebook.com/docs/sharing/webmasters/crawler)"
162.159.120.161 - - [30/Jun/2026:14:59:28 +0000] "GET /items/Q155036285/ HTTP/1.1" 404 99752 "-" "Mozilla/5.0 (Linux; Android 6.0.1; Nexus 5X Build/MMB29P) AppleWebKit/537.36 (KHTML, like Gecko) Chrome/148.0.7778.96 Mobile Safari/537.36 (compatible; Googlebot/2.1; +http://www.google.com/bot.html)"
162.158.214.144 - - [30/Jun/2026:14:59:32 +0000] "POST /xmlrpc.php HTTP/1.1" 200 4217 "-" "WordPress.com; https://wordpress.com"
162.158.214.144 - - [30/Jun/2026:14:59:43 +0000] "POST /xmlrpc.php HTTP/1.1" 200 4217 "-" "WordPress.com; https://wordpress.com"
172.71.31.119 - - [30/Jun/2026:14:59:46 +0000] "GET /items/R471832118/ HTTP/1.1" 301 4154 "-" "meta-externalagent/1.1 (+https://developers.facebook.com/docs/sharing/webmasters/crawler)"
162.158.214.144 - - [30/Jun/2026:14:59:54 +0000] "POST /xmlrpc.php HTTP/1.1" 200 4217 "-" "Jetpack/12.1; WordPress/6.3; http://site21425995.com"
104.22.56.166 - - [30/Jun/2026:14:59:55 +0000] "GET /items/R475746929/ HTTP/1.1" 301 4154 "-" "meta-externalagent/1.1 (+https://developers.facebook.com/docs/sharing/webmasters/crawler)"
108.162.238.59 - - [30/Jun/2026:15:00:03 +0000] "GET /products/3957633422232 HTTP/1.1" 301 4159 "-" "meta-externalagent/1.1 (+https://developers.facebook.com/docs/sharing/webmasters/crawler)"
162.158.214.144 - - [30/Jun/2026:15:00:05 +0000] "POST /xmlrpc.php HTTP/1.1" 200 4217 "-" "Jetpack by WordPress.com (Jetpack 12.0; WordPress 6.1)"
172.70.189.130 - - [30/Jun/2026:15:00:16 +0000] "POST /wp-cron.php?doing_wp_cron=1782831616.8663659095764160156250 HTTP/1.1" 200 4035 "-" "WordPress/7.0; https://www.simottodesign.com"
162.158.214.144 - - [30/Jun/2026:15:00:16 +0000] "POST /xmlrpc.php HTTP/1.1" 200 4217 "-" "Jetpack by WordPress.com (Jetpack 12.0; WordPress 6.1)"
172.70.92.152 - - [30/Jun/2026:15:00:25 +0000] "POST /wp-cron.php?doing_wp_cron=1782831624.9799940586090087890625 HTTP/1.1" 200 4035 "-" "WordPress/7.0; https://www.simottodesign.com"
104.23.245.187 - - [30/Jun/2026:15:00:24 +0000] "GET /items/R471173548/ HTTP/1.1" 301 4154 "-" "meta-externalagent/1.1 (+https://developers.facebook.com/docs/sharing/webmasters/crawler)"
162.158.214.144 - - [30/Jun/2026:15:00:27 +0000] "POST /xmlrpc.php HTTP/1.1" 200 4217 "-" "Jetpack by WordPress.com"
172.70.143.213 - - [30/Jun/2026:15:00:33 +0000] "POST /wp-cron.php?doing_wp_cron=1782831632.3965210914611816406250 HTTP/1.1" 200 4035 "-" "WordPress/7.0; https://www.simottodesign.com"
104.23.245.187 - - [30/Jun/2026:15:00:31 +0000] "GET /products/2420983647131 HTTP/1.1" 301 4159 "-" "meta-externalagent/1.1 (+https://developers.facebook.com/docs/sharing/webmasters/crawler)"
172.68.164.126 - - [30/Jun/2026:15:00:33 +0000] "POST /wp-admin/admin-ajax.php?action=wp_1_wc_privacy_cleanup&nonce=0814f9d00f HTTP/1.1" 200 4699 "-" "WordPress/7.0; https://www.simottodesign.com"
162.158.214.144 - - [30/Jun/2026:15:00:38 +0000] "POST /xmlrpc.php HTTP/1.1" 403 4800 "-" "WordPress.com; https://wordpress.com"
172.69.165.83 - - [30/Jun/2026:15:00:47 +0000] "POST /wp-cron.php?doing_wp_cron=1782831647.1843709945678710937500 HTTP/1.1" 200 4035 "-" "WordPress/7.0; https://www.simottodesign.com"
172.69.70.64 - - [30/Jun/2026:15:00:46 +0000] "GET /items/R471565845/ HTTP/1.1" 301 4154 "-" "meta-externalagent/1.1 (+https://developers.facebook.com/docs/sharing/webmasters/crawler)"
162.158.214.144 - - [30/Jun/2026:15:00:49 +0000] "POST /xmlrpc.php HTTP/1.1" 403 4800 "-" "WordPress.com; https://wordpress.com"
162.158.214.144 - - [30/Jun/2026:15:01:00 +0000] "POST /xmlrpc.php HTTP/1.1" 200 4217 "-" "Jetpack by WordPress.com"
162.158.214.144 - - [30/Jun/2026:15:01:11 +0000] "POST /xmlrpc.php HTTP/1.1" 403 4800 "-" "WordPress.com; https://wordpress.com"
172.70.208.126 - - [30/Jun/2026:15:01:18 +0000] "POST /wp-cron.php?doing_wp_cron=1782831678.0066580772399902343750 HTTP/1.1" 200 4035 "-" "WordPress/7.0; https://www.simottodesign.com"
172.71.191.54 - - [30/Jun/2026:15:01:17 +0000] "GET /products/555635737713 HTTP/1.1" 301 4158 "-" "meta-externalagent/1.1 (+https://developers.facebook.com/docs/sharing/webmasters/crawler)"
104.22.1.17 - - [30/Jun/2026:15:01:21 +0000] "GET /products/675506827240 HTTP/1.1" 301 4158 "-" "meta-externalagent/1.1 (+https://developers.facebook.com/docs/sharing/webmasters/crawler)"
162.158.214.144 - - [30/Jun/2026:15:01:22 +0000] "POST /xmlrpc.php HTTP/1.1" 200 4217 "-" "Jetpack by WordPress.com (Jetpack 13.0; WordPress 6.1)"
172.69.71.203 - - [30/Jun/2026:15:01:22 +0000] "GET /items/R475319360/ HTTP/1.1" 404 99752 "-" "meta-externalagent/1.1 (+https://developers.facebook.com/docs/sharing/webmasters/crawler)"
172.68.22.176 - - [30/Jun/2026:15:01:23 +0000] "GET /products/4520538190024 HTTP/1.1" 404 99757 "-" "Mozilla/5.0 (Linux; Android 6.0.1; Nexus 5X Build/MMB29P) AppleWebKit/537.36 (KHTML, like Gecko) Chrome/148.0.7778.96 Mobile Safari/537.36 (compatible; Googlebot/2.1; +http://www.google.com/bot.html)"
162.158.42.39 - - [30/Jun/2026:15:01:25 +0000] "GET /products/2429719447293 HTTP/1.1" 301 4159 "-" "Mozilla/5.0 (Linux; Android 6.0.1; Nexus 5X Build/MMB29P) AppleWebKit/537.36 (KHTML, like Gecko) Chrome/148.0.7778.96 Mobile Safari/537.36 (compatible; Googlebot/2.1; +http://www.google.com/bot.html)"
172.68.22.176 - - [30/Jun/2026:15:01:25 +0000] "GET /products/2429719447293 HTTP/1.1" 404 99757 "-" "Mozilla/5.0 (Linux; Android 6.0.1; Nexus 5X Build/MMB29P) AppleWebKit/537.36 (KHTML, like Gecko) Chrome/148.0.7778.96 Mobile Safari/537.36 (compatible; Googlebot/2.1; +http://www.google.com/bot.html)"
172.71.31.119 - - [30/Jun/2026:15:01:27 +0000] "GET /items/R472832638/ HTTP/1.1" 301 4154 "-" "meta-externalagent/1.1 (+https://developers.facebook.com/docs/sharing/webmasters/crawler)"
162.158.214.144 - - [30/Jun/2026:15:01:33 +0000] "POST /xmlrpc.php HTTP/1.1" 200 4217 "-" "Jetpack/13.0; WordPress/6.1; http://site47004770.com"
162.158.214.144 - - [30/Jun/2026:15:01:45 +0000] "POST /xmlrpc.php HTTP/1.1" 200 4217 "-" "Jetpack by WordPress.com (Jetpack 12.5; WordPress 6.2)"
162.158.214.144 - - [30/Jun/2026:15:01:56 +0000] "POST /xmlrpc.php HTTP/1.1" 200 4217 "-" "Jetpack by WordPress.com"
162.159.120.161 - - [30/Jun/2026:15:01:58 +0000] "GET /products/3617139764888 HTTP/1.1" 404 99757 "-" "Mozilla/5.0 (Linux; Android 6.0.1; Nexus 5X Build/MMB29P) AppleWebKit/537.36 (KHTML, like Gecko) Chrome/148.0.7778.96 Mobile Safari/537.36 (compatible; Googlebot/2.1; +http://www.google.com/bot.html)"
162.158.214.144 - - [30/Jun/2026:15:02:07 +0000] "POST /xmlrpc.php HTTP/1.1" 200 4217 "-" "Jetpack by WordPress.com (Jetpack 12.1; WordPress 6.4)"
172.70.92.152 - - [30/Jun/2026:15:02:19 +0000] "POST /wp-cron.php?doing_wp_cron=1782831739.6249940395355224609375 HTTP/1.1" 200 4035 "-" "WordPress/7.0; https://www.simottodesign.com"
162.158.214.144 - - [30/Jun/2026:15:02:19 +0000] "POST /xmlrpc.php HTTP/1.1" 200 4217 "-" "Jetpack by WordPress.com (Jetpack 12.1; WordPress 6.3)"
162.158.214.144 - - [30/Jun/2026:15:02:30 +0000] "POST /xmlrpc.php HTTP/1.1" 403 4800 "-" "WordPress.com; https://wordpress.com"
104.22.56.167 - - [30/Jun/2026:15:02:31 +0000] "GET /products/133291921586 HTTP/1.1" 301 4158 "-" "meta-externalagent/1.1 (+https://developers.facebook.com/docs/sharing/webmasters/crawler)"
172.69.23.194 - - [30/Jun/2026:15:02:35 +0000] "GET /wp-login.php HTTP/1.1" 200 6261 "-" "Mozilla/5.0 (Macintosh; Intel Mac OS X 10_15_7) AppleWebKit/537.36 (KHTML, like Gecko) Chrome/133.0.0.0 Safari/537.36"
172.69.23.33 - - [30/Jun/2026:15:02:37 +0000] "POST /wp-login.php HTTP/1.1" 200 6421 "https://www.simottodesign.com/wp-login.php" "Mozilla/5.0 (Macintosh; Intel Mac OS X 10_15_7) AppleWebKit/537.36 (KHTML, like Gecko) Chrome/133.0.0.0 Safari/537.36"
162.158.214.144 - - [30/Jun/2026:15:02:41 +0000] "POST /xmlrpc.php HTTP/1.1" 403 4800 "-" "Jetpack by WordPress.com"
162.158.214.144 - - [30/Jun/2026:15:02:52 +0000] "POST /xmlrpc.php HTTP/1.1" 200 4217 "-" "Jetpack by WordPress.com (Jetpack 12.1; WordPress 6.2)"
172.71.22.224 - - [30/Jun/2026:15:02:53 +0000] "GET /items/R472964681/ HTTP/1.1" 301 4154 "-" "meta-externalagent/1.1 (+https://developers.facebook.com/docs/sharing/webmasters/crawler)"
162.159.120.161 - - [30/Jun/2026:15:02:58 +0000] "GET /products/2425020901296 HTTP/1.1" 404 99757 "-" "Mozilla/5.0 (Linux; Android 6.0.1; Nexus 5X Build/MMB29P) AppleWebKit/537.36 (KHTML, like Gecko) Chrome/148.0.7778.96 Mobile Safari/537.36 (compatible; Googlebot/2.1; +http://www.google.com/bot.html)"
162.158.214.144 - - [30/Jun/2026:15:03:05 +0000] "POST /xmlrpc.php HTTP/1.1" 200 4217 "-" "Jetpack/12.5; WordPress/6.4; http://site72466059.com"
162.158.214.144 - - [30/Jun/2026:15:03:16 +0000] "POST /xmlrpc.php HTTP/1.1" 403 4800 "-" "Jetpack by WordPress.com"
172.68.164.126 - - [30/Jun/2026:15:03:23 +0000] "POST /wp-cron.php?doing_wp_cron=1782831803.7875030040740966796875 HTTP/1.1" 200 4035 "-" "WordPress/7.0; https://www.simottodesign.com"
172.71.22.224 - - [30/Jun/2026:15:03:23 +0000] "GET /items/R475583692/ HTTP/1.1" 301 4154 "-" "meta-externalagent/1.1 (+https://developers.facebook.com/docs/sharing/webmasters/crawler)"
104.22.24.101 - - [30/Jun/2026:15:03:23 +0000] "GET /items/R472967161/ HTTP/1.1" 301 4154 "-" "meta-externalagent/1.1 (+https://developers.facebook.com/docs/sharing/webmasters/crawler)"
162.158.214.144 - - [30/Jun/2026:15:03:28 +0000] "POST /xmlrpc.php HTTP/1.1" 403 4800 "-" "Jetpack by WordPress.com"
