162.159.120.160 - - [30/Jun/2026:12:22:39 +0000] "GET /products/2539563155093 HTTP/1.1" 404 99757 "-" "Mozilla/5.0 (Linux; Android 6.0.1; Nexus 5X Build/MMB29P) AppleWebKit/537.36 (KHTML, like Gecko) Chrome/148.0.7778.96 Mobile Safari/537.36 (compatible; Googlebot/2.1; +http://www.google.com/bot.html)"
104.23.245.33 - - [30/Jun/2026:12:22:44 +0000] "GET /products/1595221542692 HTTP/1.1" 404 99757 "-" "meta-externalagent/1.1 (+https://developers.facebook.com/docs/sharing/webmasters/crawler)"
104.22.24.101 - - [30/Jun/2026:12:22:49 +0000] "GET /products/5413990826271 HTTP/1.1" 301 4159 "-" "meta-externalagent/1.1 (+https://developers.facebook.com/docs/sharing/webmasters/crawler)"
172.71.22.225 - - [30/Jun/2026:12:22:56 +0000] "GET /products/467441999998 HTTP/1.1" 301 4158 "-" "meta-externalagent/1.1 (+https://developers.facebook.com/docs/sharing/webmasters/crawler)"
172.69.70.64 - - [30/Jun/2026:12:23:03 +0000] "GET /products/2117271854388 HTTP/1.1" 301 4159 "-" "meta-externalagent/1.1 (+https://developers.facebook.com/docs/sharing/webmasters/crawler)"
104.23.175.205 - - [30/Jun/2026:12:23:16 +0000] "POST /wp-cron.php?doing_wp_cron=1782822196.1243200302124023437500 HTTP/1.1" 200 4035 "-" "WordPress/7.0; https://www.simottodesign.com"
104.22.56.166 - - [30/Jun/2026:12:23:15 +0000] "GET /products/2465647614726 HTTP/1.1" 301 4159 "-" "meta-externalagent/1.1 (+https://developers.facebook.com/docs/sharing/webmasters/crawler)"
104.22.56.166 - - [30/Jun/2026:12:23:27 +0000] "GET /products/526040031679 HTTP/1.1" 301 4158 "-" "meta-externalagent/1.1 (+https://developers.facebook.com/docs/sharing/webmasters/crawler)"
104.22.56.166 - - [30/Jun/2026:12:23:29 +0000] "GET /products/4639988702191 HTTP/1.1" 301 4159 "-" "meta-externalagent/1.1 (+https://developers.facebook.com/docs/sharing/webmasters/crawler)"
172.68.70.34 - - [30/Jun/2026:12:23:34 +0000] "GET /items/R472631668/ HTTP/1.1" 404 99752 "-" "meta-externalagent/1.1 (+https://developers.facebook.com/docs/sharing/webmasters/crawler)"
172.68.70.34 - - [30/Jun/2026:12:23:36 +0000] "GET /products/2911702752076 HTTP/1.1" 404 99757 "-" "meta-externalagent/1.1 (+https://developers.facebook.com/docs/sharing/webmasters/crawler)"
172.69.70.64 - - [30/Jun/2026:12:23:49 +0000] "GET /products/5595817974891 HTTP/1.1" 301 4159 "-" "meta-externalagent/1.1 (+https://developers.facebook.com/docs/sharing/webmasters/crawler)"
162.159.120.161 - - [30/Jun/2026:12:23:51 +0000] "GET /products/1557774948663 HTTP/1.1" 404 99757 "-" "Mozilla/5.0 (Linux; Android 6.0.1; Nexus 5X Build/MMB29P) AppleWebKit/537.36 (KHTML, like Gecko) Chrome/148.0.7778.96 Mobile Safari/537.36 (compatible; Googlebot/2.1; +http://www.google.com/bot.html)"
104.22.102.38 - - [30/Jun/2026:12:23:52 +0000] "GET /items/E131511889/ HTTP/1.1" 404 99752 "-" "Mozilla/5.0 AppleWebKit/537.36 (KHTML, like Gecko; compatible; bingbot/2.0; +http://www.bing.com/bingbot.htm) Chrome/116.0.1938.76 Safari/537.36"
104.22.56.166 - - [30/Jun/2026:12:24:02 +0000] "GET /items/R473629888/ HTTP/1.1" 301 4154 "-" "meta-externalagent/1.1 (+https://developers.facebook.com/docs/sharing/webmasters/crawler)"
162.158.108.88 - - [30/Jun/2026:12:24:13 +0000] "POST /wp-cron.php?doing_wp_cron=1782822253.3175640106201171875000 HTTP/1.1" 200 4035 "-" "WordPress/7.0; https://www.simottodesign.com"
104.22.56.207 - - [30/Jun/2026:12:24:12 +0000] "GET /items/R474066132/ HTTP/1.1" 404 99752 "-" "meta-externalagent/1.1 (+https://developers.facebook.com/docs/sharing/webmasters/crawler)"
172.71.23.121 - - [30/Jun/2026:12:24:30 +0000] "GET /products/5085929995495 HTTP/1.1" 404 99757 "-" "meta-externalagent/1.1 (+https://developers.facebook.com/docs/sharing/webmasters/crawler)"
104.22.56.166 - - [30/Jun/2026:12:24:38 +0000] "GET /products/1971178678901 HTTP/1.1" 301 4159 "-" "meta-externalagent/1.1 (+https://developers.facebook.com/docs/sharing/webmasters/crawler)"
162.159.120.160 - - [30/Jun/2026:12:25:02 +0000] "GET /products/4204741427155 HTTP/1.1" 404 99757 "-" "Mozilla/5.0 (Linux; Android 6.0.1; Nexus 5X Build/MMB29P) AppleWebKit/537.36 (KHTML, like Gecko) Chrome/148.0.7778.96 Mobile Safari/537.36 (compatible; Googlebot/2.1; +http://www.google.com/bot.html)"
162.158.88.100 - - [30/Jun/2026:12:25:12 +0000] "POST /wp-cron.php?doing_wp_cron=1782822312.2537989616394042968750 HTTP/1.1" 200 4035 "-" "WordPress/7.0; https://www.simottodesign.com"
104.22.56.166 - - [30/Jun/2026:12:25:11 +0000] "GET /products/2123450987760 HTTP/1.1" 301 4159 "-" "meta-externalagent/1.1 (+https://developers.facebook.com/docs/sharing/webmasters/crawler)"
104.22.56.166 - - [30/Jun/2026:12:25:16 +0000] "GET /items/R473847341/ HTTP/1.1" 301 4154 "-" "meta-externalagent/1.1 (+https://developers.facebook.com/docs/sharing/webmasters/crawler)"
104.22.56.207 - - [30/Jun/2026:12:25:22 +0000] "GET /items/R474308799/ HTTP/1.1" 404 99752 "-" "meta-externalagent/1.1 (+https://developers.facebook.com/docs/sharing/webmasters/crawler)"
104.23.245.186 - - [30/Jun/2026:12:25:27 +0000] "GET /items/R475307266/ HTTP/1.1" 301 4154 "-" "meta-externalagent/1.1 (+https://developers.facebook.com/docs/sharing/webmasters/crawler)"
104.22.56.166 - - [30/Jun/2026:12:25:34 +0000] "GET /items/R473057790/ HTTP/1.1" 301 4154 "-" "meta-externalagent/1.1 (+https://developers.facebook.com/docs/sharing/webmasters/crawler)"
172.71.22.225 - - [30/Jun/2026:12:25:37 +0000] "GET /products/2541494207519 HTTP/1.1" 301 4159 "-" "meta-externalagent/1.1 (+https://developers.facebook.com/docs/sharing/webmasters/crawler)"
172.69.70.64 - - [30/Jun/2026:12:25:40 +0000] "GET /products/4264347138519 HTTP/1.1" 301 4159 "-" "meta-externalagent/1.1 (+https://developers.facebook.com/docs/sharing/webmasters/crawler)"
108.162.238.59 - - [30/Jun/2026:12:25:56 +0000] "GET /products/997349500457 HTTP/1.1" 301 4158 "-" "meta-externalagent/1.1 (+https://developers.facebook.com/docs/sharing/webmasters/crawler)"
172.69.176.126 - - [30/Jun/2026:12:26:14 +0000] "POST /wp-cron.php?doing_wp_cron=1782822374.6799120903015136718750 HTTP/1.1" 200 4035 "-" "WordPress/7.0; https://www.simottodesign.com"
162.159.120.161 - - [30/Jun/2026:12:26:14 +0000] "GET /products/1850645367213 HTTP/1.1" 404 99757 "-" "Mozilla/5.0 (Linux; Android 6.0.1; Nexus 5X Build/MMB29P) AppleWebKit/537.36 (KHTML, like Gecko) Chrome/148.0.7778.96 Mobile Safari/537.36 (compatible; Googlebot/2.1; +http://www.google.com/bot.html)"
172.71.30.41 - - [30/Jun/2026:12:26:27 +0000] "GET /items/R473148962/ HTTP/1.1" 301 4154 "-" "meta-externalagent/1.1 (+https://developers.facebook.com/docs/sharing/webmasters/crawler)"
162.158.189.202 - - [30/Jun/2026:12:27:12 +0000] "POST /wp-cron.php?doing_wp_cron=1782822432.1500480175018310546875 HTTP/1.1" 200 4035 "-" "WordPress/7.0; https://www.simottodesign.com"
172.71.22.225 - - [30/Jun/2026:12:27:11 +0000] "GET /products/1426864064564 HTTP/1.1" 301 4159 "-" "meta-externalagent/1.1 (+https://developers.facebook.com/docs/sharing/webmasters/crawler)"
172.71.22.225 - - [30/Jun/2026:12:27:17 +0000] "GET /products/5804101915868 HTTP/1.1" 301 4159 "-" "meta-externalagent/1.1 (+https://developers.facebook.com/docs/sharing/webmasters/crawler)"
162.159.120.161 - - [30/Jun/2026:12:27:25 +0000] "GET /products/1184459785346 HTTP/1.1" 404 99757 "-" "Mozilla/5.0 (Linux; Android 6.0.1; Nexus 5X Build/MMB29P) AppleWebKit/537.36 (KHTML, like Gecko) Chrome/148.0.7778.96 Mobile Safari/537.36 (compatible; Googlebot/2.1; +http://www.google.com/bot.html)"
104.22.24.100 - - [30/Jun/2026:12:27:25 +0000] "GET /items/R475236275/ HTTP/1.1" 301 4154 "-" "meta-externalagent/1.1 (+https://developers.facebook.com/docs/sharing/webmasters/crawler)"
104.22.56.167 - - [30/Jun/2026:12:27:28 +0000] "GET /products/5248872766599 HTTP/1.1" 301 4159 "-" "meta-externalagent/1.1 (+https://developers.facebook.com/docs/sharing/webmasters/crawler)"
104.22.56.167 - - [30/Jun/2026:12:27:53 +0000] "GET /items/R473968463/ HTTP/1.1" 301 4154 "-" "meta-externalagent/1.1 (+https://developers.facebook.com/docs/sharing/webmasters/crawler)"
108.162.237.97 - - [30/Jun/2026:12:27:55 +0000] "GET /products/4436032347214 HTTP/1.1" 404 99757 "-" "meta-externalagent/1.1 (+https://developers.facebook.com/docs/sharing/webmasters/crawler)"
104.22.1.16 - - [30/Jun/2026:12:28:08 +0000] "GET /products/3666904103703 HTTP/1.1" 301 4159 "-" "meta-externalagent/1.1 (+https://developers.facebook.com/docs/sharing/webmasters/crawler)"
172.71.124.200 - - [30/Jun/2026:12:28:10 +0000] "POST /wp-cron.php?doing_wp_cron=1782822490.7712790966033935546875 HTTP/1.1" 200 4035 "-" "WordPress/7.0; https://www.simottodesign.com"
104.22.56.207 - - [30/Jun/2026:12:28:10 +0000] "GET /items/R472264233/ HTTP/1.1" 404 99752 "-" "meta-externalagent/1.1 (+https://developers.facebook.com/docs/sharing/webmasters/crawler)"
104.22.24.100 - - [30/Jun/2026:12:28:11 +0000] "GET /items/R471837394/ HTTP/1.1" 301 4154 "-" "meta-externalagent/1.1 (+https://developers.facebook.com/docs/sharing/webmasters/crawler)"
172.69.70.64 - - [30/Jun/2026:12:28:27 +0000] "GET /products/1613416131042 HTTP/1.1" 301 4159 "-" "meta-externalagent/1.1 (+https://developers.facebook.com/docs/sharing/webmasters/crawler)"
104.22.1.16 - - [30/Jun/2026:12:28:41 +0000] "GET /products/2424788940718 HTTP/1.1" 301 4159 "-" "meta-externalagent/1.1 (+https://developers.facebook.com/docs/sharing/webmasters/crawler)"
108.162.238.59 - - [30/Jun/2026:12:28:42 +0000] "GET /products/2546897830831 HTTP/1.1" 301 4159 "-" "meta-externalagent/1.1 (+https://developers.facebook.com/docs/sharing/webmasters/crawler)"
172.71.22.225 - - [30/Jun/2026:12:28:47 +0000] "GET /items/R472948339/ HTTP/1.1" 301 4154 "-" "meta-externalagent/1.1 (+https://developers.facebook.com/docs/sharing/webmasters/crawler)"
104.22.24.100 - - [30/Jun/2026:12:29:09 +0000] "GET /items/R475896785/ HTTP/1.1" 301 4154 "-" "meta-externalagent/1.1 (+https://developers.facebook.com/docs/sharing/webmasters/crawler)"
172.70.143.213 - - [30/Jun/2026:12:29:10 +0000] "POST /wp-cron.php?doing_wp_cron=1782822550.2142350673675537109375 HTTP/1.1" 200 4035 "-" "WordPress/7.0; https://www.simottodesign.com"
172.71.30.41 - - [30/Jun/2026:12:29:09 +0000] "GET /items/R471937029/ HTTP/1.1" 301 4154 "-" "meta-externalagent/1.1 (+https://developers.facebook.com/docs/sharing/webmasters/crawler)"
162.159.120.161 - - [30/Jun/2026:12:29:25 +0000] "GET /products/71881018413 HTTP/1.1" 404 99755 "-" "Mozilla/5.0 (Linux; Android 6.0.1; Nexus 5X Build/MMB29P) AppleWebKit/537.36 (KHTML, like Gecko) Chrome/148.0.7778.96 Mobile Safari/537.36 (compatible; Googlebot/2.1; +http://www.google.com/bot.html)"
104.22.56.167 - - [30/Jun/2026:12:29:34 +0000] "GET /items/R476618470/ HTTP/1.1" 301 4154 "-" "meta-externalagent/1.1 (+https://developers.facebook.com/docs/sharing/webmasters/crawler)"
172.71.22.225 - - [30/Jun/2026:12:29:45 +0000] "GET /products/3101440715431 HTTP/1.1" 301 4159 "-" "meta-externalagent/1.1 (+https://developers.facebook.com/docs/sharing/webmasters/crawler)"
104.22.56.167 - - [30/Jun/2026:12:29:52 +0000] "GET /products/4923206663332 HTTP/1.1" 301 4159 "-" "meta-externalagent/1.1 (+https://developers.facebook.com/docs/sharing/webmasters/crawler)"
172.71.30.41 - - [30/Jun/2026:12:29:55 +0000] "GET /products/3315611667485 HTTP/1.1" 301 4159 "-" "meta-externalagent/1.1 (+https://developers.facebook.com/docs/sharing/webmasters/crawler)"
172.71.124.200 - - [30/Jun/2026:12:30:13 +0000] "POST /wp-cron.php?doing_wp_cron=1782822612.9175689220428466796875 HTTP/1.1" 200 4035 "-" "WordPress/7.0; https://www.simottodesign.com"
108.162.238.59 - - [30/Jun/2026:12:30:12 +0000] "GET /products/5403667484350 HTTP/1.1" 301 4159 "-" "meta-externalagent/1.1 (+https://developers.facebook.com/docs/sharing/webmasters/crawler)"
172.70.92.152 - - [30/Jun/2026:12:30:26 +0000] "POST /wp-cron.php?doing_wp_cron=1782822626.6797978878021240234375 HTTP/1.1" 200 4035 "-" "WordPress/7.0; https://www.simottodesign.com"
162.158.42.196 - - [30/Jun/2026:12:30:26 +0000] "GET /products/3526042922667 HTTP/1.1" 404 99757 "-" "Mozilla/5.0 (Linux; Android 6.0.1; Nexus 5X Build/MMB29P) AppleWebKit/537.36 (KHTML, like Gecko) Chrome/148.0.7778.96 Mobile Safari/537.36 (compatible; Googlebot/2.1; +http://www.google.com/bot.html)"
172.71.22.224 - - [30/Jun/2026:12:31:04 +0000] "GET /products/1143071650235 HTTP/1.1" 301 4159 "-" "meta-externalagent/1.1 (+https://developers.facebook.com/docs/sharing/webmasters/crawler)"
172.71.124.200 - - [30/Jun/2026:12:31:22 +0000] "POST /wp-cron.php?doing_wp_cron=1782822682.5889849662780761718750 HTTP/1.1" 200 4035 "-" "WordPress/7.0; https://www.simottodesign.com"
104.22.1.201 - - [30/Jun/2026:12:31:21 +0000] "GET /items/R473991322/ HTTP/1.1" 404 99752 "-" "meta-externalagent/1.1 (+https://developers.facebook.com/docs/sharing/webmasters/crawler)"
162.159.120.161 - - [30/Jun/2026:12:31:26 +0000] "GET /products/1594934120436 HTTP/1.1" 404 99757 "-" "Mozilla/5.0 (Linux; Android 6.0.1; Nexus 5X Build/MMB29P) AppleWebKit/537.36 (KHTML, like Gecko) Chrome/148.0.7778.96 Mobile Safari/537.36 (compatible; Googlebot/2.1; +http://www.google.com/bot.html)"
104.22.1.17 - - [30/Jun/2026:12:31:35 +0000] "GET /items/R474209401/ HTTP/1.1" 301 4154 "-" "meta-externalagent/1.1 (+https://developers.facebook.com/docs/sharing/webmasters/crawler)"
104.22.24.100 - - [30/Jun/2026:12:31:44 +0000] "GET /products/5223873759544 HTTP/1.1" 301 4159 "-" "meta-externalagent/1.1 (+https://developers.facebook.com/docs/sharing/webmasters/crawler)"
104.22.24.100 - - [30/Jun/2026:12:31:47 +0000] "GET /products/5803805177988 HTTP/1.1" 301 4159 "-" "meta-externalagent/1.1 (+https://developers.facebook.com/docs/sharing/webmasters/crawler)"
104.23.175.205 - - [30/Jun/2026:12:32:28 +0000] "POST /wp-cron.php?doing_wp_cron=1782822747.9722740650177001953125 HTTP/1.1" 200 4035 "-" "WordPress/7.0; https://www.simottodesign.com"
162.158.42.195 - - [30/Jun/2026:12:32:27 +0000] "GET /products/5555053228928 HTTP/1.1" 404 99757 "-" "Mozilla/5.0 (Linux; Android 6.0.1; Nexus 5X Build/MMB29P) AppleWebKit/537.36 (KHTML, like Gecko) Chrome/148.0.7778.96 Mobile Safari/537.36 (compatible; Googlebot/2.1; +http://www.google.com/bot.html)"
104.22.56.166 - - [30/Jun/2026:12:32:29 +0000] "GET /products/1059270282901 HTTP/1.1" 301 4159 "-" "meta-externalagent/1.1 (+https://developers.facebook.com/docs/sharing/webmasters/crawler)"
104.22.56.166 - - [30/Jun/2026:12:32:41 +0000] "GET /items/R476002103/ HTTP/1.1" 301 4154 "-" "meta-externalagent/1.1 (+https://developers.facebook.com/docs/sharing/webmasters/crawler)"
104.22.1.201 - - [30/Jun/2026:12:32:48 +0000] "GET /items/R472743170/ HTTP/1.1" 404 99825 "-" "meta-externalagent/1.1 (+https://developers.facebook.com/docs/sharing/webmasters/crawler)"
104.23.245.186 - - [30/Jun/2026:12:32:59 +0000] "GET /products/2184270485099 HTTP/1.1" 301 4159 "-" "meta-externalagent/1.1 (+https://developers.facebook.com/docs/sharing/webmasters/crawler)"
104.22.56.166 - - [30/Jun/2026:12:33:00 +0000] "GET /items/R471858842/ HTTP/1.1" 301 4154 "-" "meta-externalagent/1.1 (+https://developers.facebook.com/docs/sharing/webmasters/crawler)"
172.70.143.213 - - [30/Jun/2026:12:33:24 +0000] "POST /wp-cron.php?doing_wp_cron=1782822804.8586881160736083984375 HTTP/1.1" 200 4035 "-" "WordPress/7.0; https://www.simottodesign.com"
104.22.1.17 - - [30/Jun/2026:12:33:24 +0000] "GET /items/R473666639/ HTTP/1.1" 301 4154 "-" "meta-externalagent/1.1 (+https://developers.facebook.com/docs/sharing/webmasters/crawler)"
172.68.22.176 - - [30/Jun/2026:12:33:28 +0000] "GET /ctg/search/similarImageSearchResultView/?ctgItemCd=49528135 HTTP/1.1" 404 99789 "-" "Mozilla/5.0 (Linux; Android 6.0.1; Nexus 5X Build/MMB29P) AppleWebKit/537.36 (KHTML, like Gecko) Chrome/148.0.7778.96 Mobile Safari/537.36 (compatible; Googlebot/2.1; +http://www.google.com/bot.html)"
172.68.22.176 - - [30/Jun/2026:12:33:29 +0000] "GET /products/5043266383022 HTTP/1.1" 404 99757 "-" "Mozilla/5.0 (Linux; Android 6.0.1; Nexus 5X Build/MMB29P) AppleWebKit/537.36 (KHTML, like Gecko) Chrome/148.0.7778.96 Mobile Safari/537.36 (compatible; Googlebot/2.1; +http://www.google.com/bot.html)"
104.22.56.206 - - [30/Jun/2026:12:33:49 +0000] "GET /products/2128472345463 HTTP/1.1" 404 99757 "-" "meta-externalagent/1.1 (+https://developers.facebook.com/docs/sharing/webmasters/crawler)"
104.22.1.17 - - [30/Jun/2026:12:33:59 +0000] "GET /items/R472095950/ HTTP/1.1" 301 4154 "-" "meta-externalagent/1.1 (+https://developers.facebook.com/docs/sharing/webmasters/crawler)"
104.22.1.201 - - [30/Jun/2026:12:34:00 +0000] "GET /products/3328828777584 HTTP/1.1" 404 99830 "-" "meta-externalagent/1.1 (+https://developers.facebook.com/docs/sharing/webmasters/crawler)"
172.70.46.107 - - [30/Jun/2026:12:34:00 +0000] "GET /wp-login.php HTTP/1.1" 200 6261 "-" "Mozilla/5.0 (Windows NT 10.0) AppleWebKit/537.36 (KHTML, like Gecko) Chrome/133.0.0.0 Safari/537.36"
172.68.22.176 - - [30/Jun/2026:12:34:02 +0000] "GET /products/101051164589 HTTP/1.1" 404 99756 "-" "Mozilla/5.0 (Linux; Android 6.0.1; Nexus 5X Build/MMB29P) AppleWebKit/537.36 (KHTML, like Gecko) Chrome/148.0.7778.96 Mobile Safari/537.36 (compatible; Googlebot/2.1; +http://www.google.com/bot.html)"
172.70.46.179 - - [30/Jun/2026:12:34:02 +0000] "POST /wp-login.php HTTP/1.1" 200 6395 "https://simottodesign.com/wp-login.php" "Mozilla/5.0 (Windows NT 10.0) AppleWebKit/537.36 (KHTML, like Gecko) Chrome/133.0.0.0 Safari/537.36"
172.69.165.82 - - [30/Jun/2026:12:34:19 +0000] "POST /wp-cron.php?doing_wp_cron=1782822859.0629279613494873046875 HTTP/1.1" 200 4035 "-" "WordPress/7.0; https://www.simottodesign.com"
172.71.30.41 - - [30/Jun/2026:12:34:18 +0000] "GET /items/R474996319/ HTTP/1.1" 301 4154 "-" "meta-externalagent/1.1 (+https://developers.facebook.com/docs/sharing/webmasters/crawler)"
172.71.30.135 - - [30/Jun/2026:12:34:24 +0000] "GET /items/R473262229/ HTTP/1.1" 404 99752 "-" "meta-externalagent/1.1 (+https://developers.facebook.com/docs/sharing/webmasters/crawler)"
104.22.56.167 - - [30/Jun/2026:12:34:29 +0000] "GET /items/R471818982/ HTTP/1.1" 301 4154 "-" "meta-externalagent/1.1 (+https://developers.facebook.com/docs/sharing/webmasters/crawler)"
172.68.22.176 - - [30/Jun/2026:12:34:33 +0000] "GET /products/5809181438214 HTTP/1.1" 404 99757 "-" "Mozilla/5.0 (Linux; Android 6.0.1; Nexus 5X Build/MMB29P) AppleWebKit/537.36 (KHTML, like Gecko) Chrome/148.0.7778.96 Mobile Safari/537.36 (compatible; Googlebot/2.1; +http://www.google.com/bot.html)"
104.22.56.167 - - [30/Jun/2026:12:34:41 +0000] "GET /products/2644280583646 HTTP/1.1" 301 4159 "-" "meta-externalagent/1.1 (+https://developers.facebook.com/docs/sharing/webmasters/crawler)"
172.68.71.113 - - [30/Jun/2026:12:34:48 +0000] "GET /products/5817874804802 HTTP/1.1" 301 4159 "-" "meta-externalagent/1.1 (+https://developers.facebook.com/docs/sharing/webmasters/crawler)"
104.22.24.101 - - [30/Jun/2026:12:34:49 +0000] "GET /products/181055893155 HTTP/1.1" 301 4158 "-" "meta-externalagent/1.1 (+https://developers.facebook.com/docs/sharing/webmasters/crawler)"
172.71.30.41 - - [30/Jun/2026:12:34:59 +0000] "GET /products/5397970422136 HTTP/1.1" 301 4159 "-" "meta-externalagent/1.1 (+https://developers.facebook.com/docs/sharing/webmasters/crawler)"
104.22.56.167 - - [30/Jun/2026:12:35:03 +0000] "GET /items/R471129150/ HTTP/1.1" 301 4154 "-" "meta-externalagent/1.1 (+https://developers.facebook.com/docs/sharing/webmasters/crawler)"
172.69.176.127 - - [30/Jun/2026:12:35:20 +0000] "POST /wp-cron.php?doing_wp_cron=1782822920.3281900882720947265625 HTTP/1.1" 200 4035 "-" "WordPress/7.0; https://www.simottodesign.com"
104.23.245.187 - - [30/Jun/2026:12:35:19 +0000] "GET /items/R476575688/ HTTP/1.1" 301 4154 "-" "meta-externalagent/1.1 (+https://developers.facebook.com/docs/sharing/webmasters/crawler)"
172.69.130.47 - - [30/Jun/2026:12:35:34 +0000] "GET /wp-login.php HTTP/1.1" 200 6261 "-" "Mozilla/5.0 (Windows NT 10.0) AppleWebKit/537.36 (KHTML, like Gecko) Chrome/133.0.0.0 Safari/537.36"
172.71.120.147 - - [30/Jun/2026:12:35:35 +0000] "POST /wp-login.php HTTP/1.1" 200 6421 "https://simottodesign.com/wp-login.php" "Mozilla/5.0 (Windows NT 10.0) AppleWebKit/537.36 (KHTML, like Gecko) Chrome/133.0.0.0 Safari/537.36"
104.22.24.101 - - [30/Jun/2026:12:35:37 +0000] "GET /items/R472715829/ HTTP/1.1" 301 4154 "-" "meta-externalagent/1.1 (+https://developers.facebook.com/docs/sharing/webmasters/crawler)"
104.22.56.206 - - [30/Jun/2026:12:35:38 +0000] "GET /items/R473960098/ HTTP/1.1" 404 99752 "-" "meta-externalagent/1.1 (+https://developers.facebook.com/docs/sharing/webmasters/crawler)"
172.68.22.176 - - [30/Jun/2026:12:35:45 +0000] "GET /products/1842077767291 HTTP/1.1" 404 99830 "-" "Mozilla/5.0 (Linux; Android 6.0.1; Nexus 5X Build/MMB29P) AppleWebKit/537.36 (KHTML, like Gecko) Chrome/148.0.7778.96 Mobile Safari/537.36 (compatible; Googlebot/2.1; +http://www.google.com/bot.html)"
104.23.245.187 - - [30/Jun/2026:12:35:47 +0000] "GET /products/579576645777 HTTP/1.1" 301 4158 "-" "meta-externalagent/1.1 (+https://developers.facebook.com/docs/sharing/webmasters/crawler)"
172.70.143.213 - - [30/Jun/2026:12:36:30 +0000] "POST /wp-cron.php?doing_wp_cron=1782822990.8647871017456054687500 HTTP/1.1" 200 4035 "-" "WordPress/7.0; https://www.simottodesign.com"
104.23.245.187 - - [30/Jun/2026:12:36:30 +0000] "GET /products/3679277606613 HTTP/1.1" 301 4159 "-" "meta-externalagent/1.1 (+https://developers.facebook.com/docs/sharing/webmasters/crawler)"
104.22.24.210 - - [30/Jun/2026:12:36:37 +0000] "GET /products/3214579351929 HTTP/1.1" 404 99757 "-" "meta-externalagent/1.1 (+https://developers.facebook.com/docs/sharing/webmasters/crawler)"
104.22.1.16 - - [30/Jun/2026:12:36:48 +0000] "GET /products/774728591966 HTTP/1.1" 301 4158 "-" "meta-externalagent/1.1 (+https://developers.facebook.com/docs/sharing/webmasters/crawler)"
108.162.238.59 - - [30/Jun/2026:12:36:53 +0000] "GET /items/R471105065/ HTTP/1.1" 301 4154 "-" "meta-externalagent/1.1 (+https://developers.facebook.com/docs/sharing/webmasters/crawler)"
162.158.42.196 - - [30/Jun/2026:12:36:56 +0000] "GET /products/3010031205771 HTTP/1.1" 404 99757 "-" "Mozilla/5.0 (Linux; Android 6.0.1; Nexus 5X Build/MMB29P) AppleWebKit/537.36 (KHTML, like Gecko) Chrome/148.0.7778.96 Mobile Safari/537.36 (compatible; Googlebot/2.1; +http://www.google.com/bot.html)"
172.70.208.126 - - [30/Jun/2026:12:37:10 +0000] "POST /wp-cron.php?doing_wp_cron=1782823030.0424039363861083984375 HTTP/1.1" 200 4035 "-" "WordPress/7.0; https://www.simottodesign.com"
172.68.71.113 - - [30/Jun/2026:12:37:09 +0000] "GET /products/869643579956 HTTP/1.1" 301 4158 "-" "meta-externalagent/1.1 (+https://developers.facebook.com/docs/sharing/webmasters/crawler)"
104.22.56.166 - - [30/Jun/2026:12:37:25 +0000] "GET /products/5848025235332 HTTP/1.1" 301 4159 "-" "meta-externalagent/1.1 (+https://developers.facebook.com/docs/sharing/webmasters/crawler)"
108.162.238.59 - - [30/Jun/2026:12:37:40 +0000] "GET /products/200982744260 HTTP/1.1" 301 4158 "-" "meta-externalagent/1.1 (+https://developers.facebook.com/docs/sharing/webmasters/crawler)"
104.22.56.166 - - [30/Jun/2026:12:37:53 +0000] "GET /products/2402538550302 HTTP/1.1" 301 4159 "-" "meta-externalagent/1.1 (+https://developers.facebook.com/docs/sharing/webmasters/crawler)"
172.71.194.95 - - [30/Jun/2026:12:38:00 +0000] "GET /products/464862211860 HTTP/1.1" 404 99756 "-" "Mozilla/5.0 AppleWebKit/537.36 (KHTML, like Gecko; compatible; bingbot/2.0; +http://www.bing.com/bingbot.htm) Chrome/116.0.1938.76 Safari/537.36"
162.158.42.195 - - [30/Jun/2026:12:38:08 +0000] "GET /products/1863986092133 HTTP/1.1" 404 99757 "-" "Mozilla/5.0 (Linux; Android 6.0.1; Nexus 5X Build/MMB29P) AppleWebKit/537.36 (KHTML, like Gecko) Chrome/148.0.7778.96 Mobile Safari/537.36 (compatible; Googlebot/2.1; +http://www.google.com/bot.html)"
172.71.124.201 - - [30/Jun/2026:12:38:25 +0000] "POST /wp-cron.php?doing_wp_cron=1782823105.8512380123138427734375 HTTP/1.1" 200 4035 "-" "WordPress/7.0; https://www.simottodesign.com"
104.22.56.166 - - [30/Jun/2026:12:38:25 +0000] "GET /items/R475087898/ HTTP/1.1" 301 4154 "-" "meta-externalagent/1.1 (+https://developers.facebook.com/docs/sharing/webmasters/crawler)"
172.71.30.40 - - [30/Jun/2026:12:38:26 +0000] "GET /products/1976738786031 HTTP/1.1" 301 4159 "-" "meta-externalagent/1.1 (+https://developers.facebook.com/docs/sharing/webmasters/crawler)"
172.71.22.225 - - [30/Jun/2026:12:38:32 +0000] "GET /products/5358110891418 HTTP/1.1" 301 4159 "-" "meta-externalagent/1.1 (+https://developers.facebook.com/docs/sharing/webmasters/crawler)"
172.68.164.126 - - [30/Jun/2026:12:39:22 +0000] "POST /wp-cron.php?doing_wp_cron=1782823162.9032421112060546875000 HTTP/1.1" 200 4035 "-" "WordPress/7.0; https://www.simottodesign.com"
104.22.56.166 - - [30/Jun/2026:12:39:22 +0000] "GET /items/R471584692/ HTTP/1.1" 301 4154 "-" "meta-externalagent/1.1 (+https://developers.facebook.com/docs/sharing/webmasters/crawler)"
172.68.71.114 - - [30/Jun/2026:12:39:34 +0000] "GET /products/3712231296846 HTTP/1.1" 301 4159 "-" "meta-externalagent/1.1 (+https://developers.facebook.com/docs/sharing/webmasters/crawler)"
104.22.1.17 - - [30/Jun/2026:12:40:00 +0000] "GET /products/1539091705796 HTTP/1.1" 301 4159 "-" "meta-externalagent/1.1 (+https://developers.facebook.com/docs/sharing/webmasters/crawler)"
162.158.42.196 - - [30/Jun/2026:12:40:07 +0000] "GET /products/4345322249508 HTTP/1.1" 404 99757 "-" "Mozilla/5.0 (Linux; Android 6.0.1; Nexus 5X Build/MMB29P) AppleWebKit/537.36 (KHTML, like Gecko) Chrome/148.0.7778.96 Mobile Safari/537.36 (compatible; Googlebot/2.1; +http://www.google.com/bot.html)"
162.158.108.89 - - [30/Jun/2026:12:40:15 +0000] "POST /wp-cron.php?doing_wp_cron=1782823214.9740960597991943359375 HTTP/1.1" 200 4035 "-" "WordPress/7.0; https://www.simottodesign.com"
104.22.93.59 - - [30/Jun/2026:12:40:14 +0000] "GET /products/4560100473797 HTTP/1.1" 404 99757 "-" "Mozilla/5.0 AppleWebKit/537.36 (KHTML, like Gecko; compatible; bingbot/2.0; +http://www.bing.com/bingbot.htm) Chrome/116.0.1938.76 Safari/537.36"
108.162.238.60 - - [30/Jun/2026:12:40:41 +0000] "GET /items/R471007443/ HTTP/1.1" 301 4154 "-" "meta-externalagent/1.1 (+https://developers.facebook.com/docs/sharing/webmasters/crawler)"
104.22.24.101 - - [30/Jun/2026:12:41:07 +0000] "GET /products/1490783081581 HTTP/1.1" 301 4159 "-" "meta-externalagent/1.1 (+https://developers.facebook.com/docs/sharing/webmasters/crawler)"
104.22.72.11 - - [30/Jun/2026:12:41:08 +0000] "GET /products/5776130491362 HTTP/1.1" 404 99830 "-" "Mozilla/5.0 (Linux; Android 6.0.1; Nexus 5X Build/MMB29P) AppleWebKit/537.36 (KHTML, like Gecko) Chrome/148.0.7778.96 Mobile Safari/537.36 (compatible; Googlebot/2.1; +http://www.google.com/bot.html)"
172.70.143.213 - - [30/Jun/2026:12:41:10 +0000] "POST /wp-cron.php?doing_wp_cron=1782823270.2227919101715087890625 HTTP/1.1" 200 4035 "-" "WordPress/7.0; https://www.simottodesign.com"
172.68.23.163 - - [30/Jun/2026:12:41:09 +0000] "GET /products/3376216833322 HTTP/1.1" 301 4159 "-" "Mozilla/5.0 (Linux; Android 6.0.1; Nexus 5X Build/MMB29P) AppleWebKit/537.36 (KHTML, like Gecko) Chrome/148.0.7778.96 Mobile Safari/537.36 (compatible; Googlebot/2.1; +http://www.google.com/bot.html)"
104.22.24.101 - - [30/Jun/2026:12:41:10 +0000] "GET /products/1300951487277 HTTP/1.1" 301 4159 "-" "meta-externalagent/1.1 (+https://developers.facebook.com/docs/sharing/webmasters/crawler)"
162.158.42.196 - - [30/Jun/2026:12:41:10 +0000] "GET /products/3376216833322 HTTP/1.1" 404 99757 "-" "Mozilla/5.0 (Linux; Android 6.0.1; Nexus 5X Build/MMB29P) AppleWebKit/537.36 (KHTML, like Gecko) Chrome/148.0.7778.96 Mobile Safari/537.36 (compatible; Googlebot/2.1; +http://www.google.com/bot.html)"
104.23.168.26 - - [30/Jun/2026:12:41:24 +0000] "GET /wp-login.php HTTP/1.1" 200 6261 "-" "Mozilla/5.0 (X11; Linux x86_64) AppleWebKit/537.36 (KHTML, like Gecko) Chrome/133.0.0.0 Safari/537.36"
104.23.168.36 - - [30/Jun/2026:12:41:28 +0000] "POST /wp-login.php HTTP/1.1" 200 6421 "https://www.simottodesign.com/wp-login.php" "Mozilla/5.0 (X11; Linux x86_64) AppleWebKit/537.36 (KHTML, like Gecko) Chrome/133.0.0.0 Safari/537.36"
172.69.71.203 - - [30/Jun/2026:12:41:31 +0000] "GET /products/5360371370604 HTTP/1.1" 404 99757 "-" "meta-externalagent/1.1 (+https://developers.facebook.com/docs/sharing/webmasters/crawler)"
172.69.70.64 - - [30/Jun/2026:12:41:34 +0000] "GET /products/1214611145958 HTTP/1.1" 301 4159 "-" "meta-externalagent/1.1 (+https://developers.facebook.com/docs/sharing/webmasters/crawler)"
104.22.1.16 - - [30/Jun/2026:12:41:38 +0000] "GET /items/R474906601/ HTTP/1.1" 301 4154 "-" "meta-externalagent/1.1 (+https://developers.facebook.com/docs/sharing/webmasters/crawler)"
104.23.245.186 - - [30/Jun/2026:12:41:39 +0000] "GET /products/4346066601600 HTTP/1.1" 301 4159 "-" "meta-externalagent/1.1 (+https://developers.facebook.com/docs/sharing/webmasters/crawler)"
104.22.1.201 - - [30/Jun/2026:12:41:45 +0000] "GET /products/3991283232560 HTTP/1.1" 404 99757 "-" "meta-externalagent/1.1 (+https://developers.facebook.com/docs/sharing/webmasters/crawler)"
172.71.30.40 - - [30/Jun/2026:12:42:03 +0000] "GET /products/1186035793765 HTTP/1.1" 301 4159 "-" "meta-externalagent/1.1 (+https://developers.facebook.com/docs/sharing/webmasters/crawler)"
104.22.56.166 - - [30/Jun/2026:12:42:04 +0000] "GET /items/R472487265/ HTTP/1.1" 301 4154 "-" "meta-externalagent/1.1 (+https://developers.facebook.com/docs/sharing/webmasters/crawler)"
104.23.175.204 - - [30/Jun/2026:12:42:38 +0000] "POST /wp-cron.php?doing_wp_cron=1782823358.0586190223693847656250 HTTP/1.1" 200 4035 "-" "WordPress/7.0; https://www.simottodesign.com"
104.23.245.186 - - [30/Jun/2026:12:42:37 +0000] "GET /products/1983989199215 HTTP/1.1" 301 4159 "-" "meta-externalagent/1.1 (+https://developers.facebook.com/docs/sharing/webmasters/crawler)"
104.22.56.166 - - [30/Jun/2026:12:42:38 +0000] "GET /products/1716541838060 HTTP/1.1" 301 4159 "-" "meta-externalagent/1.1 (+https://developers.facebook.com/docs/sharing/webmasters/crawler)"
162.158.108.88 - - [30/Jun/2026:12:43:11 +0000] "POST /wp-cron.php?doing_wp_cron=1782823391.3212289810180664062500 HTTP/1.1" 200 4035 "-" "WordPress/7.0; https://www.simottodesign.com"
104.22.24.100 - - [30/Jun/2026:12:43:10 +0000] "GET /products/4075019948801 HTTP/1.1" 301 4159 "-" "meta-externalagent/1.1 (+https://developers.facebook.com/docs/sharing/webmasters/crawler)"
162.159.120.160 - - [30/Jun/2026:12:43:12 +0000] "GET /products/4108624475409 HTTP/1.1" 404 99757 "-" "Mozilla/5.0 (Linux; Android 6.0.1; Nexus 5X Build/MMB29P) AppleWebKit/537.36 (KHTML, like Gecko) Chrome/148.0.7778.96 Mobile Safari/537.36 (compatible; Googlebot/2.1; +http://www.google.com/bot.html)"
172.68.71.113 - - [30/Jun/2026:12:43:15 +0000] "GET /items/R476667591/ HTTP/1.1" 301 4154 "-" "meta-externalagent/1.1 (+https://developers.facebook.com/docs/sharing/webmasters/crawler)"
104.22.24.210 - - [30/Jun/2026:12:43:35 +0000] "GET /products/1861357607205 HTTP/1.1" 404 99757 "-" "meta-externalagent/1.1 (+https://developers.facebook.com/docs/sharing/webmasters/crawler)"
104.23.245.186 - - [30/Jun/2026:12:43:38 +0000] "GET /products/951928110280 HTTP/1.1" 301 4158 "-" "meta-externalagent/1.1 (+https://developers.facebook.com/docs/sharing/webmasters/crawler)"
172.69.71.204 - - [30/Jun/2026:12:43:45 +0000] "GET /products/922612846781 HTTP/1.1" 404 99756 "-" "meta-externalagent/1.1 (+https://developers.facebook.com/docs/sharing/webmasters/crawler)"
172.69.195.106 - - [30/Jun/2026:12:43:58 +0000] "GET /wp-login.php HTTP/1.1" 200 6261 "-" "Mozilla/5.0 (X11; CrOS x86_64 14541.0.0) AppleWebKit/537.36 (KHTML, like Gecko) Chrome/133.0.0.0 Safari/537.36"
172.69.43.211 - - [30/Jun/2026:12:43:59 +0000] "POST /wp-login.php HTTP/1.1" 200 6421 "https://simottodesign.com/wp-login.php" "Mozilla/5.0 (X11; CrOS x86_64 14541.0.0) AppleWebKit/537.36 (KHTML, like Gecko) Chrome/133.0.0.0 Safari/537.36"
104.22.56.167 - - [30/Jun/2026:12:43:59 +0000] "GET /items/R473785184/ HTTP/1.1" 301 4154 "-" "meta-externalagent/1.1 (+https://developers.facebook.com/docs/sharing/webmasters/crawler)"
104.23.245.169 - - [30/Jun/2026:12:44:03 +0000] "GET /wp-content/uploads/2018/04/Marina_Cove-simotto-design-interior-4.jpeg HTTP/1.1" 200 4046 "-" "meta-webindexer/1.1 (+https://developers.facebook.com/docs/sharing/webmasters/crawler)"
104.23.245.169 - - [30/Jun/2026:12:44:03 +0000] "GET /wp-content/uploads/2018/04/Marina_Cove-simotto-design-interior-4.jpeg HTTP/2.0" 200 233613 "-" "meta-webindexer/1.1 (+https://developers.facebook.com/docs/sharing/webmasters/crawler)"
104.23.245.33 - - [30/Jun/2026:12:44:04 +0000] "GET /products/4249926162376 HTTP/1.1" 404 99757 "-" "meta-externalagent/1.1 (+https://developers.facebook.com/docs/sharing/webmasters/crawler)"
104.22.66.98 - - [30/Jun/2026:12:44:14 +0000] "POST /wp-cron.php?doing_wp_cron=1782823454.1719210147857666015625 HTTP/1.1" 200 4035 "-" "WordPress/7.0; https://www.simottodesign.com"
162.159.120.160 - - [30/Jun/2026:12:44:13 +0000] "GET /products/723916148351 HTTP/1.1" 404 99756 "-" "Mozilla/5.0 (Linux; Android 6.0.1; Nexus 5X Build/MMB29P) AppleWebKit/537.36 (KHTML, like Gecko) Chrome/148.0.7778.96 Mobile Safari/537.36 (compatible; Googlebot/2.1; +http://www.google.com/bot.html)"
172.71.160.182 - - [30/Jun/2026:12:44:14 +0000] "GET /txets.php HTTP/1.1" 301 4146 "www.google.com" "Mozlila/5.0 (Linux; Android 7.0; SM-G892A Bulid/NRD90M; wv) AppleWebKit/537.36 (KHTML, like Gecko) Version/4.0 Chrome/60.0.3112.107 Moblie Safari/537.36"
172.69.109.238 - - [30/Jun/2026:12:44:24 +0000] "GET /wp-content/txets.php HTTP/1.1" 301 4157 "www.google.com" "Mozlila/5.0 (Linux; Android 7.0; SM-G892A Bulid/NRD90M; wv) AppleWebKit/537.36 (KHTML, like Gecko) Version/4.0 Chrome/60.0.3112.107 Moblie Safari/537.36"
172.69.70.65 - - [30/Jun/2026:12:44:25 +0000] "GET /items/R475397568/ HTTP/1.1" 301 4154 "-" "meta-externalagent/1.1 (+https://developers.facebook.com/docs/sharing/webmasters/crawler)"
172.71.124.201 - - [30/Jun/2026:12:44:33 +0000] "GET /items/R475290565/ HTTP/1.1" 404 99752 "https://www.simottodesign.com/sitemap-hot-4965491.xml" "Mozilla/5.0 (Linux; Android 7.0;) AppleWebKit/537.36 (HTML, like Gecko) Mobile Safari/537.36 (compatible; PetalBot;+https://webmaster.petalsearch.com/site/petalbot)"
172.71.160.182 - - [30/Jun/2026:12:44:34 +0000] "GET /wp-content/txets.php HTTP/1.1" 301 4157 "www.google.com" "Mozlila/5.0 (Linux; Android 7.0; SM-G892A Bulid/NRD90M; wv) AppleWebKit/537.36 (KHTML, like Gecko) Version/4.0 Chrome/60.0.3112.107 Moblie Safari/537.36"
104.22.24.101 - - [30/Jun/2026:12:44:39 +0000] "GET /products/2595331846892 HTTP/1.1" 301 4159 "-" "meta-externalagent/1.1 (+https://developers.facebook.com/docs/sharing/webmasters/crawler)"
104.22.56.167 - - [30/Jun/2026:12:44:52 +0000] "GET /products/3275291844660 HTTP/1.1" 301 4159 "-" "meta-externalagent/1.1 (+https://developers.facebook.com/docs/sharing/webmasters/crawler)"
104.22.1.17 - - [30/Jun/2026:12:44:59 +0000] "GET /products/4626179984835 HTTP/1.1" 301 4159 "-" "meta-externalagent/1.1 (+https://developers.facebook.com/docs/sharing/webmasters/crawler)"
172.70.143.213 - - [30/Jun/2026:12:45:15 +0000] "POST /wp-cron.php?doing_wp_cron=1782823515.7873148918151855468750 HTTP/1.1" 200 4035 "-" "WordPress/7.0; https://www.simottodesign.com"
162.158.42.196 - - [30/Jun/2026:12:45:15 +0000] "GET /products/2506894348782 HTTP/1.1" 404 99830 "-" "Mozilla/5.0 (Linux; Android 6.0.1; Nexus 5X Build/MMB29P) AppleWebKit/537.36 (KHTML, like Gecko) Chrome/148.0.7778.96 Mobile Safari/537.36 (compatible; Googlebot/2.1; +http://www.google.com/bot.html)"
108.162.238.59 - - [30/Jun/2026:12:45:28 +0000] "GET /products/1969985428010 HTTP/1.1" 301 4159 "-" "meta-externalagent/1.1 (+https://developers.facebook.com/docs/sharing/webmasters/crawler)"
108.162.238.59 - - [30/Jun/2026:12:45:52 +0000] "GET /products/3767757045062 HTTP/1.1" 301 4159 "-" "meta-externalagent/1.1 (+https://developers.facebook.com/docs/sharing/webmasters/crawler)"
104.23.245.186 - - [30/Jun/2026:12:45:56 +0000] "GET /products/2835158522249 HTTP/1.1" 301 4159 "-" "meta-externalagent/1.1 (+https://developers.facebook.com/docs/sharing/webmasters/crawler)"
108.162.238.59 - - [30/Jun/2026:12:46:05 +0000] "GET /items/R476494436/ HTTP/1.1" 301 4154 "-" "meta-externalagent/1.1 (+https://developers.facebook.com/docs/sharing/webmasters/crawler)"
172.71.124.200 - - [30/Jun/2026:12:46:17 +0000] "POST /wp-cron.php?doing_wp_cron=1782823577.2476749420166015625000 HTTP/1.1" 200 4035 "-" "WordPress/7.0; https://www.simottodesign.com"
104.22.72.59 - - [30/Jun/2026:12:46:16 +0000] "GET /products/4386023123474 HTTP/1.1" 301 4159 "-" "Mozilla/5.0 (Linux; Android 6.0.1; Nexus 5X Build/MMB29P) AppleWebKit/537.36 (KHTML, like Gecko) Chrome/148.0.7778.96 Mobile Safari/537.36 (compatible; Googlebot/2.1; +http://www.google.com/bot.html)"
162.159.120.161 - - [30/Jun/2026:12:46:18 +0000] "GET /products/354603388397 HTTP/1.1" 404 99756 "-" "Mozilla/5.0 (Linux; Android 6.0.1; Nexus 5X Build/MMB29P) AppleWebKit/537.36 (KHTML, like Gecko) Chrome/148.0.7778.96 Mobile Safari/537.36 (compatible; Googlebot/2.1; +http://www.google.com/bot.html)"
162.159.120.161 - - [30/Jun/2026:12:46:19 +0000] "GET /products/4386023123474 HTTP/1.1" 404 99757 "-" "Mozilla/5.0 (Linux; Android 6.0.1; Nexus 5X Build/MMB29P) AppleWebKit/537.36 (KHTML, like Gecko) Chrome/148.0.7778.96 Mobile Safari/537.36 (compatible; Googlebot/2.1; +http://www.google.com/bot.html)"
172.69.70.64 - - [30/Jun/2026:12:46:26 +0000] "GET /products/379965411651 HTTP/1.1" 301 4158 "-" "meta-externalagent/1.1 (+https://developers.facebook.com/docs/sharing/webmasters/crawler)"
108.162.238.59 - - [30/Jun/2026:12:46:33 +0000] "GET /products/5672749161740 HTTP/1.1" 301 4159 "-" "meta-externalagent/1.1 (+https://developers.facebook.com/docs/sharing/webmasters/crawler)"
104.22.56.206 - - [30/Jun/2026:12:47:02 +0000] "GET /products/2554607258794 HTTP/1.1" 404 99757 "-" "meta-externalagent/1.1 (+https://developers.facebook.com/docs/sharing/webmasters/crawler)"
104.22.56.167 - - [30/Jun/2026:12:47:04 +0000] "GET /items/R472062236/ HTTP/1.1" 301 4154 "-" "meta-externalagent/1.1 (+https://developers.facebook.com/docs/sharing/webmasters/crawler)"
172.70.143.213 - - [30/Jun/2026:12:47:20 +0000] "POST /wp-cron.php?doing_wp_cron=1782823640.8365941047668457031250 HTTP/1.1" 200 4035 "-" "WordPress/7.0; https://www.simottodesign.com"
104.22.72.59 - - [30/Jun/2026:12:47:20 +0000] "GET /products/4142762274751 HTTP/1.1" 301 4159 "-" "Mozilla/5.0 (Linux; Android 6.0.1; Nexus 5X Build/MMB29P) AppleWebKit/537.36 (KHTML, like Gecko) Chrome/148.0.7778.96 Mobile Safari/537.36 (compatible; Googlebot/2.1; +http://www.google.com/bot.html)"
162.158.42.196 - - [30/Jun/2026:12:47:21 +0000] "GET /products/4142762274751 HTTP/1.1" 404 99757 "-" "Mozilla/5.0 (Linux; Android 6.0.1; Nexus 5X Build/MMB29P) AppleWebKit/537.36 (KHTML, like Gecko) Chrome/148.0.7778.96 Mobile Safari/537.36 (compatible; Googlebot/2.1; +http://www.google.com/bot.html)"
104.22.72.59 - - [30/Jun/2026:12:47:22 +0000] "GET /products/2704435372384 HTTP/1.1" 301 4159 "-" "Mozilla/5.0 (Linux; Android 6.0.1; Nexus 5X Build/MMB29P) AppleWebKit/537.36 (KHTML, like Gecko) Chrome/148.0.7778.96 Mobile Safari/537.36 (compatible; Googlebot/2.1; +http://www.google.com/bot.html)"
104.22.72.59 - - [30/Jun/2026:12:47:24 +0000] "GET /products/4652543173752 HTTP/1.1" 301 4159 "-" "Mozilla/5.0 (Linux; Android 6.0.1; Nexus 5X Build/MMB29P) AppleWebKit/537.36 (KHTML, like Gecko) Chrome/148.0.7778.96 Mobile Safari/537.36 (compatible; Googlebot/2.1; +http://www.google.com/bot.html)"
162.159.120.160 - - [30/Jun/2026:12:47:25 +0000] "GET /products/2704435372384 HTTP/1.1" 404 99757 "-" "Mozilla/5.0 (Linux; Android 6.0.1; Nexus 5X Build/MMB29P) AppleWebKit/537.36 (KHTML, like Gecko) Chrome/148.0.7778.96 Mobile Safari/537.36 (compatible; Googlebot/2.1; +http://www.google.com/bot.html)"
162.158.42.196 - - [30/Jun/2026:12:47:26 +0000] "GET /products/4652543173752 HTTP/1.1" 404 99757 "-" "Mozilla/5.0 (Linux; Android 6.0.1; Nexus 5X Build/MMB29P) AppleWebKit/537.36 (KHTML, like Gecko) Chrome/148.0.7778.96 Mobile Safari/537.36 (compatible; Googlebot/2.1; +http://www.google.com/bot.html)"
108.162.237.97 - - [30/Jun/2026:12:47:31 +0000] "GET /products/1059394052062 HTTP/1.1" 404 99757 "-" "meta-externalagent/1.1 (+https://developers.facebook.com/docs/sharing/webmasters/crawler)"
108.162.238.59 - - [30/Jun/2026:12:47:41 +0000] "GET /items/R472187715/ HTTP/1.1" 301 4154 "-" "meta-externalagent/1.1 (+https://developers.facebook.com/docs/sharing/webmasters/crawler)"
172.71.22.225 - - [30/Jun/2026:12:47:50 +0000] "GET /products/4873904892889 HTTP/1.1" 301 4159 "-" "meta-externalagent/1.1 (+https://developers.facebook.com/docs/sharing/webmasters/crawler)"
172.70.143.212 - - [30/Jun/2026:12:48:28 +0000] "POST /wp-cron.php?doing_wp_cron=1782823708.1742238998413085937500 HTTP/1.1" 200 4035 "-" "WordPress/7.0; https://www.simottodesign.com"
162.159.120.160 - - [30/Jun/2026:12:48:27 +0000] "GET /products/4677827074217 HTTP/1.1" 404 99757 "-" "Mozilla/5.0 (Linux; Android 6.0.1; Nexus 5X Build/MMB29P) AppleWebKit/537.36 (KHTML, like Gecko) Chrome/148.0.7778.96 Mobile Safari/537.36 (compatible; Googlebot/2.1; +http://www.google.com/bot.html)"
104.22.24.100 - - [30/Jun/2026:12:48:29 +0000] "GET /products/889583273899 HTTP/1.1" 301 4158 "-" "meta-externalagent/1.1 (+https://developers.facebook.com/docs/sharing/webmasters/crawler)"
172.71.30.134 - - [30/Jun/2026:12:48:34 +0000] "GET /items/R472236486/ HTTP/1.1" 404 99752 "-" "meta-externalagent/1.1 (+https://developers.facebook.com/docs/sharing/webmasters/crawler)"
104.22.56.166 - - [30/Jun/2026:12:48:38 +0000] "GET /products/2784441237386 HTTP/1.1" 301 4159 "-" "meta-externalagent/1.1 (+https://developers.facebook.com/docs/sharing/webmasters/crawler)"
104.22.56.166 - - [30/Jun/2026:12:48:39 +0000] "GET /items/R471205069/ HTTP/1.1" 301 4154 "-" "meta-externalagent/1.1 (+https://developers.facebook.com/docs/sharing/webmasters/crawler)"
104.22.1.17 - - [30/Jun/2026:12:48:48 +0000] "GET /items/R476361640/ HTTP/1.1" 301 4154 "-" "meta-externalagent/1.1 (+https://developers.facebook.com/docs/sharing/webmasters/crawler)"
172.71.30.134 - - [30/Jun/2026:12:49:00 +0000] "GET /items/R476202287/ HTTP/1.1" 404 99752 "-" "meta-externalagent/1.1 (+https://developers.facebook.com/docs/sharing/webmasters/crawler)"
172.68.71.113 - - [30/Jun/2026:12:49:04 +0000] "GET /products/355878493509 HTTP/1.1" 301 4158 "-" "meta-externalagent/1.1 (+https://developers.facebook.com/docs/sharing/webmasters/crawler)"
104.23.175.204 - - [30/Jun/2026:12:49:23 +0000] "POST /wp-cron.php?doing_wp_cron=1782823763.0089008808135986328125 HTTP/1.1" 200 4035 "-" "WordPress/7.0; https://www.simottodesign.com"
104.22.1.201 - - [30/Jun/2026:12:49:22 +0000] "GET /items/R473443678/ HTTP/1.1" 404 99752 "-" "meta-externalagent/1.1 (+https://developers.facebook.com/docs/sharing/webmasters/crawler)"
162.158.42.196 - - [30/Jun/2026:12:49:29 +0000] "GET /products/5280283730429 HTTP/1.1" 404 99757 "-" "Mozilla/5.0 (Linux; Android 6.0.1; Nexus 5X Build/MMB29P) AppleWebKit/537.36 (KHTML, like Gecko) Chrome/148.0.7778.96 Mobile Safari/537.36 (compatible; Googlebot/2.1; +http://www.google.com/bot.html)"
162.158.42.196 - - [30/Jun/2026:12:49:30 +0000] "GET /products/2276206426292 HTTP/1.1" 404 99757 "-" "Mozilla/5.0 (Linux; Android 6.0.1; Nexus 5X Build/MMB29P) AppleWebKit/537.36 (KHTML, like Gecko) Chrome/148.0.7778.96 Mobile Safari/537.36 (compatible; Googlebot/2.1; +http://www.google.com/bot.html)"
104.23.166.188 - - [30/Jun/2026:12:49:35 +0000] "GET /wp-login.php HTTP/1.1" 200 6261 "-" "Mozilla/5.0 (X11; Linux x86_64) AppleWebKit/537.36 (KHTML, like Gecko) Chrome/133.0.0.0 Safari/537.36"
104.23.166.45 - - [30/Jun/2026:12:49:39 +0000] "POST /wp-login.php HTTP/1.1" 200 6421 "https://simottodesign.com/wp-login.php" "Mozilla/5.0 (X11; Linux x86_64) AppleWebKit/537.36 (KHTML, like Gecko) Chrome/133.0.0.0 Safari/537.36"
104.22.24.101 - - [30/Jun/2026:12:49:42 +0000] "GET /products/3029309186245 HTTP/1.1" 301 4159 "-" "meta-externalagent/1.1 (+https://developers.facebook.com/docs/sharing/webmasters/crawler)"
172.68.71.113 - - [30/Jun/2026:12:50:01 +0000] "GET /items/R475393568/ HTTP/1.1" 301 4154 "-" "meta-externalagent/1.1 (+https://developers.facebook.com/docs/sharing/webmasters/crawler)"
172.69.176.126 - - [30/Jun/2026:12:50:16 +0000] "POST /wp-cron.php?doing_wp_cron=1782823816.4513080120086669921875 HTTP/1.1" 200 4035 "-" "WordPress/7.0; https://www.simottodesign.com"
104.22.24.101 - - [30/Jun/2026:12:50:15 +0000] "GET /items/R471677214/ HTTP/1.1" 301 4154 "-" "meta-externalagent/1.1 (+https://developers.facebook.com/docs/sharing/webmasters/crawler)"
52.74.152.156 - - [30/Jun/2026:12:50:18 +0000] "GET / HTTP/1.1" 301 4025 "https://simottodesign.com/" "Mozilla/5.0 (Windows NT 10.0; Win64; x64) AppleWebKit/537.36 (KHTML, like Gecko) Chrome/124.0.0.0 Safari/537.36"
52.74.152.156 - - [30/Jun/2026:12:50:19 +0000] "GET / HTTP/1.1" 200 29816 "https://www.simottodesign.com/" "Mozilla/5.0 (Macintosh; Intel Mac OS X 14_4) AppleWebKit/537.36 (KHTML, like Gecko) Chrome/124.0.0.0 Safari/537.36"
141.101.76.190 - - [30/Jun/2026:12:50:32 +0000] "GET /robots.txt HTTP/1.1" 200 4182 "-" "Mozilla/5.0 (compatible; AhrefsBot/7.0; +http://ahrefs.com/robot/)"
141.101.99.217 - - [30/Jun/2026:12:50:34 +0000] "GET /products/4469179786030 HTTP/1.1" 404 99757 "-" "Mozilla/5.0 (compatible; AhrefsBot/7.0; +http://ahrefs.com/robot/)"
104.22.56.167 - - [30/Jun/2026:12:50:38 +0000] "GET /products/474927540777 HTTP/1.1" 301 4158 "-" "meta-externalagent/1.1 (+https://developers.facebook.com/docs/sharing/webmasters/crawler)"
104.22.56.167 - - [30/Jun/2026:12:50:57 +0000] "GET /items/R473220318/ HTTP/1.1" 301 4154 "-" "meta-externalagent/1.1 (+https://developers.facebook.com/docs/sharing/webmasters/crawler)"
104.23.245.187 - - [30/Jun/2026:12:50:58 +0000] "GET /products/2052850205487 HTTP/1.1" 301 4159 "-" "meta-externalagent/1.1 (+https://developers.facebook.com/docs/sharing/webmasters/crawler)"
172.71.23.122 - - [30/Jun/2026:12:51:02 +0000] "GET /products/4864923185101 HTTP/1.1" 404 99757 "-" "meta-externalagent/1.1 (+https://developers.facebook.com/docs/sharing/webmasters/crawler)"
172.71.30.134 - - [30/Jun/2026:12:51:04 +0000] "GET /products/5379211573752 HTTP/1.1" 404 99757 "-" "meta-externalagent/1.1 (+https://developers.facebook.com/docs/sharing/webmasters/crawler)"
172.69.70.64 - - [30/Jun/2026:12:51:04 +0000] "GET /products/5819419403688 HTTP/1.1" 301 4159 "-" "meta-externalagent/1.1 (+https://developers.facebook.com/docs/sharing/webmasters/crawler)"
172.70.143.212 - - [30/Jun/2026:12:51:33 +0000] "POST /wp-cron.php?doing_wp_cron=1782823893.3578360080718994140625 HTTP/1.1" 200 4035 "-" "WordPress/7.0; https://www.simottodesign.com"
162.159.120.161 - - [30/Jun/2026:12:51:32 +0000] "GET /products/1811116700246 HTTP/1.1" 404 99757 "-" "Mozilla/5.0 (Linux; Android 6.0.1; Nexus 5X Build/MMB29P) AppleWebKit/537.36 (KHTML, like Gecko) Chrome/148.0.7778.96 Mobile Safari/537.36 (compatible; Googlebot/2.1; +http://www.google.com/bot.html)"
162.159.120.161 - - [30/Jun/2026:12:51:34 +0000] "GET /products/1940318208102 HTTP/1.1" 404 99830 "-" "Mozilla/5.0 (Linux; Android 6.0.1; Nexus 5X Build/MMB29P) AppleWebKit/537.36 (KHTML, like Gecko) Chrome/148.0.7778.96 Mobile Safari/537.36 (compatible; Googlebot/2.1; +http://www.google.com/bot.html)"
104.23.245.187 - - [30/Jun/2026:12:51:34 +0000] "GET /products/204158100854 HTTP/1.1" 301 4158 "-" "meta-externalagent/1.1 (+https://developers.facebook.com/docs/sharing/webmasters/crawler)"
104.22.56.167 - - [30/Jun/2026:12:51:40 +0000] "GET /products/4025963398470 HTTP/1.1" 301 4159 "-" "meta-externalagent/1.1 (+https://developers.facebook.com/docs/sharing/webmasters/crawler)"
172.71.22.224 - - [30/Jun/2026:12:51:40 +0000] "GET /products/3658999312656 HTTP/1.1" 301 4159 "-" "meta-externalagent/1.1 (+https://developers.facebook.com/docs/sharing/webmasters/crawler)"
104.22.1.16 - - [30/Jun/2026:12:51:42 +0000] "GET /items/R474883065/ HTTP/1.1" 301 4154 "-" "meta-externalagent/1.1 (+https://developers.facebook.com/docs/sharing/webmasters/crawler)"
104.22.56.167 - - [30/Jun/2026:12:51:43 +0000] "GET /items/R474276651/ HTTP/1.1" 301 4154 "-" "meta-externalagent/1.1 (+https://developers.facebook.com/docs/sharing/webmasters/crawler)"
172.69.70.64 - - [30/Jun/2026:12:51:55 +0000] "GET /products/4930825513013 HTTP/1.1" 301 4159 "-" "meta-externalagent/1.1 (+https://developers.facebook.com/docs/sharing/webmasters/crawler)"
162.158.108.88 - - [30/Jun/2026:12:52:10 +0000] "POST /wp-cron.php?doing_wp_cron=1782823929.9527390003204345703125 HTTP/1.1" 200 4035 "-" "WordPress/7.0; https://www.simottodesign.com"
104.23.245.187 - - [30/Jun/2026:12:52:09 +0000] "GET /products/2729634729005 HTTP/1.1" 301 4159 "-" "meta-externalagent/1.1 (+https://developers.facebook.com/docs/sharing/webmasters/crawler)"
104.22.24.100 - - [30/Jun/2026:12:52:28 +0000] "GET /products/1453815590014 HTTP/1.1" 301 4159 "-" "meta-externalagent/1.1 (+https://developers.facebook.com/docs/sharing/webmasters/crawler)"
172.71.22.224 - - [30/Jun/2026:12:52:33 +0000] "GET /products/3220586517457 HTTP/1.1" 301 4159 "-" "meta-externalagent/1.1 (+https://developers.facebook.com/docs/sharing/webmasters/crawler)"
162.159.120.161 - - [30/Jun/2026:12:52:35 +0000] "GET /products/2517108655506 HTTP/1.1" 404 99757 "-" "Mozilla/5.0 (Linux; Android 6.0.1; Nexus 5X Build/MMB29P) AppleWebKit/537.36 (KHTML, like Gecko) Chrome/148.0.7778.96 Mobile Safari/537.36 (compatible; Googlebot/2.1; +http://www.google.com/bot.html)"
172.71.30.40 - - [30/Jun/2026:12:52:38 +0000] "GET /products/2748527159036 HTTP/1.1" 301 4159 "-" "meta-externalagent/1.1 (+https://developers.facebook.com/docs/sharing/webmasters/crawler)"
108.162.237.96 - - [30/Jun/2026:12:53:04 +0000] "GET /products/3674406575203 HTTP/1.1" 404 99757 "-" "meta-externalagent/1.1 (+https://developers.facebook.com/docs/sharing/webmasters/crawler)"
