108.162.238.59 - - [30/Jun/2026:17:17:06 +0000] "GET /items/R472804085/ HTTP/1.1" 301 4154 "-" "meta-externalagent/1.1 (+https://developers.facebook.com/docs/sharing/webmasters/crawler)"
172.71.22.225 - - [30/Jun/2026:17:17:15 +0000] "GET /items/R472460084/ HTTP/1.1" 301 4154 "-" "meta-externalagent/1.1 (+https://developers.facebook.com/docs/sharing/webmasters/crawler)"
172.70.143.213 - - [30/Jun/2026:17:17:16 +0000] "POST /wp-cron.php?doing_wp_cron=1782839835.8988890647888183593750 HTTP/1.1" 200 4035 "-" "WordPress/7.0; https://www.simottodesign.com"
108.162.238.59 - - [30/Jun/2026:17:17:16 +0000] "GET /items/R472330908/ HTTP/1.1" 301 4154 "-" "meta-externalagent/1.1 (+https://developers.facebook.com/docs/sharing/webmasters/crawler)"
104.22.56.166 - - [30/Jun/2026:17:17:26 +0000] "GET /items/R472099942/ HTTP/1.1" 301 4154 "-" "meta-externalagent/1.1 (+https://developers.facebook.com/docs/sharing/webmasters/crawler)"
162.158.163.93 - - [30/Jun/2026:17:17:33 +0000] "GET /items/R472736741/ HTTP/1.1" 301 4154 "-" "meta-externalagent/1.1 (+https://developers.facebook.com/docs/sharing/webmasters/crawler)"
104.22.56.166 - - [30/Jun/2026:17:17:44 +0000] "GET /items/R471747078/ HTTP/1.1" 301 4154 "-" "meta-externalagent/1.1 (+https://developers.facebook.com/docs/sharing/webmasters/crawler)"
172.71.30.40 - - [30/Jun/2026:17:17:44 +0000] "GET /items/R473243952/ HTTP/1.1" 301 4154 "-" "meta-externalagent/1.1 (+https://developers.facebook.com/docs/sharing/webmasters/crawler)"
104.22.24.100 - - [30/Jun/2026:17:17:46 +0000] "GET /products/3745848055522 HTTP/1.1" 301 4159 "-" "meta-externalagent/1.1 (+https://developers.facebook.com/docs/sharing/webmasters/crawler)"
172.68.71.113 - - [30/Jun/2026:17:17:55 +0000] "GET /products/768546591441 HTTP/1.1" 301 4158 "-" "meta-externalagent/1.1 (+https://developers.facebook.com/docs/sharing/webmasters/crawler)"
108.162.238.59 - - [30/Jun/2026:17:17:58 +0000] "GET /products/268382181055 HTTP/1.1" 301 4158 "-" "meta-externalagent/1.1 (+https://developers.facebook.com/docs/sharing/webmasters/crawler)"
104.22.24.210 - - [30/Jun/2026:17:18:02 +0000] "GET /items/R471697394/ HTTP/1.1" 404 99752 "-" "meta-externalagent/1.1 (+https://developers.facebook.com/docs/sharing/webmasters/crawler)"
104.22.24.100 - - [30/Jun/2026:17:18:04 +0000] "GET /items/R475438626/ HTTP/1.1" 301 4154 "-" "meta-externalagent/1.1 (+https://developers.facebook.com/docs/sharing/webmasters/crawler)"
172.71.30.40 - - [30/Jun/2026:17:18:04 +0000] "GET /products/5771996016072 HTTP/1.1" 301 4159 "-" "meta-externalagent/1.1 (+https://developers.facebook.com/docs/sharing/webmasters/crawler)"
104.22.1.16 - - [30/Jun/2026:17:18:06 +0000] "GET /products/3293400943871 HTTP/1.1" 301 4159 "-" "meta-externalagent/1.1 (+https://developers.facebook.com/docs/sharing/webmasters/crawler)"
104.22.56.166 - - [30/Jun/2026:17:18:08 +0000] "GET /products/153126855328 HTTP/1.1" 301 4158 "-" "meta-externalagent/1.1 (+https://developers.facebook.com/docs/sharing/webmasters/crawler)"
162.158.88.100 - - [30/Jun/2026:17:18:10 +0000] "POST /wp-cron.php?doing_wp_cron=1782839890.4135899543762207031250 HTTP/1.1" 200 4035 "-" "WordPress/7.0; https://www.simottodesign.com"
104.22.56.166 - - [30/Jun/2026:17:18:09 +0000] "GET /products/133649721376 HTTP/1.1" 301 4158 "-" "meta-externalagent/1.1 (+https://developers.facebook.com/docs/sharing/webmasters/crawler)"
104.22.56.166 - - [30/Jun/2026:17:18:16 +0000] "GET /items/R475089989/ HTTP/1.1" 301 4154 "-" "meta-externalagent/1.1 (+https://developers.facebook.com/docs/sharing/webmasters/crawler)"
104.22.1.16 - - [30/Jun/2026:17:18:25 +0000] "GET /products/2028083166744 HTTP/1.1" 301 4159 "-" "meta-externalagent/1.1 (+https://developers.facebook.com/docs/sharing/webmasters/crawler)"
104.22.24.100 - - [30/Jun/2026:17:18:28 +0000] "GET /products/5672271111513 HTTP/1.1" 301 4159 "-" "meta-externalagent/1.1 (+https://developers.facebook.com/docs/sharing/webmasters/crawler)"
104.22.56.206 - - [30/Jun/2026:17:18:29 +0000] "GET /products/3815133472584 HTTP/1.1" 404 99757 "-" "meta-externalagent/1.1 (+https://developers.facebook.com/docs/sharing/webmasters/crawler)"
172.71.30.40 - - [30/Jun/2026:17:18:33 +0000] "GET /products/58925489468 HTTP/1.1" 301 4157 "-" "meta-externalagent/1.1 (+https://developers.facebook.com/docs/sharing/webmasters/crawler)"
162.158.163.93 - - [30/Jun/2026:17:18:40 +0000] "GET /products/1260643541043 HTTP/1.1" 301 4159 "-" "meta-externalagent/1.1 (+https://developers.facebook.com/docs/sharing/webmasters/crawler)"
172.71.30.40 - - [30/Jun/2026:17:18:43 +0000] "GET /products/5291176337869 HTTP/1.1" 301 4159 "-" "meta-externalagent/1.1 (+https://developers.facebook.com/docs/sharing/webmasters/crawler)"
104.22.56.166 - - [30/Jun/2026:17:18:51 +0000] "GET /products/805282267207 HTTP/1.1" 301 4158 "-" "meta-externalagent/1.1 (+https://developers.facebook.com/docs/sharing/webmasters/crawler)"
104.22.56.166 - - [30/Jun/2026:17:18:57 +0000] "GET /items/R474531849/ HTTP/1.1" 301 4154 "-" "meta-externalagent/1.1 (+https://developers.facebook.com/docs/sharing/webmasters/crawler)"
172.71.30.135 - - [30/Jun/2026:17:18:57 +0000] "GET /products/4163264921546 HTTP/1.1" 404 99757 "-" "meta-externalagent/1.1 (+https://developers.facebook.com/docs/sharing/webmasters/crawler)"
172.69.71.203 - - [30/Jun/2026:17:19:00 +0000] "GET /items/R476683496/ HTTP/1.1" 404 99752 "-" "meta-externalagent/1.1 (+https://developers.facebook.com/docs/sharing/webmasters/crawler)"
104.22.66.98 - - [30/Jun/2026:17:19:14 +0000] "POST /wp-cron.php?doing_wp_cron=1782839954.1639959812164306640625 HTTP/1.1" 200 4035 "-" "WordPress/7.0; https://www.simottodesign.com"
104.22.1.200 - - [30/Jun/2026:17:19:13 +0000] "GET /items/R476143009/ HTTP/1.1" 404 99752 "-" "meta-externalagent/1.1 (+https://developers.facebook.com/docs/sharing/webmasters/crawler)"
162.158.163.93 - - [30/Jun/2026:17:19:14 +0000] "GET /products/2706637916115 HTTP/1.1" 301 4159 "-" "meta-externalagent/1.1 (+https://developers.facebook.com/docs/sharing/webmasters/crawler)"
104.22.56.166 - - [30/Jun/2026:17:19:23 +0000] "GET /products/5549432989887 HTTP/1.1" 301 4159 "-" "meta-externalagent/1.1 (+https://developers.facebook.com/docs/sharing/webmasters/crawler)"
162.158.163.93 - - [30/Jun/2026:17:19:23 +0000] "GET /products/846368172839 HTTP/1.1" 301 4158 "-" "meta-externalagent/1.1 (+https://developers.facebook.com/docs/sharing/webmasters/crawler)"
104.22.56.166 - - [30/Jun/2026:17:19:24 +0000] "GET /products/3460460677239 HTTP/1.1" 301 4159 "-" "meta-externalagent/1.1 (+https://developers.facebook.com/docs/sharing/webmasters/crawler)"
172.71.30.135 - - [30/Jun/2026:17:19:24 +0000] "GET /items/R471688081/ HTTP/1.1" 404 99752 "-" "meta-externalagent/1.1 (+https://developers.facebook.com/docs/sharing/webmasters/crawler)"
172.71.30.40 - - [30/Jun/2026:17:19:27 +0000] "GET /products/5541448345163 HTTP/1.1" 301 4159 "-" "meta-externalagent/1.1 (+https://developers.facebook.com/docs/sharing/webmasters/crawler)"
104.23.245.187 - - [30/Jun/2026:17:19:27 +0000] "GET /products/2944988793705 HTTP/1.1" 301 4159 "-" "meta-externalagent/1.1 (+https://developers.facebook.com/docs/sharing/webmasters/crawler)"
172.69.70.64 - - [30/Jun/2026:17:19:32 +0000] "GET /products/4629371904185 HTTP/1.1" 301 4159 "-" "meta-externalagent/1.1 (+https://developers.facebook.com/docs/sharing/webmasters/crawler)"
172.71.30.40 - - [30/Jun/2026:17:19:40 +0000] "GET /products/5570724858090 HTTP/1.1" 301 4159 "-" "meta-externalagent/1.1 (+https://developers.facebook.com/docs/sharing/webmasters/crawler)"
104.22.56.166 - - [30/Jun/2026:17:19:43 +0000] "GET /items/R476326196/ HTTP/1.1" 301 4154 "-" "meta-externalagent/1.1 (+https://developers.facebook.com/docs/sharing/webmasters/crawler)"
104.23.245.187 - - [30/Jun/2026:17:19:44 +0000] "GET /products/456160334708 HTTP/1.1" 301 4158 "-" "meta-externalagent/1.1 (+https://developers.facebook.com/docs/sharing/webmasters/crawler)"
104.22.24.100 - - [30/Jun/2026:17:19:46 +0000] "GET /items/R474127475/ HTTP/1.1" 301 4154 "-" "meta-externalagent/1.1 (+https://developers.facebook.com/docs/sharing/webmasters/crawler)"
172.69.70.64 - - [30/Jun/2026:17:19:52 +0000] "GET /items/R471786976/ HTTP/1.1" 301 4154 "-" "meta-externalagent/1.1 (+https://developers.facebook.com/docs/sharing/webmasters/crawler)"
104.22.56.166 - - [30/Jun/2026:17:19:54 +0000] "GET /products/3527747510511 HTTP/1.1" 301 4159 "-" "meta-externalagent/1.1 (+https://developers.facebook.com/docs/sharing/webmasters/crawler)"
104.22.24.100 - - [30/Jun/2026:17:19:56 +0000] "GET /products/764473706448 HTTP/1.1" 301 4158 "-" "meta-externalagent/1.1 (+https://developers.facebook.com/docs/sharing/webmasters/crawler)"
104.22.24.100 - - [30/Jun/2026:17:20:02 +0000] "GET /products/4520949666277 HTTP/1.1" 301 4159 "-" "meta-externalagent/1.1 (+https://developers.facebook.com/docs/sharing/webmasters/crawler)"
104.22.1.17 - - [30/Jun/2026:17:20:03 +0000] "GET /products/149806739051 HTTP/1.1" 301 4158 "-" "meta-externalagent/1.1 (+https://developers.facebook.com/docs/sharing/webmasters/crawler)"
104.22.66.98 - - [30/Jun/2026:17:20:13 +0000] "POST /wp-cron.php?doing_wp_cron=1782840013.4896481037139892578125 HTTP/1.1" 200 4035 "-" "WordPress/7.0; https://www.simottodesign.com"
104.22.56.166 - - [30/Jun/2026:17:20:12 +0000] "GET /products/3969783456408 HTTP/1.1" 301 4159 "-" "meta-externalagent/1.1 (+https://developers.facebook.com/docs/sharing/webmasters/crawler)"
172.71.30.40 - - [30/Jun/2026:17:20:14 +0000] "GET /products/1530400302157 HTTP/1.1" 301 4159 "-" "meta-externalagent/1.1 (+https://developers.facebook.com/docs/sharing/webmasters/crawler)"
104.22.56.166 - - [30/Jun/2026:17:20:17 +0000] "GET /items/R471738276/ HTTP/1.1" 301 4154 "-" "meta-externalagent/1.1 (+https://developers.facebook.com/docs/sharing/webmasters/crawler)"
104.22.24.100 - - [30/Jun/2026:17:20:18 +0000] "GET /products/4842053445880 HTTP/1.1" 301 4159 "-" "meta-externalagent/1.1 (+https://developers.facebook.com/docs/sharing/webmasters/crawler)"
162.158.163.93 - - [30/Jun/2026:17:20:20 +0000] "GET /wp-json/wp/v2/users/me HTTP/1.1" 403 4800 "-" "Mozilla/5.0 (Macintosh; Intel Mac OS X 10_15_7) AppleWebKit/605.1.15 (KHTML, like Gecko) Version/18.3 Safari/605.1.15"
104.22.1.17 - - [30/Jun/2026:17:20:26 +0000] "GET /items/R473802451/ HTTP/1.1" 301 4154 "-" "meta-externalagent/1.1 (+https://developers.facebook.com/docs/sharing/webmasters/crawler)"
104.22.56.166 - - [30/Jun/2026:17:20:38 +0000] "GET /products/1459733458103 HTTP/1.1" 301 4159 "-" "meta-externalagent/1.1 (+https://developers.facebook.com/docs/sharing/webmasters/crawler)"
104.22.24.100 - - [30/Jun/2026:17:20:39 +0000] "GET /products/324548945808 HTTP/1.1" 301 4158 "-" "meta-externalagent/1.1 (+https://developers.facebook.com/docs/sharing/webmasters/crawler)"
104.22.1.17 - - [30/Jun/2026:17:20:40 +0000] "GET /items/R476501633/ HTTP/1.1" 301 4154 "-" "meta-externalagent/1.1 (+https://developers.facebook.com/docs/sharing/webmasters/crawler)"
104.22.56.207 - - [30/Jun/2026:17:20:43 +0000] "GET /products/3725122543824 HTTP/1.1" 404 99757 "-" "meta-externalagent/1.1 (+https://developers.facebook.com/docs/sharing/webmasters/crawler)"
104.23.245.187 - - [30/Jun/2026:17:20:48 +0000] "GET /products/4156905323942 HTTP/1.1" 301 4159 "-" "meta-externalagent/1.1 (+https://developers.facebook.com/docs/sharing/webmasters/crawler)"
162.159.120.161 - - [30/Jun/2026:17:20:55 +0000] "GET /products/37192628579 HTTP/1.1" 404 99755 "-" "Mozilla/5.0 (Linux; Android 6.0.1; Nexus 5X Build/MMB29P) AppleWebKit/537.36 (KHTML, like Gecko) Chrome/149.0.7827.200 Mobile Safari/537.36 (compatible; Googlebot/2.1; +http://www.google.com/bot.html)"
104.22.1.17 - - [30/Jun/2026:17:20:55 +0000] "GET /items/R471409323/ HTTP/1.1" 301 4154 "-" "meta-externalagent/1.1 (+https://developers.facebook.com/docs/sharing/webmasters/crawler)"
104.22.24.100 - - [30/Jun/2026:17:21:04 +0000] "GET /products/3128872060334 HTTP/1.1" 301 4159 "-" "meta-externalagent/1.1 (+https://developers.facebook.com/docs/sharing/webmasters/crawler)"
162.158.108.89 - - [30/Jun/2026:17:21:09 +0000] "POST /wp-cron.php?doing_wp_cron=1782840069.4746921062469482421875 HTTP/1.1" 200 4035 "-" "WordPress/7.0; https://www.simottodesign.com"
104.22.24.100 - - [30/Jun/2026:17:21:08 +0000] "GET /products/4095837011332 HTTP/1.1" 301 4159 "-" "meta-externalagent/1.1 (+https://developers.facebook.com/docs/sharing/webmasters/crawler)"
104.23.245.187 - - [30/Jun/2026:17:21:11 +0000] "GET /products/4865542601177 HTTP/1.1" 301 4159 "-" "meta-externalagent/1.1 (+https://developers.facebook.com/docs/sharing/webmasters/crawler)"
172.71.22.224 - - [30/Jun/2026:17:21:11 +0000] "GET /items/R473047580/ HTTP/1.1" 301 4154 "-" "meta-externalagent/1.1 (+https://developers.facebook.com/docs/sharing/webmasters/crawler)"
104.22.24.100 - - [30/Jun/2026:17:21:26 +0000] "GET /products/3294165033646 HTTP/1.1" 301 4159 "-" "meta-externalagent/1.1 (+https://developers.facebook.com/docs/sharing/webmasters/crawler)"
104.22.24.100 - - [30/Jun/2026:17:21:29 +0000] "GET /items/R472150330/ HTTP/1.1" 301 4154 "-" "meta-externalagent/1.1 (+https://developers.facebook.com/docs/sharing/webmasters/crawler)"
104.22.56.207 - - [30/Jun/2026:17:21:42 +0000] "GET /products/4260418568109 HTTP/1.1" 404 99757 "-" "meta-externalagent/1.1 (+https://developers.facebook.com/docs/sharing/webmasters/crawler)"
172.71.30.41 - - [30/Jun/2026:17:21:49 +0000] "GET /items/R472715475/ HTTP/1.1" 301 4154 "-" "meta-externalagent/1.1 (+https://developers.facebook.com/docs/sharing/webmasters/crawler)"
104.22.56.166 - - [30/Jun/2026:17:21:57 +0000] "GET /products/2110746084798 HTTP/1.1" 301 4159 "-" "meta-externalagent/1.1 (+https://developers.facebook.com/docs/sharing/webmasters/crawler)"
172.68.70.34 - - [30/Jun/2026:17:22:03 +0000] "GET /products/4221216450202 HTTP/1.1" 404 99757 "-" "meta-externalagent/1.1 (+https://developers.facebook.com/docs/sharing/webmasters/crawler)"
172.68.71.113 - - [30/Jun/2026:17:22:06 +0000] "GET /products/5657266196951 HTTP/1.1" 301 4159 "-" "meta-externalagent/1.1 (+https://developers.facebook.com/docs/sharing/webmasters/crawler)"
104.22.1.16 - - [30/Jun/2026:17:22:08 +0000] "GET /products/4929916120941 HTTP/1.1" 301 4159 "-" "meta-externalagent/1.1 (+https://developers.facebook.com/docs/sharing/webmasters/crawler)"
172.68.164.126 - - [30/Jun/2026:17:22:26 +0000] "POST /wp-cron.php?doing_wp_cron=1782840146.3816010951995849609375 HTTP/1.1" 200 4035 "-" "WordPress/7.0; https://www.simottodesign.com"
104.22.56.207 - - [30/Jun/2026:17:22:25 +0000] "GET /products/195893668423 HTTP/1.1" 404 99829 "-" "meta-externalagent/1.1 (+https://developers.facebook.com/docs/sharing/webmasters/crawler)"
172.68.71.113 - - [30/Jun/2026:17:22:25 +0000] "GET /products/4171473257713 HTTP/1.1" 301 4159 "-" "meta-externalagent/1.1 (+https://developers.facebook.com/docs/sharing/webmasters/crawler)"
104.22.1.16 - - [30/Jun/2026:17:22:27 +0000] "GET /products/4520936930774 HTTP/1.1" 301 4159 "-" "meta-externalagent/1.1 (+https://developers.facebook.com/docs/sharing/webmasters/crawler)"
172.71.23.122 - - [30/Jun/2026:17:22:28 +0000] "GET /products/5649812566272 HTTP/1.1" 404 99757 "-" "meta-externalagent/1.1 (+https://developers.facebook.com/docs/sharing/webmasters/crawler)"
172.71.30.41 - - [30/Jun/2026:17:22:35 +0000] "GET /products/548790954004 HTTP/1.1" 301 4158 "-" "meta-externalagent/1.1 (+https://developers.facebook.com/docs/sharing/webmasters/crawler)"
172.71.22.224 - - [30/Jun/2026:17:22:37 +0000] "GET /products/3408071675256 HTTP/1.1" 301 4159 "-" "meta-externalagent/1.1 (+https://developers.facebook.com/docs/sharing/webmasters/crawler)"
172.68.70.34 - - [30/Jun/2026:17:22:46 +0000] "GET /wp-sitemap-posts-portfolio-1.xml HTTP/1.1" 200 4311 "-" "meta-externalagent/1.1 (+https://developers.facebook.com/docs/sharing/webmasters/crawler)"
172.71.22.224 - - [30/Jun/2026:17:23:04 +0000] "GET /products/4784134117478 HTTP/1.1" 301 4159 "-" "meta-externalagent/1.1 (+https://developers.facebook.com/docs/sharing/webmasters/crawler)"
172.71.30.41 - - [30/Jun/2026:17:23:06 +0000] "GET /products/4772830182447 HTTP/1.1" 301 4159 "-" "meta-externalagent/1.1 (+https://developers.facebook.com/docs/sharing/webmasters/crawler)"
162.158.107.13 - - [30/Jun/2026:17:23:12 +0000] "POST /wp-cron.php?doing_wp_cron=1782840192.5979158878326416015625 HTTP/1.1" 200 4035 "-" "WordPress/7.0; https://www.simottodesign.com"
104.22.24.211 - - [30/Jun/2026:17:23:12 +0000] "GET /items/R476357498/ HTTP/1.1" 404 99752 "-" "meta-externalagent/1.1 (+https://developers.facebook.com/docs/sharing/webmasters/crawler)"
108.162.237.96 - - [30/Jun/2026:17:23:27 +0000] "GET /items/R472815797/ HTTP/1.1" 404 99752 "-" "meta-externalagent/1.1 (+https://developers.facebook.com/docs/sharing/webmasters/crawler)"
104.23.245.186 - - [30/Jun/2026:17:23:29 +0000] "GET /products/1750705358632 HTTP/1.1" 301 4159 "-" "meta-externalagent/1.1 (+https://developers.facebook.com/docs/sharing/webmasters/crawler)"
172.68.71.113 - - [30/Jun/2026:17:23:33 +0000] "GET /items/R476893025/ HTTP/1.1" 301 4154 "-" "meta-externalagent/1.1 (+https://developers.facebook.com/docs/sharing/webmasters/crawler)"
172.71.23.122 - - [30/Jun/2026:17:23:35 +0000] "GET /items/R472419580/ HTTP/1.1" 404 99752 "-" "meta-externalagent/1.1 (+https://developers.facebook.com/docs/sharing/webmasters/crawler)"
104.22.56.166 - - [30/Jun/2026:17:23:37 +0000] "GET /products/79077294151 HTTP/1.1" 301 4157 "-" "meta-externalagent/1.1 (+https://developers.facebook.com/docs/sharing/webmasters/crawler)"
104.22.24.101 - - [30/Jun/2026:17:23:40 +0000] "GET /items/R473538111/ HTTP/1.1" 301 4154 "-" "meta-externalagent/1.1 (+https://developers.facebook.com/docs/sharing/webmasters/crawler)"
108.162.238.59 - - [30/Jun/2026:17:23:43 +0000] "GET /products/1035258656778 HTTP/1.1" 301 4159 "-" "meta-externalagent/1.1 (+https://developers.facebook.com/docs/sharing/webmasters/crawler)"
172.69.70.64 - - [30/Jun/2026:17:23:54 +0000] "GET /items/R471452527/ HTTP/1.1" 301 4154 "-" "meta-externalagent/1.1 (+https://developers.facebook.com/docs/sharing/webmasters/crawler)"
104.22.56.166 - - [30/Jun/2026:17:23:55 +0000] "GET /products/571927355075 HTTP/1.1" 301 4158 "-" "meta-externalagent/1.1 (+https://developers.facebook.com/docs/sharing/webmasters/crawler)"
172.68.71.113 - - [30/Jun/2026:17:24:00 +0000] "GET /products/2230161426751 HTTP/1.1" 301 4159 "-" "meta-externalagent/1.1 (+https://developers.facebook.com/docs/sharing/webmasters/crawler)"
104.23.245.186 - - [30/Jun/2026:17:24:01 +0000] "GET /products/4658378135237 HTTP/1.1" 301 4159 "-" "meta-externalagent/1.1 (+https://developers.facebook.com/docs/sharing/webmasters/crawler)"
104.22.24.101 - - [30/Jun/2026:17:24:01 +0000] "GET /products/127082113052 HTTP/1.1" 301 4158 "-" "meta-externalagent/1.1 (+https://developers.facebook.com/docs/sharing/webmasters/crawler)"
172.71.30.41 - - [30/Jun/2026:17:24:06 +0000] "GET /products/5752148295072 HTTP/1.1" 301 4159 "-" "meta-externalagent/1.1 (+https://developers.facebook.com/docs/sharing/webmasters/crawler)"
104.22.24.101 - - [30/Jun/2026:17:24:07 +0000] "GET /products/743322378939 HTTP/1.1" 301 4158 "-" "meta-externalagent/1.1 (+https://developers.facebook.com/docs/sharing/webmasters/crawler)"
162.158.88.101 - - [30/Jun/2026:17:24:09 +0000] "POST /wp-cron.php?doing_wp_cron=1782840249.5472369194030761718750 HTTP/1.1" 200 4035 "-" "WordPress/7.0; https://www.simottodesign.com"
104.22.56.166 - - [30/Jun/2026:17:24:09 +0000] "GET /products/3998816309497 HTTP/1.1" 301 4159 "-" "meta-externalagent/1.1 (+https://developers.facebook.com/docs/sharing/webmasters/crawler)"
172.71.22.224 - - [30/Jun/2026:17:24:10 +0000] "GET /products/4077994200734 HTTP/1.1" 301 4159 "-" "meta-externalagent/1.1 (+https://developers.facebook.com/docs/sharing/webmasters/crawler)"
104.22.1.16 - - [30/Jun/2026:17:24:14 +0000] "GET /products/4453330853918 HTTP/1.1" 301 4159 "-" "meta-externalagent/1.1 (+https://developers.facebook.com/docs/sharing/webmasters/crawler)"
104.22.56.207 - - [30/Jun/2026:17:24:17 +0000] "GET /products/5039896182206 HTTP/1.1" 404 99757 "-" "meta-externalagent/1.1 (+https://developers.facebook.com/docs/sharing/webmasters/crawler)"
104.22.56.166 - - [30/Jun/2026:17:24:25 +0000] "GET /products/764715710640 HTTP/1.1" 301 4158 "-" "meta-externalagent/1.1 (+https://developers.facebook.com/docs/sharing/webmasters/crawler)"
104.22.24.101 - - [30/Jun/2026:17:24:27 +0000] "GET /products/1776348407471 HTTP/1.1" 301 4159 "-" "meta-externalagent/1.1 (+https://developers.facebook.com/docs/sharing/webmasters/crawler)"
172.71.23.122 - - [30/Jun/2026:17:24:29 +0000] "GET /products/1764785728449 HTTP/1.1" 404 99757 "-" "meta-externalagent/1.1 (+https://developers.facebook.com/docs/sharing/webmasters/crawler)"
172.68.71.113 - - [30/Jun/2026:17:24:32 +0000] "GET /items/R475231748/ HTTP/1.1" 301 4154 "-" "meta-externalagent/1.1 (+https://developers.facebook.com/docs/sharing/webmasters/crawler)"
172.71.22.224 - - [30/Jun/2026:17:24:33 +0000] "GET /products/1151300501626 HTTP/1.1" 301 4159 "-" "meta-externalagent/1.1 (+https://developers.facebook.com/docs/sharing/webmasters/crawler)"
104.22.56.207 - - [30/Jun/2026:17:24:34 +0000] "GET /products/492572772745 HTTP/1.1" 404 99756 "-" "meta-externalagent/1.1 (+https://developers.facebook.com/docs/sharing/webmasters/crawler)"
104.22.24.211 - - [30/Jun/2026:17:24:49 +0000] "GET /items/R474522693/ HTTP/1.1" 404 99752 "-" "meta-externalagent/1.1 (+https://developers.facebook.com/docs/sharing/webmasters/crawler)"
108.162.238.60 - - [30/Jun/2026:17:24:50 +0000] "GET /products/2917173091943 HTTP/1.1" 301 4159 "-" "meta-externalagent/1.1 (+https://developers.facebook.com/docs/sharing/webmasters/crawler)"
104.22.24.101 - - [30/Jun/2026:17:24:51 +0000] "GET /items/R474923845/ HTTP/1.1" 301 4154 "-" "meta-externalagent/1.1 (+https://developers.facebook.com/docs/sharing/webmasters/crawler)"
104.22.56.166 - - [30/Jun/2026:17:24:52 +0000] "GET /items/R471935045/ HTTP/1.1" 301 4154 "-" "meta-externalagent/1.1 (+https://developers.facebook.com/docs/sharing/webmasters/crawler)"
172.68.71.113 - - [30/Jun/2026:17:24:58 +0000] "GET /products/1210817728154 HTTP/1.1" 301 4159 "-" "meta-externalagent/1.1 (+https://developers.facebook.com/docs/sharing/webmasters/crawler)"
172.71.30.135 - - [30/Jun/2026:17:25:02 +0000] "GET /items/R471635641/ HTTP/1.1" 404 99752 "-" "meta-externalagent/1.1 (+https://developers.facebook.com/docs/sharing/webmasters/crawler)"
104.22.66.99 - - [30/Jun/2026:17:25:11 +0000] "POST /wp-cron.php?doing_wp_cron=1782840311.4587318897247314453125 HTTP/1.1" 200 4035 "-" "WordPress/7.0; https://www.simottodesign.com"
104.23.245.186 - - [30/Jun/2026:17:25:10 +0000] "GET /products/950673693660 HTTP/1.1" 301 4158 "-" "meta-externalagent/1.1 (+https://developers.facebook.com/docs/sharing/webmasters/crawler)"
104.23.245.186 - - [30/Jun/2026:17:25:14 +0000] "GET /items/R471215578/ HTTP/1.1" 301 4154 "-" "meta-externalagent/1.1 (+https://developers.facebook.com/docs/sharing/webmasters/crawler)"
104.22.1.16 - - [30/Jun/2026:17:25:17 +0000] "GET /products/4141137178063 HTTP/1.1" 301 4159 "-" "meta-externalagent/1.1 (+https://developers.facebook.com/docs/sharing/webmasters/crawler)"
172.71.30.40 - - [30/Jun/2026:17:25:18 +0000] "GET /products/1289201571043 HTTP/1.1" 301 4159 "-" "meta-externalagent/1.1 (+https://developers.facebook.com/docs/sharing/webmasters/crawler)"
172.71.22.224 - - [30/Jun/2026:17:25:21 +0000] "GET /products/1413561963363 HTTP/1.1" 301 4159 "-" "meta-externalagent/1.1 (+https://developers.facebook.com/docs/sharing/webmasters/crawler)"
172.71.30.135 - - [30/Jun/2026:17:25:29 +0000] "GET /products/1352404908279 HTTP/1.1" 404 99757 "-" "meta-externalagent/1.1 (+https://developers.facebook.com/docs/sharing/webmasters/crawler)"
104.22.24.101 - - [30/Jun/2026:17:25:31 +0000] "GET /products/2611118388002 HTTP/1.1" 301 4159 "-" "meta-externalagent/1.1 (+https://developers.facebook.com/docs/sharing/webmasters/crawler)"
104.22.24.101 - - [30/Jun/2026:17:25:32 +0000] "GET /items/R476895551/ HTTP/1.1" 301 4154 "-" "meta-externalagent/1.1 (+https://developers.facebook.com/docs/sharing/webmasters/crawler)"
108.162.238.60 - - [30/Jun/2026:17:25:42 +0000] "GET /products/3187888507030 HTTP/1.1" 301 4159 "-" "meta-externalagent/1.1 (+https://developers.facebook.com/docs/sharing/webmasters/crawler)"
172.68.71.113 - - [30/Jun/2026:17:25:49 +0000] "GET /products/3293553544382 HTTP/1.1" 301 4159 "-" "meta-externalagent/1.1 (+https://developers.facebook.com/docs/sharing/webmasters/crawler)"
104.23.245.186 - - [30/Jun/2026:17:25:54 +0000] "GET /products/2770090559825 HTTP/1.1" 301 4159 "-" "meta-externalagent/1.1 (+https://developers.facebook.com/docs/sharing/webmasters/crawler)"
108.162.238.60 - - [30/Jun/2026:17:26:05 +0000] "GET /products/3247182829458 HTTP/1.1" 301 4159 "-" "meta-externalagent/1.1 (+https://developers.facebook.com/docs/sharing/webmasters/crawler)"
104.22.1.16 - - [30/Jun/2026:17:26:06 +0000] "GET /items/R475792588/ HTTP/1.1" 301 4154 "-" "meta-externalagent/1.1 (+https://developers.facebook.com/docs/sharing/webmasters/crawler)"
104.22.1.16 - - [30/Jun/2026:17:26:07 +0000] "GET /items/R475647285/ HTTP/1.1" 301 4154 "-" "meta-externalagent/1.1 (+https://developers.facebook.com/docs/sharing/webmasters/crawler)"
172.70.208.127 - - [30/Jun/2026:17:26:15 +0000] "POST /wp-cron.php?doing_wp_cron=1782840375.0886991024017333984375 HTTP/1.1" 200 4035 "-" "WordPress/7.0; https://www.simottodesign.com"
108.162.238.60 - - [30/Jun/2026:17:26:14 +0000] "GET /items/R475785241/ HTTP/1.1" 301 4154 "-" "meta-externalagent/1.1 (+https://developers.facebook.com/docs/sharing/webmasters/crawler)"
162.159.120.161 - - [30/Jun/2026:17:26:16 +0000] "GET /products/2956719664091 HTTP/1.1" 404 99757 "-" "Mozilla/5.0 (Linux; Android 6.0.1; Nexus 5X Build/MMB29P) AppleWebKit/537.36 (KHTML, like Gecko) Chrome/149.0.7827.200 Mobile Safari/537.36 (compatible; Googlebot/2.1; +http://www.google.com/bot.html)"
104.22.1.200 - - [30/Jun/2026:17:26:52 +0000] "GET /items/R476309756/ HTTP/1.1" 404 99752 "-" "meta-externalagent/1.1 (+https://developers.facebook.com/docs/sharing/webmasters/crawler)"
104.22.56.166 - - [30/Jun/2026:17:26:55 +0000] "GET /items/R473953199/ HTTP/1.1" 301 4154 "-" "meta-externalagent/1.1 (+https://developers.facebook.com/docs/sharing/webmasters/crawler)"
104.22.56.167 - - [30/Jun/2026:17:26:55 +0000] "GET /products/4554609754681 HTTP/1.1" 301 4159 "-" "meta-externalagent/1.1 (+https://developers.facebook.com/docs/sharing/webmasters/crawler)"
172.69.70.65 - - [30/Jun/2026:17:27:06 +0000] "GET /items/R474172583/ HTTP/1.1" 301 4154 "-" "meta-externalagent/1.1 (+https://developers.facebook.com/docs/sharing/webmasters/crawler)"
172.70.143.212 - - [30/Jun/2026:17:27:09 +0000] "POST /wp-cron.php?doing_wp_cron=1782840429.0873320102691650390625 HTTP/1.1" 200 4035 "-" "WordPress/7.0; https://www.simottodesign.com"
104.22.56.166 - - [30/Jun/2026:17:27:08 +0000] "GET /products/3248070263156 HTTP/1.1" 301 4159 "-" "meta-externalagent/1.1 (+https://developers.facebook.com/docs/sharing/webmasters/crawler)"
172.69.70.65 - - [30/Jun/2026:17:27:11 +0000] "GET /products/1299844985818 HTTP/1.1" 301 4159 "-" "meta-externalagent/1.1 (+https://developers.facebook.com/docs/sharing/webmasters/crawler)"
172.68.71.114 - - [30/Jun/2026:17:27:13 +0000] "GET /products/5493408391586 HTTP/1.1" 301 4159 "-" "meta-externalagent/1.1 (+https://developers.facebook.com/docs/sharing/webmasters/crawler)"
172.68.71.114 - - [30/Jun/2026:17:27:14 +0000] "GET /products/4322862330422 HTTP/1.1" 301 4159 "-" "meta-externalagent/1.1 (+https://developers.facebook.com/docs/sharing/webmasters/crawler)"
104.23.245.33 - - [30/Jun/2026:17:27:14 +0000] "GET /products/4754287529893 HTTP/1.1" 404 99757 "-" "meta-externalagent/1.1 (+https://developers.facebook.com/docs/sharing/webmasters/crawler)"
172.71.22.224 - - [30/Jun/2026:17:27:22 +0000] "GET /products/4260354654220 HTTP/1.1" 301 4159 "-" "meta-externalagent/1.1 (+https://developers.facebook.com/docs/sharing/webmasters/crawler)"
104.23.245.186 - - [30/Jun/2026:17:27:26 +0000] "GET /products/961250362028 HTTP/1.1" 301 4158 "-" "meta-externalagent/1.1 (+https://developers.facebook.com/docs/sharing/webmasters/crawler)"
104.22.1.16 - - [30/Jun/2026:17:27:29 +0000] "GET /items/R472557841/ HTTP/1.1" 301 4154 "-" "meta-externalagent/1.1 (+https://developers.facebook.com/docs/sharing/webmasters/crawler)"
104.23.245.186 - - [30/Jun/2026:17:27:29 +0000] "GET /products/1411414941281 HTTP/1.1" 301 4159 "-" "meta-externalagent/1.1 (+https://developers.facebook.com/docs/sharing/webmasters/crawler)"
108.162.238.60 - - [30/Jun/2026:17:27:37 +0000] "GET /products/3222058793586 HTTP/1.1" 301 4159 "-" "meta-externalagent/1.1 (+https://developers.facebook.com/docs/sharing/webmasters/crawler)"
104.22.24.100 - - [30/Jun/2026:17:27:37 +0000] "GET /products/2872527838756 HTTP/1.1" 301 4159 "-" "meta-externalagent/1.1 (+https://developers.facebook.com/docs/sharing/webmasters/crawler)"
172.71.30.134 - - [30/Jun/2026:17:27:40 +0000] "GET /products/5708174870880 HTTP/1.1" 404 99757 "-" "meta-externalagent/1.1 (+https://developers.facebook.com/docs/sharing/webmasters/crawler)"
104.22.24.100 - - [30/Jun/2026:17:27:40 +0000] "GET /products/1419985334569 HTTP/1.1" 301 4159 "-" "meta-externalagent/1.1 (+https://developers.facebook.com/docs/sharing/webmasters/crawler)"
172.70.93.80 - - [30/Jun/2026:17:27:41 +0000] "POST /wp-login.php HTTP/1.1" 200 6414 "-" "Mozilla/5.0 (Windows NT 10.0; Win64; x64) AppleWebKit/537.36 Chrome/129.0.0.0 Safari/537.36"
104.23.245.186 - - [30/Jun/2026:17:27:44 +0000] "GET /products/126796464889 HTTP/1.1" 301 4158 "-" "meta-externalagent/1.1 (+https://developers.facebook.com/docs/sharing/webmasters/crawler)"
104.22.56.167 - - [30/Jun/2026:17:27:47 +0000] "GET /products/1428140807566 HTTP/1.1" 301 4159 "-" "meta-externalagent/1.1 (+https://developers.facebook.com/docs/sharing/webmasters/crawler)"
104.22.56.166 - - [30/Jun/2026:17:27:48 +0000] "GET /products/2108365922627 HTTP/1.1" 301 4159 "-" "meta-externalagent/1.1 (+https://developers.facebook.com/docs/sharing/webmasters/crawler)"
172.69.71.203 - - [30/Jun/2026:17:27:50 +0000] "GET /items/R476576455/ HTTP/1.1" 404 99752 "-" "meta-externalagent/1.1 (+https://developers.facebook.com/docs/sharing/webmasters/crawler)"
172.68.245.143 - - [30/Jun/2026:17:27:59 +0000] "GET /r/item/free-gift-with-purchase/460564516844102.html HTTP/1.1" 404 99781 "-" "Mozilla/5.0 AppleWebKit/537.36 (KHTML, like Gecko; compatible; bingbot/2.0; +http://www.bing.com/bingbot.htm) Chrome/116.0.1938.76 Safari/537.36"
108.162.238.60 - - [30/Jun/2026:17:28:03 +0000] "GET /items/R474424155/ HTTP/1.1" 301 4154 "-" "meta-externalagent/1.1 (+https://developers.facebook.com/docs/sharing/webmasters/crawler)"
104.22.56.167 - - [30/Jun/2026:17:28:04 +0000] "GET /products/5467784767203 HTTP/1.1" 301 4159 "-" "meta-externalagent/1.1 (+https://developers.facebook.com/docs/sharing/webmasters/crawler)"
104.22.66.99 - - [30/Jun/2026:17:28:25 +0000] "POST /wp-cron.php?doing_wp_cron=1782840505.0803649425506591796875 HTTP/1.1" 200 4035 "-" "WordPress/7.0; https://www.simottodesign.com"
172.69.70.64 - - [30/Jun/2026:17:28:24 +0000] "GET /products/3133479383726 HTTP/1.1" 301 4159 "-" "meta-externalagent/1.1 (+https://developers.facebook.com/docs/sharing/webmasters/crawler)"
104.22.24.211 - - [30/Jun/2026:17:28:28 +0000] "GET /products/4536204905164 HTTP/1.1" 404 99757 "-" "meta-externalagent/1.1 (+https://developers.facebook.com/docs/sharing/webmasters/crawler)"
104.23.245.186 - - [30/Jun/2026:17:28:31 +0000] "GET /items/R472648679/ HTTP/1.1" 301 4154 "-" "meta-externalagent/1.1 (+https://developers.facebook.com/docs/sharing/webmasters/crawler)"
104.22.24.100 - - [30/Jun/2026:17:28:36 +0000] "GET /products/3791033713139 HTTP/1.1" 301 4159 "-" "meta-externalagent/1.1 (+https://developers.facebook.com/docs/sharing/webmasters/crawler)"
104.22.56.166 - - [30/Jun/2026:17:28:38 +0000] "GET /products/239477138861 HTTP/1.1" 301 4158 "-" "meta-externalagent/1.1 (+https://developers.facebook.com/docs/sharing/webmasters/crawler)"
104.22.24.100 - - [30/Jun/2026:17:28:45 +0000] "GET /products/5337831761128 HTTP/1.1" 301 4159 "-" "meta-externalagent/1.1 (+https://developers.facebook.com/docs/sharing/webmasters/crawler)"
104.22.24.100 - - [30/Jun/2026:17:28:52 +0000] "GET /items/R476387949/ HTTP/1.1" 301 4154 "-" "meta-externalagent/1.1 (+https://developers.facebook.com/docs/sharing/webmasters/crawler)"
162.158.106.221 - - [30/Jun/2026:17:29:04 +0000] "GET /wp-login.php HTTP/1.1" 200 6261 "-" "Mozilla/5.0 (Windows NT 10.0; Win64; x64; rv:76.0) Gecko/20100101 Firefox/76.0"
104.22.1.17 - - [30/Jun/2026:17:29:05 +0000] "GET /products/3513203132881 HTTP/1.1" 301 4159 "-" "meta-externalagent/1.1 (+https://developers.facebook.com/docs/sharing/webmasters/crawler)"
162.158.107.13 - - [30/Jun/2026:17:29:05 +0000] "POST /wp-login.php HTTP/1.1" 302 5322 "-" "Mozilla/5.0 (Windows NT 10.0; Win64; x64; rv:76.0) Gecko/20100101 Firefox/76.0"
162.158.107.13 - - [30/Jun/2026:17:29:06 +0000] "GET /wp-login.php?redirect_to=https://www.simottodesign.com/wp-admin/&action=confirm_admin_email&wp_lang=en_US HTTP/1.1" 200 5858 "-" "Mozilla/5.0 (Windows NT 10.0; Win64; x64; rv:76.0) Gecko/20100101 Firefox/76.0"
162.158.107.13 - - [30/Jun/2026:17:29:06 +0000] "GET /wp-login.php?redirect_to=https://www.simottodesign.com/wp-admin/&action=confirm_admin_email&remind_me_later=297831fb67 HTTP/1.1" 302 4371 "-" "Mozilla/5.0 (Windows NT 10.0; Win64; x64; rv:76.0) Gecko/20100101 Firefox/76.0"
104.23.245.186 - - [30/Jun/2026:17:29:07 +0000] "GET /products/4895997431442 HTTP/1.1" 301 4159 "-" "meta-externalagent/1.1 (+https://developers.facebook.com/docs/sharing/webmasters/crawler)"
162.158.107.13 - - [30/Jun/2026:17:29:07 +0000] "GET /wp-admin/?admin_email_remind_later=1 HTTP/1.1" 200 70358 "-" "Mozilla/5.0 (Windows NT 10.0; Win64; x64; rv:76.0) Gecko/20100101 Firefox/76.0"
172.70.143.213 - - [30/Jun/2026:17:29:12 +0000] "POST /wp-cron.php?doing_wp_cron=1782840551.3851490020751953125000 HTTP/1.1" 200 4035 "-" "WordPress/7.0; https://www.simottodesign.com"
104.22.56.166 - - [30/Jun/2026:17:29:10 +0000] "GET /items/R475547877/ HTTP/1.1" 301 4154 "-" "meta-externalagent/1.1 (+https://developers.facebook.com/docs/sharing/webmasters/crawler)"
172.68.71.114 - - [30/Jun/2026:17:29:11 +0000] "GET /products/912890076056 HTTP/1.1" 301 4158 "-" "meta-externalagent/1.1 (+https://developers.facebook.com/docs/sharing/webmasters/crawler)"
162.158.107.13 - - [30/Jun/2026:17:29:12 +0000] "POST /wp-login.php HTTP/1.1" 302 5216 "-" "Mozilla/5.0 (Windows NT 10.0; Win64; x64; rv:76.0) Gecko/20100101 Firefox/76.0"
162.158.107.13 - - [30/Jun/2026:17:29:13 +0000] "GET /wp-admin/ HTTP/1.1" 200 69753 "-" "Mozilla/5.0 (Windows NT 10.0; Win64; x64; rv:76.0) Gecko/20100101 Firefox/76.0"
104.22.1.17 - - [30/Jun/2026:17:29:14 +0000] "GET /items/R471826162/ HTTP/1.1" 301 4154 "-" "meta-externalagent/1.1 (+https://developers.facebook.com/docs/sharing/webmasters/crawler)"
162.158.106.221 - - [30/Jun/2026:17:29:14 +0000] "GET /wp-admin/user-new.php HTTP/1.1" 302 4676 "-" "Mozilla/5.0 (Windows NT 10.0; Win64; x64; rv:76.0) Gecko/20100101 Firefox/76.0"
162.158.107.13 - - [30/Jun/2026:17:29:15 +0000] "GET /wp-login.php?redirect_to=https://simottodesign.com/wp-admin/user-new.php&reauth=1 HTTP/1.1" 200 8552 "-" "Mozilla/5.0 (Windows NT 10.0; Win64; x64; rv:76.0) Gecko/20100101 Firefox/76.0"
162.158.106.221 - - [30/Jun/2026:17:29:15 +0000] "GET /wp-admin/plugin-install.php?tab=upload HTTP/1.1" 403 4800 "-" "Mozilla/5.0 (Windows NT 10.0; Win64; x64; rv:76.0) Gecko/20100101 Firefox/76.0"
162.158.106.221 - - [30/Jun/2026:17:29:16 +0000] "GET /wp-admin/plugin-install.php?tab=upload HTTP/1.1" 403 4800 "-" "Mozilla/5.0 (Windows NT 10.0; Win64; x64; rv:76.0) Gecko/20100101 Firefox/76.0"
162.158.106.221 - - [30/Jun/2026:17:29:17 +0000] "GET /wp-admin/plugin-install.php?tab=upload HTTP/1.1" 403 4800 "-" "Mozilla/5.0 (Windows NT 10.0; Win64; x64; rv:76.0) Gecko/20100101 Firefox/76.0"
104.22.1.17 - - [30/Jun/2026:17:29:18 +0000] "GET /products/1249682005619 HTTP/1.1" 301 4159 "-" "meta-externalagent/1.1 (+https://developers.facebook.com/docs/sharing/webmasters/crawler)"
104.22.56.166 - - [30/Jun/2026:17:29:18 +0000] "GET /products/4734216419448 HTTP/1.1" 301 4159 "-" "meta-externalagent/1.1 (+https://developers.facebook.com/docs/sharing/webmasters/crawler)"
104.23.245.186 - - [30/Jun/2026:17:29:21 +0000] "GET /items/R472093793/ HTTP/1.1" 301 4154 "-" "meta-externalagent/1.1 (+https://developers.facebook.com/docs/sharing/webmasters/crawler)"
172.71.30.135 - - [30/Jun/2026:17:29:27 +0000] "GET /products/2242828219628 HTTP/1.1" 404 99757 "-" "meta-externalagent/1.1 (+https://developers.facebook.com/docs/sharing/webmasters/crawler)"
104.22.56.166 - - [30/Jun/2026:17:29:31 +0000] "GET /products/2000463751381 HTTP/1.1" 301 4159 "-" "meta-externalagent/1.1 (+https://developers.facebook.com/docs/sharing/webmasters/crawler)"
104.22.56.166 - - [30/Jun/2026:17:29:34 +0000] "GET /products/3871539521683 HTTP/1.1" 301 4159 "-" "meta-externalagent/1.1 (+https://developers.facebook.com/docs/sharing/webmasters/crawler)"
172.69.70.65 - - [30/Jun/2026:17:29:40 +0000] "GET /products/1738039264675 HTTP/1.1" 301 4159 "-" "meta-externalagent/1.1 (+https://developers.facebook.com/docs/sharing/webmasters/crawler)"
104.22.24.100 - - [30/Jun/2026:17:29:49 +0000] "GET /products/3440265798158 HTTP/1.1" 301 4159 "-" "meta-externalagent/1.1 (+https://developers.facebook.com/docs/sharing/webmasters/crawler)"
104.23.245.186 - - [30/Jun/2026:17:29:49 +0000] "GET /products/107916703664 HTTP/1.1" 301 4158 "-" "meta-externalagent/1.1 (+https://developers.facebook.com/docs/sharing/webmasters/crawler)"
172.69.70.65 - - [30/Jun/2026:17:29:50 +0000] "GET /products/3208818440130 HTTP/1.1" 301 4159 "-" "meta-externalagent/1.1 (+https://developers.facebook.com/docs/sharing/webmasters/crawler)"
172.71.22.224 - - [30/Jun/2026:17:29:56 +0000] "GET /products/2590470227653 HTTP/1.1" 301 4159 "-" "meta-externalagent/1.1 (+https://developers.facebook.com/docs/sharing/webmasters/crawler)"
104.22.1.17 - - [30/Jun/2026:17:30:00 +0000] "GET /products/921900798098 HTTP/1.1" 301 4158 "-" "meta-externalagent/1.1 (+https://developers.facebook.com/docs/sharing/webmasters/crawler)"
104.23.245.186 - - [30/Jun/2026:17:30:00 +0000] "GET /products/2699287209621 HTTP/1.1" 301 4159 "-" "meta-externalagent/1.1 (+https://developers.facebook.com/docs/sharing/webmasters/crawler)"
172.69.70.65 - - [30/Jun/2026:17:30:02 +0000] "GET /products/5307951314433 HTTP/1.1" 301 4159 "-" "meta-externalagent/1.1 (+https://developers.facebook.com/docs/sharing/webmasters/crawler)"
172.69.70.65 - - [30/Jun/2026:17:30:05 +0000] "GET /items/R471362496/ HTTP/1.1" 301 4154 "-" "meta-externalagent/1.1 (+https://developers.facebook.com/docs/sharing/webmasters/crawler)"
172.71.22.224 - - [30/Jun/2026:17:30:05 +0000] "GET /products/1827652033237 HTTP/1.1" 301 4159 "-" "meta-externalagent/1.1 (+https://developers.facebook.com/docs/sharing/webmasters/crawler)"
104.22.1.17 - - [30/Jun/2026:17:30:05 +0000] "GET /items/R475901627/ HTTP/1.1" 301 4154 "-" "meta-externalagent/1.1 (+https://developers.facebook.com/docs/sharing/webmasters/crawler)"
52.74.152.156 - - [30/Jun/2026:17:30:07 +0000] "GET / HTTP/1.1" 301 4025 "https://simottodesign.com/" "Mozilla/5.0 (Macintosh; Intel Mac OS X 14_4) AppleWebKit/537.36 (KHTML, like Gecko) Chrome/124.0.0.0 Safari/537.36"
52.74.152.156 - - [30/Jun/2026:17:30:07 +0000] "GET / HTTP/1.1" 200 29817 "https://www.simottodesign.com/" "Mozilla/5.0 (Macintosh; Intel Mac OS X 14_4) AppleWebKit/605.1.15 (KHTML, like Gecko) Version/17.4 Safari/605.1.15"
104.22.24.100 - - [30/Jun/2026:17:30:08 +0000] "GET /products/184797565361 HTTP/1.1" 301 4158 "-" "meta-externalagent/1.1 (+https://developers.facebook.com/docs/sharing/webmasters/crawler)"
104.23.245.186 - - [30/Jun/2026:17:30:14 +0000] "GET /products/5698949976435 HTTP/1.1" 301 4159 "-" "meta-externalagent/1.1 (+https://developers.facebook.com/docs/sharing/webmasters/crawler)"
172.69.165.82 - - [30/Jun/2026:17:30:15 +0000] "POST /wp-cron.php?doing_wp_cron=1782840615.1321160793304443359375 HTTP/1.1" 200 4035 "-" "WordPress/7.0; https://www.simottodesign.com"
172.68.71.114 - - [30/Jun/2026:17:30:14 +0000] "GET /products/1255103681036 HTTP/1.1" 301 4159 "-" "meta-externalagent/1.1 (+https://developers.facebook.com/docs/sharing/webmasters/crawler)"
172.71.22.224 - - [30/Jun/2026:17:30:19 +0000] "GET /products/2405487377588 HTTP/1.1" 301 4159 "-" "meta-externalagent/1.1 (+https://developers.facebook.com/docs/sharing/webmasters/crawler)"
108.162.238.59 - - [30/Jun/2026:17:30:20 +0000] "GET /items/R475281098/ HTTP/1.1" 301 4154 "-" "meta-externalagent/1.1 (+https://developers.facebook.com/docs/sharing/webmasters/crawler)"
172.71.30.135 - - [30/Jun/2026:17:30:21 +0000] "GET /products/3569196097282 HTTP/1.1" 404 99757 "-" "meta-externalagent/1.1 (+https://developers.facebook.com/docs/sharing/webmasters/crawler)"
172.71.30.40 - - [30/Jun/2026:17:30:31 +0000] "GET /products/4263362774470 HTTP/1.1" 301 4159 "-" "meta-externalagent/1.1 (+https://developers.facebook.com/docs/sharing/webmasters/crawler)"
172.68.71.114 - - [30/Jun/2026:17:30:35 +0000] "GET /products/844167854593 HTTP/1.1" 301 4158 "-" "meta-externalagent/1.1 (+https://developers.facebook.com/docs/sharing/webmasters/crawler)"
104.23.245.186 - - [30/Jun/2026:17:30:40 +0000] "GET /products/152296840431 HTTP/1.1" 301 4158 "-" "meta-externalagent/1.1 (+https://developers.facebook.com/docs/sharing/webmasters/crawler)"
172.68.71.114 - - [30/Jun/2026:17:30:47 +0000] "GET /items/R476114408/ HTTP/1.1" 301 4154 "-" "meta-externalagent/1.1 (+https://developers.facebook.com/docs/sharing/webmasters/crawler)"
104.22.24.100 - - [30/Jun/2026:17:30:49 +0000] "GET /products/2324259357276 HTTP/1.1" 301 4159 "-" "meta-externalagent/1.1 (+https://developers.facebook.com/docs/sharing/webmasters/crawler)"
104.22.1.17 - - [30/Jun/2026:17:30:57 +0000] "GET /products/3425724210429 HTTP/1.1" 301 4159 "-" "meta-externalagent/1.1 (+https://developers.facebook.com/docs/sharing/webmasters/crawler)"
172.69.70.65 - - [30/Jun/2026:17:31:02 +0000] "GET /items/R472436193/ HTTP/1.1" 301 4154 "-" "meta-externalagent/1.1 (+https://developers.facebook.com/docs/sharing/webmasters/crawler)"
172.71.81.167 - - [30/Jun/2026:17:31:05 +0000] "GET /robots.txt HTTP/1.1" 200 4182 "https://www.simottodesign.com/robots.txt" "Mozilla/5.0 (Windows NT 10.0; Win64; x64) AppleWebKit/537.36 (KHTML, like Gecko) Chrome/148.0.0.0 Safari/537.36"
172.71.124.201 - - [30/Jun/2026:17:31:10 +0000] "POST /wp-cron.php?doing_wp_cron=1782840670.8395009040832519531250 HTTP/1.1" 200 4035 "-" "WordPress/7.0; https://www.simottodesign.com"
104.22.24.100 - - [30/Jun/2026:17:31:10 +0000] "GET /products/2464449310596 HTTP/1.1" 301 4159 "-" "meta-externalagent/1.1 (+https://developers.facebook.com/docs/sharing/webmasters/crawler)"
104.22.1.201 - - [30/Jun/2026:17:31:14 +0000] "GET /products/3637642917945 HTTP/1.1" 404 99757 "-" "meta-externalagent/1.1 (+https://developers.facebook.com/docs/sharing/webmasters/crawler)"
108.162.238.59 - - [30/Jun/2026:17:31:21 +0000] "GET /products/2525194605986 HTTP/1.1" 301 4159 "-" "meta-externalagent/1.1 (+https://developers.facebook.com/docs/sharing/webmasters/crawler)"
104.22.24.100 - - [30/Jun/2026:17:31:24 +0000] "GET /items/R471991999/ HTTP/1.1" 301 4154 "-" "meta-externalagent/1.1 (+https://developers.facebook.com/docs/sharing/webmasters/crawler)"
172.71.30.40 - - [30/Jun/2026:17:31:29 +0000] "GET /items/R476207951/ HTTP/1.1" 301 4154 "-" "meta-externalagent/1.1 (+https://developers.facebook.com/docs/sharing/webmasters/crawler)"
108.162.238.60 - - [30/Jun/2026:17:31:32 +0000] "GET /products/4047269374357 HTTP/1.1" 301 4159 "-" "meta-externalagent/1.1 (+https://developers.facebook.com/docs/sharing/webmasters/crawler)"
172.71.22.225 - - [30/Jun/2026:17:31:35 +0000] "GET /products/1780381357333 HTTP/1.1" 301 4159 "-" "meta-externalagent/1.1 (+https://developers.facebook.com/docs/sharing/webmasters/crawler)"
104.22.24.100 - - [30/Jun/2026:17:31:35 +0000] "GET /products/5681205870738 HTTP/1.1" 301 4159 "-" "meta-externalagent/1.1 (+https://developers.facebook.com/docs/sharing/webmasters/crawler)"
162.158.42.195 - - [30/Jun/2026:17:31:41 +0000] "GET /products/237584841321 HTTP/1.1" 404 99756 "-" "Mozilla/5.0 (Linux; Android 6.0.1; Nexus 5X Build/MMB29P) AppleWebKit/537.36 (KHTML, like Gecko) Chrome/149.0.7827.200 Mobile Safari/537.36 (compatible; Googlebot/2.1; +http://www.google.com/bot.html)"
162.158.42.195 - - [30/Jun/2026:17:31:41 +0000] "GET /ctg/search/similarImageSearchResultView/?ctgItemCd=91988948 HTTP/1.1" 404 99789 "-" "Mozilla/5.0 (Linux; Android 6.0.1; Nexus 5X Build/MMB29P) AppleWebKit/537.36 (KHTML, like Gecko) Chrome/149.0.7827.200 Mobile Safari/537.36 (compatible; Googlebot/2.1; +http://www.google.com/bot.html)"
104.23.245.187 - - [30/Jun/2026:17:31:50 +0000] "GET /products/1113667486744 HTTP/1.1" 301 4159 "-" "meta-externalagent/1.1 (+https://developers.facebook.com/docs/sharing/webmasters/crawler)"
104.22.24.100 - - [30/Jun/2026:17:31:56 +0000] "GET /products/469883786812 HTTP/1.1" 301 4158 "-" "meta-externalagent/1.1 (+https://developers.facebook.com/docs/sharing/webmasters/crawler)"
104.22.56.166 - - [30/Jun/2026:17:32:00 +0000] "GET /items/R474355425/ HTTP/1.1" 301 4154 "-" "meta-externalagent/1.1 (+https://developers.facebook.com/docs/sharing/webmasters/crawler)"
104.22.100.19 - - [30/Jun/2026:17:32:02 +0000] "GET /products/3345841359796 HTTP/1.1" 301 4159 "-" "Mozilla/5.0 AppleWebKit/537.36 (KHTML, like Gecko; compatible; bingbot/2.0; +http://www.bing.com/bingbot.htm) Chrome/116.0.1938.76 Safari/537.36"
104.22.56.166 - - [30/Jun/2026:17:32:08 +0000] "GET /items/R476851258/ HTTP/1.1" 301 4154 "-" "meta-externalagent/1.1 (+https://developers.facebook.com/docs/sharing/webmasters/crawler)"
172.70.92.152 - - [30/Jun/2026:17:32:11 +0000] "POST /wp-cron.php?doing_wp_cron=1782840731.8910570144653320312500 HTTP/1.1" 200 4035 "-" "WordPress/7.0; https://www.simottodesign.com"
104.23.245.187 - - [30/Jun/2026:17:32:11 +0000] "GET /products/4947387068918 HTTP/1.1" 301 4159 "-" "meta-externalagent/1.1 (+https://developers.facebook.com/docs/sharing/webmasters/crawler)"
172.69.70.64 - - [30/Jun/2026:17:32:11 +0000] "GET /products/5524853788613 HTTP/1.1" 301 4159 "-" "meta-externalagent/1.1 (+https://developers.facebook.com/docs/sharing/webmasters/crawler)"
172.71.22.225 - - [30/Jun/2026:17:32:12 +0000] "GET /products/2334723064225 HTTP/1.1" 301 4159 "-" "meta-externalagent/1.1 (+https://developers.facebook.com/docs/sharing/webmasters/crawler)"
104.22.56.166 - - [30/Jun/2026:17:32:36 +0000] "GET /products/4672156240271 HTTP/1.1" 301 4159 "-" "meta-externalagent/1.1 (+https://developers.facebook.com/docs/sharing/webmasters/crawler)"
104.23.245.187 - - [30/Jun/2026:17:32:44 +0000] "GET /products/927543080708 HTTP/1.1" 301 4158 "-" "meta-externalagent/1.1 (+https://developers.facebook.com/docs/sharing/webmasters/crawler)"
104.22.24.100 - - [30/Jun/2026:17:32:46 +0000] "GET /products/914757347295 HTTP/1.1" 301 4158 "-" "meta-externalagent/1.1 (+https://developers.facebook.com/docs/sharing/webmasters/crawler)"
104.22.56.166 - - [30/Jun/2026:17:32:46 +0000] "GET /items/R472136808/ HTTP/1.1" 301 4154 "-" "meta-externalagent/1.1 (+https://developers.facebook.com/docs/sharing/webmasters/crawler)"
172.69.70.64 - - [30/Jun/2026:17:32:49 +0000] "GET /items/R476655045/ HTTP/1.1" 301 4154 "-" "meta-externalagent/1.1 (+https://developers.facebook.com/docs/sharing/webmasters/crawler)"
172.68.164.126 - - [30/Jun/2026:17:33:14 +0000] "POST /wp-cron.php?doing_wp_cron=1782840794.0287899971008300781250 HTTP/1.1" 200 4035 "-" "WordPress/7.0; https://www.simottodesign.com"
172.71.22.225 - - [30/Jun/2026:17:33:13 +0000] "GET /items/R472162114/ HTTP/1.1" 301 4154 "-" "meta-externalagent/1.1 (+https://developers.facebook.com/docs/sharing/webmasters/crawler)"
104.23.245.187 - - [30/Jun/2026:17:33:14 +0000] "GET /items/R473446233/ HTTP/1.1" 301 4154 "-" "meta-externalagent/1.1 (+https://developers.facebook.com/docs/sharing/webmasters/crawler)"
104.22.56.166 - - [30/Jun/2026:17:33:15 +0000] "GET /products/4533055263372 HTTP/1.1" 301 4159 "-" "meta-externalagent/1.1 (+https://developers.facebook.com/docs/sharing/webmasters/crawler)"
108.162.238.60 - - [30/Jun/2026:17:33:17 +0000] "GET /products/5450950669753 HTTP/1.1" 301 4159 "-" "meta-externalagent/1.1 (+https://developers.facebook.com/docs/sharing/webmasters/crawler)"
104.23.245.187 - - [30/Jun/2026:17:33:18 +0000] "GET /products/3816209704245 HTTP/1.1" 301 4159 "-" "meta-externalagent/1.1 (+https://developers.facebook.com/docs/sharing/webmasters/crawler)"
104.22.1.16 - - [30/Jun/2026:17:33:46 +0000] "GET /products/899754414907 HTTP/1.1" 301 4158 "-" "meta-externalagent/1.1 (+https://developers.facebook.com/docs/sharing/webmasters/crawler)"
104.22.1.16 - - [30/Jun/2026:17:33:47 +0000] "GET /products/2464840205599 HTTP/1.1" 301 4159 "-" "meta-externalagent/1.1 (+https://developers.facebook.com/docs/sharing/webmasters/crawler)"
104.22.56.166 - - [30/Jun/2026:17:33:51 +0000] "GET /products/3476426374051 HTTP/1.1" 301 4159 "-" "meta-externalagent/1.1 (+https://developers.facebook.com/docs/sharing/webmasters/crawler)"
172.71.30.41 - - [30/Jun/2026:17:33:55 +0000] "GET /items/R474747257/ HTTP/1.1" 301 4154 "-" "meta-externalagent/1.1 (+https://developers.facebook.com/docs/sharing/webmasters/crawler)"
104.23.245.187 - - [30/Jun/2026:17:33:56 +0000] "GET /products/4247433121526 HTTP/1.1" 301 4159 "-" "meta-externalagent/1.1 (+https://developers.facebook.com/docs/sharing/webmasters/crawler)"
172.70.143.212 - - [30/Jun/2026:17:34:22 +0000] "POST /wp-cron.php?doing_wp_cron=1782840861.5725450515747070312500 HTTP/1.1" 200 4035 "-" "WordPress/7.0; https://www.simottodesign.com"
